000
CDUS43 KARX 242132
CLIRST


CLIMATE REPORT
NATIONAL WEATHER SERVICE LA CROSSE WI
431 PM CDT SAT SEP 24 2016


...................................

...THE ROCHESTER MN CLIMATE SUMMARY FOR SEPTEMBER 24 2016...
VALID TODAY AS OF 0400 PM LOCAL TIME.

CLIMATE NORMAL PERIOD 1981 TO 2010
CLIMATE RECORD PERIOD 1886 TO 2016


WEATHER ITEM   OBSERVED TIME   RECORD YEAR NORMAL DEPARTURE LAST
                VALUE   (LST)  VALUE       VALUE  FROM      YEAR
                                                  NORMAL
..................................................................
TEMPERATURE (F)
 TODAY
  MAXIMUM         71    247 PM  88    1937  68      3       78
                                      1886
  MINIMUM         62    733 AM  27    1942  47     15       59
  AVERAGE         67                        57     10       69

PRECIPITATION (IN)
  TODAY            0.00          2.49 2007   0.12  -0.12      T
  MONTH TO DATE    8.96                      2.82   6.14     2.87
  SINCE SEP 1      8.96                      2.82   6.14     2.87
  SINCE JAN 1     37.23                     27.01  10.22    28.04

SNOWFALL (IN)
  TODAY            0.0           0.0  2012   0.0    0.0      0.0
  MONTH TO DATE    0.0                       0.0    0.0      0.0
  SINCE JUL 1      0.0                       0.0    0.0      0.0
  SNOW DEPTH       0

DEGREE DAYS
 HEATING
  TODAY            0                         9     -9        0
  MONTH TO DATE   24                       117    -93       55
  SINCE JUL 1     35                       155   -120      114

 COOLING
  TODAY            2                         1      1        4
  MONTH TO DATE   55                        49      6      118
  SINCE JAN 1    628                       574     54      493
..................................................................


WIND (MPH)
  HIGHEST WIND SPEED    18   HIGHEST WIND DIRECTION    SE (130)
  HIGHEST GUST SPEED    24   HIGHEST GUST DIRECTION    SE (150)
  AVERAGE WIND SPEED    12.7


SKY COVER
  POSSIBLE SUNSHINE  MM
  AVERAGE SKY COVER 1.0


WEATHER CONDITIONS
 THE FOLLOWING WEATHER WAS RECORDED TODAY.
  FOG


RELATIVE HUMIDITY (PERCENT)
 HIGHEST   100           700 AM
 LOWEST     84           100 PM
 AVERAGE    92

..........................................................


THE ROCHESTER MN CLIMATE NORMALS FOR TOMORROW
                         NORMAL    RECORD    YEAR
 MAXIMUM TEMPERATURE (F)   68        89      1956
 MINIMUM TEMPERATURE (F)   46        26      1893


SUNRISE AND SUNSET
SEPTEMBER 24 2016.....SUNRISE   700 AM CDT   SUNSET   703 PM CDT
SEPTEMBER 25 2016.....SUNRISE   701 AM CDT   SUNSET   701 PM CDT


-  INDICATES NEGATIVE NUMBERS.
R  INDICATES RECORD WAS SET OR TIED.
MM INDICATES DATA IS MISSING.
T  INDICATES TRACE AMOUNT.




$$
