000
CDUS43 KARX 182134
CLIRST


CLIMATE REPORT
NATIONAL WEATHER SERVICE LA CROSSE WI
433 PM CDT TUE APR 18 2017


...................................

...THE ROCHESTER MN CLIMATE SUMMARY FOR APRIL 18 2017...
VALID TODAY AS OF 0430 PM LOCAL TIME.

CLIMATE NORMAL PERIOD 1981 TO 2010
CLIMATE RECORD PERIOD 1886 TO 2017


WEATHER ITEM   OBSERVED TIME   RECORD YEAR NORMAL DEPARTURE LAST
                VALUE   (LST)  VALUE       VALUE  FROM      YEAR
                                                  NORMAL
..................................................................
TEMPERATURE (F)
 TODAY
  MAXIMUM         64    330 PM  89    1985  59      5       78
  MINIMUM         46    458 AM  16    1983  37      9       51
  AVERAGE         55                        48      7       65

PRECIPITATION (IN)
  TODAY            0.08          0.90 1930   0.11  -0.03     0.02
  MONTH TO DATE    2.03                      1.80   0.23     0.19
  SINCE MAR 1      4.90                      3.68   1.22     4.17
  SINCE JAN 1      8.68                      5.37   3.31     5.57

SNOWFALL (IN)
  TODAY            0.0           2.0  1939   0.1   -0.1      0.0
  MONTH TO DATE    T                         2.4   -2.4      0.5
  SINCE JUL 1     52.7                      51.0    1.7     47.9
  SNOW DEPTH       0

DEGREE DAYS
 HEATING
  TODAY           10                        17     -7        0
  MONTH TO DATE  284                       380    -96      365
  SINCE JUL 1   6365                      7252   -887     6380

 COOLING
  TODAY            0                         0      0        0
  MONTH TO DATE    0                         0      0        1
  SINCE JAN 1      0                         0      0        1
..................................................................


WIND (MPH)
  HIGHEST WIND SPEED    33   HIGHEST WIND DIRECTION     S (200)
  HIGHEST GUST SPEED    42   HIGHEST GUST DIRECTION    SW (210)
  AVERAGE WIND SPEED    17.2


SKY COVER
  POSSIBLE SUNSHINE  MM
  AVERAGE SKY COVER 0.3


WEATHER CONDITIONS
 THE FOLLOWING WEATHER WAS RECORDED TODAY.
  RAIN
  LIGHT RAIN
  FOG


RELATIVE HUMIDITY (PERCENT)
 HIGHEST    93           200 PM
 LOWEST     71          1200 AM
 AVERAGE    82

..........................................................


THE ROCHESTER MN CLIMATE NORMALS FOR TOMORROW
                         NORMAL    RECORD    YEAR
 MAXIMUM TEMPERATURE (F)   59        84      1985
 MINIMUM TEMPERATURE (F)   38        20      1988


SUNRISE AND SUNSET
APRIL 18 2017.........SUNRISE   621 AM CDT   SUNSET   758 PM CDT
APRIL 19 2017.........SUNRISE   620 AM CDT   SUNSET   759 PM CDT


-  INDICATES NEGATIVE NUMBERS.
R  INDICATES RECORD WAS SET OR TIED.
MM INDICATES DATA IS MISSING.
T  INDICATES TRACE AMOUNT.




$$
