086
CDUS43 KARX 260650
CLIRST


CLIMATE REPORT
NATIONAL WEATHER SERVICE LA CROSSE WI
149 AM CDT FRI MAY 26 2017

...THE ROCHESTER MN CLIMATE SUMMARY FOR MAY 25 2017...

CLIMATE NORMAL PERIOD 1981 TO 2010
CLIMATE RECORD PERIOD 1886 TO 2017

WEATHER ITEM   OBSERVED TIME   RECORD YEAR NORMAL DEPARTURE LAST
                VALUE   (LST)  VALUE       VALUE  FROM      YEAR
                                                  NORMAL
..................................................................
TEMPERATURE (F)
 YESTERDAY
  MAXIMUM         69    301 PM  89    1980  71     -2       74
  MINIMUM         45    441 AM  29    1934  50     -5       61
  AVERAGE         57                        61     -4       68

PRECIPITATION (IN)
  YESTERDAY        0.04          1.19 1953   0.12  -0.08     0.80
  MONTH TO DATE    3.06                      2.88   0.18     2.63
  SINCE MAR 1     10.48                      8.00   2.48     8.33
  SINCE JAN 1     14.26                      9.69   4.57     9.73

SNOWFALL (IN)
  YESTERDAY        0.0           0.0  2012   0.0    0.0      0.0
  MONTH TO DATE    0.0                       0.2   -0.2      0.0
  SINCE JUL 1     52.7                      52.1    0.6     47.9
  SNOW DEPTH       0

DEGREE DAYS
 HEATING
  YESTERDAY        8                         6      2        0
  MONTH TO DATE  254                       217     37      229
  SINCE JUL 1   6838                      7642   -804     6775

 COOLING
  YESTERDAY        0                         1     -1        3
  MONTH TO DATE   20                        18      2       29
  SINCE JAN 1     20                        22     -2       30
..................................................................

WIND (MPH)
  HIGHEST WIND SPEED    16   HIGHEST WIND DIRECTION    SE (150)
  HIGHEST GUST SPEED    22   HIGHEST GUST DIRECTION    SE (140)
  AVERAGE WIND SPEED     7.0

SKY COVER
  POSSIBLE SUNSHINE  MM
  AVERAGE SKY COVER 0.4

WEATHER CONDITIONS
 THE FOLLOWING WEATHER WAS RECORDED YESTERDAY.
  LIGHT RAIN
  FOG

RELATIVE HUMIDITY (PERCENT)
 HIGHEST   100           200 AM
 LOWEST     59           300 PM
 AVERAGE    80

..........................................................

THE ROCHESTER MN CLIMATE NORMALS FOR TODAY
                         NORMAL    RECORD    YEAR
 MAXIMUM TEMPERATURE (F)   72        91      1939
 MINIMUM TEMPERATURE (F)   51        31      1961

SUNRISE AND SUNSET
MAY 26 2017...........SUNRISE   534 AM CDT   SUNSET   841 PM CDT
MAY 27 2017...........SUNRISE   533 AM CDT   SUNSET   842 PM CDT

-  INDICATES NEGATIVE NUMBERS.
R  INDICATES RECORD WAS SET OR TIED.
MM INDICATES DATA IS MISSING.
T  INDICATES TRACE AMOUNT.

$$

BOYNE
