000
CDUS43 KARX 140634
CLIRST


CLIMATE REPORT
NATIONAL WEATHER SERVICE LA CROSSE WI
133 AM CDT MON AUG 14 2017


...................................

...THE ROCHESTER MN CLIMATE SUMMARY FOR AUGUST 13 2017...

CLIMATE NORMAL PERIOD 1981 TO 2010
CLIMATE RECORD PERIOD 1886 TO 2017


WEATHER ITEM   OBSERVED TIME   RECORD YEAR NORMAL DEPARTURE LAST
                VALUE   (LST)  VALUE       VALUE  FROM      YEAR
                                                  NORMAL
..................................................................
TEMPERATURE (F)
 YESTERDAY
  MAXIMUM         73    242 PM  96    1918  79     -6       79
  MINIMUM         52    605 AM  40    1933  60     -8       64
  AVERAGE         63                        70     -7       72

PRECIPITATION (IN)
  YESTERDAY        T             1.95 2010   0.15  -0.15     0.00
  MONTH TO DATE    2.35                      1.88   0.47     2.66
  SINCE JUN 1      8.41                     11.11  -2.70    13.50
  SINCE JAN 1     22.68                     21.55   1.13    25.19

SNOWFALL (IN)
  YESTERDAY        0.0           0.0  2012   0.0    0.0      0.0
  MONTH TO DATE    0.0                       0.0    0.0      0.0
  SINCE JUL 1      0.0                       0.0    0.0      0.0
  SNOW DEPTH       0

DEGREE DAYS
 HEATING
  YESTERDAY        2                         1      1        0
  MONTH TO DATE   16                        10      6        0
  SINCE JUL 1     17                        21     -4        4

 COOLING
  YESTERDAY        0                         5     -5        7
  MONTH TO DATE   13                        75    -62       98
  SINCE JAN 1    374                       446    -72      498
..................................................................


WIND (MPH)
  HIGHEST WIND SPEED    18   HIGHEST WIND DIRECTION     S (170)
  HIGHEST GUST SPEED    23   HIGHEST GUST DIRECTION     S (160)
  AVERAGE WIND SPEED     9.1


SKY COVER
  POSSIBLE SUNSHINE  MM
  AVERAGE SKY COVER 0.3


WEATHER CONDITIONS
 THE FOLLOWING WEATHER WAS RECORDED YESTERDAY.
  LIGHT RAIN


RELATIVE HUMIDITY (PERCENT)
 HIGHEST    97           900 PM
 LOWEST     61          1100 AM
 AVERAGE    79

..........................................................


THE ROCHESTER MN CLIMATE NORMALS FOR TODAY
                         NORMAL    RECORD    YEAR
 MAXIMUM TEMPERATURE (F)   79        91      1955
 MINIMUM TEMPERATURE (F)   60        37      1964


SUNRISE AND SUNSET
AUGUST 14 2017........SUNRISE   613 AM CDT   SUNSET   815 PM CDT
AUGUST 15 2017........SUNRISE   614 AM CDT   SUNSET   814 PM CDT


-  INDICATES NEGATIVE NUMBERS.
R  INDICATES RECORD WAS SET OR TIED.
MM INDICATES DATA IS MISSING.
T  INDICATES TRACE AMOUNT.




$$
