000
CDUS43 KARX 160639
CLIRST


CLIMATE REPORT
NATIONAL WEATHER SERVICE LA CROSSE WI
1238 AM CST TUE DEC 16 2014


...................................

...THE ROCHESTER MN CLIMATE SUMMARY FOR DECEMBER 15 2014...

CLIMATE NORMAL PERIOD 1981 TO 2010
CLIMATE RECORD PERIOD 1886 TO 2014


WEATHER ITEM   OBSERVED TIME   RECORD YEAR NORMAL DEPARTURE LAST
                VALUE   (LST)  VALUE       VALUE  FROM      YEAR
                                                  NORMAL
..................................................................
TEMPERATURE (F)
 YESTERDAY
  MAXIMUM         47    145 AM  52    1910  27     20        6
  MINIMUM         36   1159 PM -30    1919  12     24       -1
  AVERAGE         42                        19     23        3

PRECIPITATION (IN)
  YESTERDAY        0.19          1.12 1940   0.04   0.15      T
  MONTH TO DATE    0.20                      0.69  -0.49     0.57
  SINCE DEC 1      0.20                      0.69  -0.49     0.57
  SINCE JAN 1     33.21                     32.48   0.73    41.23

SNOWFALL (IN)
  YESTERDAY        0.0           4.2  1940   0.5   -0.5       T
  MONTH TO DATE    T                         6.4   -6.4      3.0
  SINCE JUL 1      9.2                      13.3   -4.1      4.3
  SNOW DEPTH       0

DEGREE DAYS
 HEATING
  YESTERDAY       23                        46    -23       62
  MONTH TO DATE  565                       645    -80      775
  SINCE JUL 1   2512                      2317    195     2468

 COOLING
  YESTERDAY        0                         0      0        0
  MONTH TO DATE    0                         0      0        0
  SINCE JAN 1    491                       585    -94      656
..................................................................


WIND (MPH)
  HIGHEST WIND SPEED    22   HIGHEST WIND DIRECTION     N (340)
  HIGHEST GUST SPEED    26   HIGHEST GUST DIRECTION     N (340)
  AVERAGE WIND SPEED     9.9


SKY COVER
  POSSIBLE SUNSHINE  MM
  AVERAGE SKY COVER 1.0


WEATHER CONDITIONS
 THE FOLLOWING WEATHER WAS RECORDED YESTERDAY.
  LIGHT RAIN
  FOG
  FOG W/VISIBILITY <= 1/4 MILE


RELATIVE HUMIDITY (PERCENT)
 HIGHEST   100          1200 AM
 LOWEST     92           900 AM
 AVERAGE    96

..........................................................


THE ROCHESTER MN CLIMATE NORMALS FOR TODAY
                         NORMAL    RECORD    YEAR
 MAXIMUM TEMPERATURE (F)   27        52      1959
                                             1939
                                             1913
 MINIMUM TEMPERATURE (F)   12       -26      1932


SUNRISE AND SUNSET
DECEMBER 16 2014......SUNRISE   738 AM CST   SUNSET   433 PM CST
DECEMBER 17 2014......SUNRISE   739 AM CST   SUNSET   433 PM CST


-  INDICATES NEGATIVE NUMBERS.
R  INDICATES RECORD WAS SET OR TIED.
MM INDICATES DATA IS MISSING.
T  INDICATES TRACE AMOUNT.




$$
