000
CDUS43 KARX 210805
CLIRST


CLIMATE REPORT
NATIONAL WEATHER SERVICE LA CROSSE WI
305 AM CDT TUE MAR 21 2017


...................................

...THE ROCHESTER MN CLIMATE SUMMARY FOR MARCH 20 2017...

CLIMATE NORMAL PERIOD 1981 TO 2010
CLIMATE RECORD PERIOD 1886 TO 2017


WEATHER ITEM   OBSERVED TIME   RECORD YEAR NORMAL DEPARTURE LAST
                VALUE   (LST)  VALUE       VALUE  FROM      YEAR
                                                  NORMAL
..................................................................
TEMPERATURE (F)
 YESTERDAY
  MAXIMUM         56    239 PM  72    1910  42     14       42
  MINIMUM         33    509 AM  -8    1965  26      7       26
  AVERAGE         45                        34     11       34

PRECIPITATION (IN)
  YESTERDAY        0.00          0.95 1888   0.06  -0.06     0.00
  MONTH TO DATE    1.44                      1.07   0.37     1.52
  SINCE MAR 1      1.44                      1.07   0.37     1.52
  SINCE JAN 1      5.22                      2.76   2.46     2.92

SNOWFALL (IN)
  YESTERDAY        0.0           5.0  1955   0.2   -0.2      0.0
  MONTH TO DATE    8.4                       6.3    2.1      4.3
  SINCE JUL 1     52.7                      46.2    6.5     36.8
  SNOW DEPTH       0

DEGREE DAYS
 HEATING
  YESTERDAY       20                        31    -11       31
  MONTH TO DATE  742                       704     38      536
  SINCE JUL 1   5786                      6565   -779     5736

 COOLING
  YESTERDAY        0                         0      0        0
  MONTH TO DATE    0                         0      0        0
  SINCE JAN 1      0                         0      0        0
..................................................................


WIND (MPH)
  HIGHEST WIND SPEED    22   HIGHEST WIND DIRECTION     N (20)
  HIGHEST GUST SPEED    25   HIGHEST GUST DIRECTION    NE (30)
  AVERAGE WIND SPEED    10.4


SKY COVER
  POSSIBLE SUNSHINE  MM
  AVERAGE SKY COVER 0.1


WEATHER CONDITIONS
 THE FOLLOWING WEATHER WAS RECORDED YESTERDAY.
  NO SIGNIFICANT WEATHER WAS OBSERVED.


RELATIVE HUMIDITY (PERCENT)
 HIGHEST    89           300 AM
 LOWEST     41           100 PM
 AVERAGE    65

..........................................................


THE ROCHESTER MN CLIMATE NORMALS FOR TODAY
                         NORMAL    RECORD    YEAR
 MAXIMUM TEMPERATURE (F)   43        70      1918
 MINIMUM TEMPERATURE (F)   26        -6      1965


SUNRISE AND SUNSET
MARCH 21 2017.........SUNRISE   711 AM CDT   SUNSET   724 PM CDT
MARCH 22 2017.........SUNRISE   709 AM CDT   SUNSET   725 PM CDT


-  INDICATES NEGATIVE NUMBERS.
R  INDICATES RECORD WAS SET OR TIED.
MM INDICATES DATA IS MISSING.
T  INDICATES TRACE AMOUNT.




$$
