796
CDUS43 KARX 210642
CLIRST


CLIMATE REPORT
NATIONAL WEATHER SERVICE LA CROSSE WI
140 AM CDT WED JUN 21 2017


...................................

...THE ROCHESTER MN CLIMATE SUMMARY FOR JUNE 20 2017...

CLIMATE NORMAL PERIOD 1981 TO 2010
CLIMATE RECORD PERIOD 1886 TO 2017


WEATHER ITEM   OBSERVED TIME   RECORD YEAR NORMAL DEPARTURE LAST
                VALUE   (LST)  VALUE       VALUE  FROM      YEAR
                                                  NORMAL
..................................................................
TEMPERATURE (F)
 YESTERDAY
  MAXIMUM         74    412 PM  99    1933  80     -6       78
  MINIMUM         54    322 AM  38    1992  59     -5       56
  AVERAGE         64                        69     -5       67

PRECIPITATION (IN)
  YESTERDAY        0.09          1.94 2012   0.15  -0.06     0.21
  MONTH TO DATE    2.03                      3.12  -1.09     3.87
  SINCE JUN 1      2.03                      3.12  -1.09     3.87
  SINCE JAN 1     16.30                     13.56   2.74    15.56

SNOWFALL (IN)
  YESTERDAY        0.0           0.0  2012   0.0    0.0      0.0
  MONTH TO DATE    0.0                       0.0    0.0      0.0
  SINCE JUL 1     52.7                      51.9    0.8     47.9
  SNOW DEPTH       0

DEGREE DAYS
 HEATING
  YESTERDAY        1                         1      0        0
  MONTH TO DATE    4                        46    -42       15
  SINCE JUL 1   6872                      7716   -844     6790

 COOLING
  YESTERDAY        0                         5     -5        2
  MONTH TO DATE  134                        70     64      101
  SINCE JAN 1    154                       104     50      149
..................................................................


WIND (MPH)
  HIGHEST WIND SPEED    18   HIGHEST WIND DIRECTION     N (340)
  HIGHEST GUST SPEED    23   HIGHEST GUST DIRECTION     N (350)
  AVERAGE WIND SPEED     7.3


SKY COVER
  POSSIBLE SUNSHINE  MM
  AVERAGE SKY COVER 0.3


WEATHER CONDITIONS
 THE FOLLOWING WEATHER WAS RECORDED YESTERDAY.
  THUNDERSTORM
  HEAVY RAIN
  LIGHT RAIN
  FOG


RELATIVE HUMIDITY (PERCENT)
 HIGHEST    93           300 AM
 LOWEST     41           300 PM
 AVERAGE    67

..........................................................


THE ROCHESTER MN CLIMATE NORMALS FOR TODAY
                         NORMAL    RECORD    YEAR
 MAXIMUM TEMPERATURE (F)   80        99      1988
 MINIMUM TEMPERATURE (F)   59        37      1992


SUNRISE AND SUNSET
JUNE 21 2017..........SUNRISE   528 AM CDT   SUNSET   856 PM CDT
JUNE 22 2017..........SUNRISE   528 AM CDT   SUNSET   856 PM CDT


-  INDICATES NEGATIVE NUMBERS.
R  INDICATES RECORD WAS SET OR TIED.
MM INDICATES DATA IS MISSING.
T  INDICATES TRACE AMOUNT.




$$
