000
CDUS43 KARX 280714
CLIRST


CLIMATE REPORT
NATIONAL WEATHER SERVICE LA CROSSE WI
207 AM CDT MON JUL 28 2014

...THE ROCHESTER MN CLIMATE SUMMARY FOR JULY 27 2014...

CLIMATE NORMAL PERIOD 1981 TO 2010
CLIMATE RECORD PERIOD 1886 TO 2014

WEATHER ITEM   OBSERVED TIME   RECORD YEAR NORMAL DEPARTURE LAST
                VALUE   (LST)  VALUE       VALUE  FROM      YEAR
                                                  NORMAL
..................................................................
TEMPERATURE (F)
 YESTERDAY
  MAXIMUM         75    345 PM 100    1931  81     -6       61
  MINIMUM         57   1159 PM  47    1920  61     -4       49
  AVERAGE         66                        71     -5       55

PRECIPITATION (IN)
  YESTERDAY        0.04          2.37 1935   0.14  -0.10     0.06
  MONTH TO DATE    2.07                      3.99  -1.92     2.14
  SINCE JUN 1      8.57                      8.67  -0.10     9.00
  SINCE JAN 1     19.90                     19.11   0.79    32.90

SNOWFALL (IN)
  YESTERDAY        0.0           0.0  2012   0.0    0.0      0.0
  MONTH TO DATE    0.0                       0.0    0.0      0.0
  SINCE JUL 1      0.0                       0.0    0.0      0.0
  SNOW DEPTH       0

DEGREE DAYS
 HEATING
  YESTERDAY        0                         0      0       10
  MONTH TO DATE   22                         0     22       13
  SINCE JUL 1     22                         0     22       13

 COOLING
  YESTERDAY        1                         6     -5        0
  MONTH TO DATE  101                       185    -84      223
  SINCE JAN 1    271                       349    -78      379
..................................................................

WIND (MPH)
  HIGHEST WIND SPEED    26   HIGHEST WIND DIRECTION    NW (330)
  HIGHEST GUST SPEED    34   HIGHEST GUST DIRECTION    NW (320)
  AVERAGE WIND SPEED    13.4

SKY COVER
  POSSIBLE SUNSHINE  MM
  AVERAGE SKY COVER 0.4

WEATHER CONDITIONS
 THE FOLLOWING WEATHER WAS RECORDED YESTERDAY.
  LIGHT RAIN

RELATIVE HUMIDITY (PERCENT)
 HIGHEST    87           200 AM
 LOWEST     57           500 PM
 AVERAGE    72
..........................................................

THE ROCHESTER MN CLIMATE NORMALS FOR TODAY
                         NORMAL    RECORD    YEAR
 MAXIMUM TEMPERATURE (F)   81       100      1955
 MINIMUM TEMPERATURE (F)   61        46      2013

SUNRISE AND SUNSET
JULY 28 2014..........SUNRISE   554 AM CDT   SUNSET   838 PM CDT
JULY 29 2014..........SUNRISE   555 AM CDT   SUNSET   837 PM CDT

-  INDICATES NEGATIVE NUMBERS.
R  INDICATES RECORD WAS SET OR TIED.
MM INDICATES DATA IS MISSING.
T  INDICATES TRACE AMOUNT.

$$

BOYNE
