000
CDUS43 KARX 110649
CLIRST


CLIMATE REPORT
NATIONAL WEATHER SERVICE LA CROSSE WI
1249 AM CST MON DEC 11 2017


...................................

...THE ROCHESTER MN CLIMATE SUMMARY FOR DECEMBER 10 2017...

CLIMATE NORMAL PERIOD 1981 TO 2010
CLIMATE RECORD PERIOD 1886 TO 2017


WEATHER ITEM   OBSERVED TIME   RECORD YEAR NORMAL DEPARTURE LAST
                VALUE   (LST)  VALUE       VALUE  FROM      YEAR
                                                  NORMAL
..................................................................
TEMPERATURE (F)
 YESTERDAY
  MAXIMUM         28    414 PM  58    1939  28      0       14
  MINIMUM         20   1030 PM -21    1919  14      6        2
  AVERAGE         24                        21      3        8

PRECIPITATION (IN)
  YESTERDAY        0.00          1.19 1911   0.05  -0.05     0.22
  MONTH TO DATE    0.08                      0.48  -0.40     0.62
  SINCE DEC 1      0.08                      0.48  -0.40     0.62
  SINCE JAN 1     32.26                     32.27  -0.01    42.10

SNOWFALL (IN)
  YESTERDAY        0.0           5.4  1970   0.5   -0.5      4.1
  MONTH TO DATE    0.8                       4.2   -3.4      7.4
  SINCE JUL 1      4.1                      11.1   -7.0      8.4
  SNOW DEPTH       T

DEGREE DAYS
 HEATING
  YESTERDAY       41                        44     -3       57
  MONTH TO DATE  367                       420    -53      415
  SINCE JUL 1   1945                      2092   -147     1550

 COOLING
  YESTERDAY        0                         0      0        0
  MONTH TO DATE    0                         0      0        0
  SINCE JAN 1    494                       585    -91      629
..................................................................


WIND (MPH)
  HIGHEST WIND SPEED    20   HIGHEST WIND DIRECTION     S (200)
  HIGHEST GUST SPEED    23   HIGHEST GUST DIRECTION     S (200)
  AVERAGE WIND SPEED    10.8


SKY COVER
  POSSIBLE SUNSHINE  MM
  AVERAGE SKY COVER 0.6


WEATHER CONDITIONS
 THE FOLLOWING WEATHER WAS RECORDED YESTERDAY.
  NO SIGNIFICANT WEATHER WAS OBSERVED.


RELATIVE HUMIDITY (PERCENT)
 HIGHEST   100           900 PM
 LOWEST     75           100 PM
 AVERAGE    88

..........................................................


THE ROCHESTER MN CLIMATE NORMALS FOR TODAY
                         NORMAL    RECORD    YEAR
 MAXIMUM TEMPERATURE (F)   28        54      1949
 MINIMUM TEMPERATURE (F)   13       -22      1934


SUNRISE AND SUNSET
DECEMBER 11 2017......SUNRISE   735 AM CST   SUNSET   432 PM CST
DECEMBER 12 2017......SUNRISE   735 AM CST   SUNSET   432 PM CST


-  INDICATES NEGATIVE NUMBERS.
R  INDICATES RECORD WAS SET OR TIED.
MM INDICATES DATA IS MISSING.
T  INDICATES TRACE AMOUNT.




$$
