145
CDUS43 KARX 240635
CLIRST


CLIMATE REPORT
NATIONAL WEATHER SERVICE LA CROSSE WI
135 AM CDT MON APR 24 2017


...................................

...THE ROCHESTER MN CLIMATE SUMMARY FOR APRIL 23 2017...

CLIMATE NORMAL PERIOD 1981 TO 2010
CLIMATE RECORD PERIOD 1886 TO 2017


WEATHER ITEM   OBSERVED TIME   RECORD YEAR NORMAL DEPARTURE LAST
                VALUE   (LST)  VALUE       VALUE  FROM      YEAR
                                                  NORMAL
..................................................................
TEMPERATURE (F)
 YESTERDAY
  MAXIMUM         70    413 PM  84    1960  61      9       68
  MINIMUM         42    553 AM  20    1956  39      3       40
                                      1930
                                      1910
  AVERAGE         56                        50      6       54

PRECIPITATION (IN)
  YESTERDAY        0.00          3.81 1990   0.12  -0.12     0.01
  MONTH TO DATE    3.49                      2.38   1.11     0.56
  SINCE MAR 1      6.36                      4.26   2.10     4.54
  SINCE JAN 1     10.14                      5.95   4.19     5.94

SNOWFALL (IN)
  YESTERDAY        0.0           1.1  1988   0.1   -0.1      0.0
  MONTH TO DATE    T                         2.9   -2.9      0.5
  SINCE JUL 1     52.7                      51.5    1.2     47.9
  SNOW DEPTH       0

DEGREE DAYS
 HEATING
  YESTERDAY        9                        15     -6       11
  MONTH TO DATE  364                       459    -95      421
  SINCE JUL 1   6445                      7331   -886     6436

 COOLING
  YESTERDAY        0                         0      0        0
  MONTH TO DATE    0                         0      0        1
  SINCE JAN 1      0                         0      0        1
..................................................................


WIND (MPH)
  HIGHEST WIND SPEED    20   HIGHEST WIND DIRECTION    SW (220)
  HIGHEST GUST SPEED    26   HIGHEST GUST DIRECTION    SW (210)
  AVERAGE WIND SPEED    10.0


SKY COVER
  POSSIBLE SUNSHINE  MM
  AVERAGE SKY COVER 0.0


WEATHER CONDITIONS
 THE FOLLOWING WEATHER WAS RECORDED YESTERDAY.
  NO SIGNIFICANT WEATHER WAS OBSERVED.


RELATIVE HUMIDITY (PERCENT)
 HIGHEST    76           500 AM
 LOWEST     23           400 PM
 AVERAGE    50

..........................................................


THE ROCHESTER MN CLIMATE NORMALS FOR TODAY
                         NORMAL    RECORD    YEAR
 MAXIMUM TEMPERATURE (F)   61        92      2009
 MINIMUM TEMPERATURE (F)   40        17      1956


SUNRISE AND SUNSET
APRIL 24 2017.........SUNRISE   612 AM CDT   SUNSET   805 PM CDT
APRIL 25 2017.........SUNRISE   610 AM CDT   SUNSET   806 PM CDT


-  INDICATES NEGATIVE NUMBERS.
R  INDICATES RECORD WAS SET OR TIED.
MM INDICATES DATA IS MISSING.
T  INDICATES TRACE AMOUNT.




$$
