000
CDUS43 KARX 170645
CLIRST


CLIMATE REPORT
NATIONAL WEATHER SERVICE LA CROSSE WI
1244 AM CST WED DEC 17 2014


...................................

...THE ROCHESTER MN CLIMATE SUMMARY FOR DECEMBER 16 2014...

CLIMATE NORMAL PERIOD 1981 TO 2010
CLIMATE RECORD PERIOD 1886 TO 2014


WEATHER ITEM   OBSERVED TIME   RECORD YEAR NORMAL DEPARTURE LAST
                VALUE   (LST)  VALUE       VALUE  FROM      YEAR
                                                  NORMAL
..................................................................
TEMPERATURE (F)
 YESTERDAY
  MAXIMUM         36   1200 AM  52    1959  27      9       21
                                      1939
                                      1913
  MINIMUM         18   1159 PM -26    1932  12      6        3
  AVERAGE         27                        19      8       12

PRECIPITATION (IN)
  YESTERDAY        T             0.60 1940   0.04  -0.04     0.15
  MONTH TO DATE    0.20                      0.73  -0.53     0.72
  SINCE DEC 1      0.20                      0.73  -0.53     0.72
  SINCE JAN 1     33.21                     32.52   0.69    41.38

SNOWFALL (IN)
  YESTERDAY        0.1           9.6  1940   0.4   -0.3      2.0
  MONTH TO DATE    0.1                       6.8   -6.7      5.0
  SINCE JUL 1      9.3                      13.7   -4.4      6.3
  SNOW DEPTH       0

DEGREE DAYS
 HEATING
  YESTERDAY       38                        46     -8       53
  MONTH TO DATE  603                       691    -88      828
  SINCE JUL 1   2550                      2363    187     2521

 COOLING
  YESTERDAY        0                         0      0        0
  MONTH TO DATE    0                         0      0        0
  SINCE JAN 1    491                       585    -94      656
..................................................................


WIND (MPH)
  HIGHEST WIND SPEED    30   HIGHEST WIND DIRECTION    NW (320)
  HIGHEST GUST SPEED    37   HIGHEST GUST DIRECTION    NW (330)
  AVERAGE WIND SPEED    20.4


SKY COVER
  POSSIBLE SUNSHINE  MM
  AVERAGE SKY COVER 1.0


WEATHER CONDITIONS
 THE FOLLOWING WEATHER WAS RECORDED YESTERDAY.
  LIGHT RAIN
  LT FREEZING RAIN
  LIGHT SNOW
  FOG


RELATIVE HUMIDITY (PERCENT)
 HIGHEST   100           100 AM
 LOWEST     73           600 PM
 AVERAGE    87

..........................................................


THE ROCHESTER MN CLIMATE NORMALS FOR TODAY
                         NORMAL    RECORD    YEAR
 MAXIMUM TEMPERATURE (F)   26        63      1939
 MINIMUM TEMPERATURE (F)   11       -22      1983
                                             1950


SUNRISE AND SUNSET
DECEMBER 17 2014......SUNRISE   739 AM CST   SUNSET   433 PM CST
DECEMBER 18 2014......SUNRISE   739 AM CST   SUNSET   434 PM CST


-  INDICATES NEGATIVE NUMBERS.
R  INDICATES RECORD WAS SET OR TIED.
MM INDICATES DATA IS MISSING.
T  INDICATES TRACE AMOUNT.




$$
