747
CDUS43 KARX 250644
CLIRST


CLIMATE REPORT
NATIONAL WEATHER SERVICE LA CROSSE WI
142 AM CDT THU AUG 25 2016


...................................

...THE ROCHESTER MN CLIMATE SUMMARY FOR AUGUST 24 2016...

CLIMATE NORMAL PERIOD 1981 TO 2010
CLIMATE RECORD PERIOD 1886 TO 2016


WEATHER ITEM   OBSERVED TIME   RECORD YEAR NORMAL DEPARTURE LAST
                VALUE   (LST)  VALUE       VALUE  FROM      YEAR
                                                  NORMAL
..................................................................
TEMPERATURE (F)
 YESTERDAY
  MAXIMUM         80    335 PM 100    1948  78      2       64
  MINIMUM         63   1159 PM  34    1934  59      4       49
  AVERAGE         72                        68      4       57

PRECIPITATION (IN)
  YESTERDAY        T             2.77 2006   0.15  -0.15     0.00
  MONTH TO DATE    5.74                      3.54   2.20     2.30
  SINCE JUN 1     16.58                     12.77   3.81    11.70
  SINCE JAN 1     28.27                     23.21   5.06    24.31

SNOWFALL (IN)
  YESTERDAY        0.0           0.0  2012   0.0    0.0      0.0
  MONTH TO DATE    0.0                       0.0    0.0      0.0
  SINCE JUL 1      0.0                       0.0    0.0      0.0
  SNOW DEPTH       0

DEGREE DAYS
 HEATING
  YESTERDAY        0                         1     -1        8
  MONTH TO DATE    4                        21    -17       25
  SINCE JUL 1      8                        32    -24       42

 COOLING
  YESTERDAY        7                         4      3        0
  MONTH TO DATE  148                       128     20       90
  SINCE JAN 1    548                       499     49      367
..................................................................


WIND (MPH)
  HIGHEST WIND SPEED    14   HIGHEST WIND DIRECTION    NW (310)
  HIGHEST GUST SPEED    20   HIGHEST GUST DIRECTION    NW (310)
  AVERAGE WIND SPEED     7.7


SKY COVER
  POSSIBLE SUNSHINE  MM
  AVERAGE SKY COVER 0.5


WEATHER CONDITIONS
 THE FOLLOWING WEATHER WAS RECORDED YESTERDAY.
  THUNDERSTORM
  LIGHT RAIN
  FOG


RELATIVE HUMIDITY (PERCENT)
 HIGHEST   100           400 AM
 LOWEST     64           400 PM
 AVERAGE    82

..........................................................


THE ROCHESTER MN CLIMATE NORMALS FOR TODAY
                         NORMAL    RECORD    YEAR
 MAXIMUM TEMPERATURE (F)   78        97      1948
 MINIMUM TEMPERATURE (F)   58        36      1958


SUNRISE AND SUNSET
AUGUST 25 2016........SUNRISE   626 AM CDT   SUNSET   757 PM CDT
AUGUST 26 2016........SUNRISE   627 AM CDT   SUNSET   755 PM CDT


-  INDICATES NEGATIVE NUMBERS.
R  INDICATES RECORD WAS SET OR TIED.
MM INDICATES DATA IS MISSING.
T  INDICATES TRACE AMOUNT.




$$
