000
CDUS43 KARX 220642
CLIRST


CLIMATE REPORT
NATIONAL WEATHER SERVICE LA CROSSE WI
142 AM CDT THU SEP 22 2016


...................................

...THE ROCHESTER MN CLIMATE SUMMARY FOR SEPTEMBER 21 2016...

CLIMATE NORMAL PERIOD 1981 TO 2010
CLIMATE RECORD PERIOD 1886 TO 2016


WEATHER ITEM   OBSERVED TIME   RECORD YEAR NORMAL DEPARTURE LAST
                VALUE   (LST)  VALUE       VALUE  FROM      YEAR
                                                  NORMAL
..................................................................
TEMPERATURE (F)
 YESTERDAY
  MAXIMUM         80    323 PM  94    1908  69     11       77
  MINIMUM         62   1258 AM  27    1918  48     14       51
  AVERAGE         71                        59     12       64

PRECIPITATION (IN)
  YESTERDAY        3.60R         1.38 1986   0.12   3.48     0.00
  MONTH TO DATE    8.25                      2.48   5.77     2.82
  SINCE SEP 1      8.25                      2.48   5.77     2.82
  SINCE JAN 1     36.52                     26.67   9.85    27.99

SNOWFALL (IN)
  YESTERDAY        0.0           0.0  2012   0.0    0.0      0.0
  MONTH TO DATE    0.0                       0.0    0.0      0.0
  SINCE JUL 1      0.0                       0.0    0.0      0.0
  SNOW DEPTH       0

DEGREE DAYS
 HEATING
  YESTERDAY        0                         7     -7        1
  MONTH TO DATE   23                        92    -69       55
  SINCE JUL 1     34                       130    -96      114

 COOLING
  YESTERDAY        6                         1      5        0
  MONTH TO DATE   50                        46      4      108
  SINCE JAN 1    623                       571     52      483
..................................................................


WIND (MPH)
  HIGHEST WIND SPEED    32   HIGHEST WIND DIRECTION     W (260)
  HIGHEST GUST SPEED    44   HIGHEST GUST DIRECTION     W (260)
  AVERAGE WIND SPEED    15.4


SKY COVER
  POSSIBLE SUNSHINE  MM
  AVERAGE SKY COVER 0.4


WEATHER CONDITIONS
 THE FOLLOWING WEATHER WAS RECORDED YESTERDAY.
  THUNDERSTORM
  HEAVY RAIN
  RAIN
  LIGHT RAIN
  FOG


RELATIVE HUMIDITY (PERCENT)
 HIGHEST   100          1000 PM
 LOWEST     62           400 PM
 AVERAGE    81

..........................................................


THE ROCHESTER MN CLIMATE NORMALS FOR TODAY
                         NORMAL    RECORD    YEAR
 MAXIMUM TEMPERATURE (F)   69        95      1908
 MINIMUM TEMPERATURE (F)   48        24      1974


SUNRISE AND SUNSET
SEPTEMBER 22 2016.....SUNRISE   658 AM CDT   SUNSET   706 PM CDT
SEPTEMBER 23 2016.....SUNRISE   659 AM CDT   SUNSET   705 PM CDT


-  INDICATES NEGATIVE NUMBERS.
R  INDICATES RECORD WAS SET OR TIED.
MM INDICATES DATA IS MISSING.
T  INDICATES TRACE AMOUNT.




$$
