000
CDUS43 KARX 260709
CLIRST


CLIMATE REPORT
NATIONAL WEATHER SERVICE LA CROSSE WI
208 AM CDT WED APR 26 2017


...................................

...THE ROCHESTER MN CLIMATE SUMMARY FOR APRIL 25 2017...

CLIMATE NORMAL PERIOD 1981 TO 2010
CLIMATE RECORD PERIOD 1886 TO 2017


WEATHER ITEM   OBSERVED TIME   RECORD YEAR NORMAL DEPARTURE LAST
                VALUE   (LST)  VALUE       VALUE  FROM      YEAR
                                                  NORMAL
..................................................................
TEMPERATURE (F)
 YESTERDAY
  MAXIMUM         65   1039 AM  87    1939  62      3       71
  MINIMUM         52    410 PM  17    1934  40     12       53
  AVERAGE         59                        51      8       62

PRECIPITATION (IN)
  YESTERDAY        0.24          2.40 1929   0.13   0.11     0.00
  MONTH TO DATE    3.73                      2.63   1.10     0.57
  SINCE MAR 1      6.60                      4.51   2.09     4.55
  SINCE JAN 1     10.38                      6.20   4.18     5.95

SNOWFALL (IN)
  YESTERDAY        0.0           1.7  1965   0.0    0.0      0.0
  MONTH TO DATE    T                         3.0   -3.0      0.5
  SINCE JUL 1     52.7                      51.6    1.1     47.9
  SNOW DEPTH       0

DEGREE DAYS
 HEATING
  YESTERDAY        6                        14     -8        3
  MONTH TO DATE  377                       488   -111      427
  SINCE JUL 1   6458                      7360   -902     6442

 COOLING
  YESTERDAY        0                         0      0        0
  MONTH TO DATE    0                         0      0        1
  SINCE JAN 1      0                         0      0        1
..................................................................


WIND (MPH)
  HIGHEST WIND SPEED    18   HIGHEST WIND DIRECTION     S (170)
  HIGHEST GUST SPEED    24   HIGHEST GUST DIRECTION     S (180)
  AVERAGE WIND SPEED    11.3


SKY COVER
  POSSIBLE SUNSHINE  MM
  AVERAGE SKY COVER 0.8


WEATHER CONDITIONS
 THE FOLLOWING WEATHER WAS RECORDED YESTERDAY.
  LIGHT RAIN
  FOG


RELATIVE HUMIDITY (PERCENT)
 HIGHEST   100           200 PM
 LOWEST     40          1200 AM
 AVERAGE    70

..........................................................


THE ROCHESTER MN CLIMATE NORMALS FOR TODAY
                         NORMAL    RECORD    YEAR
 MAXIMUM TEMPERATURE (F)   62        84      1962
 MINIMUM TEMPERATURE (F)   41        24      1930
                                             1919


SUNRISE AND SUNSET
APRIL 26 2017.........SUNRISE   609 AM CDT   SUNSET   807 PM CDT
APRIL 27 2017.........SUNRISE   607 AM CDT   SUNSET   809 PM CDT


-  INDICATES NEGATIVE NUMBERS.
R  INDICATES RECORD WAS SET OR TIED.
MM INDICATES DATA IS MISSING.
T  INDICATES TRACE AMOUNT.




$$
