000
CDUS43 KARX 270639
CLIRST


CLIMATE REPORT
NATIONAL WEATHER SERVICE LA CROSSE WI
1238 AM CST TUE JAN 27 2015


...................................

...THE ROCHESTER MN CLIMATE SUMMARY FOR JANUARY 26 2015...

CLIMATE NORMAL PERIOD 1981 TO 2010
CLIMATE RECORD PERIOD 1886 TO 2015


WEATHER ITEM   OBSERVED TIME   RECORD YEAR NORMAL DEPARTURE LAST
                VALUE   (LST)  VALUE       VALUE  FROM      YEAR
                                                  NORMAL
..................................................................
TEMPERATURE (F)
 YESTERDAY
  MAXIMUM         38    432 PM  52    2002  24     14       19
  MINIMUM         23    300 AM -30    1917   8     15       -6
  AVERAGE         31                        16     15        7

PRECIPITATION (IN)
  YESTERDAY        0.03          0.38 1916   0.03   0.00     0.06
  MONTH TO DATE    0.49                      0.72  -0.23     0.82
  SINCE DEC 1      1.51                      1.95  -0.44     1.92
  SINCE JAN 1      0.49                      0.72  -0.23     0.82

SNOWFALL (IN)
  YESTERDAY        0.3           7.2  1996   0.4   -0.1      1.3
  MONTH TO DATE    8.5                      10.0   -1.5     12.0
  SINCE JUL 1     25.9                      29.4   -3.5     26.4
  SNOW DEPTH       4

DEGREE DAYS
 HEATING
  YESTERDAY       34                        49    -15       58
  MONTH TO DATE 1279                      1287     -8     1482
  SINCE JUL 1   4499                      4365    134     4776

 COOLING
  YESTERDAY        0                         0      0        0
  MONTH TO DATE    0                         0      0        0
  SINCE JAN 1      0                         0      0        0
..................................................................


WIND (MPH)
  HIGHEST WIND SPEED    21   HIGHEST WIND DIRECTION    NW (310)
  HIGHEST GUST SPEED    26   HIGHEST GUST DIRECTION     S (190)
  AVERAGE WIND SPEED    14.0


SKY COVER
  POSSIBLE SUNSHINE  MM
  AVERAGE SKY COVER 0.9


WEATHER CONDITIONS
 THE FOLLOWING WEATHER WAS RECORDED YESTERDAY.
  LIGHT SNOW
  FOG


RELATIVE HUMIDITY (PERCENT)
 HIGHEST    92           800 AM
 LOWEST     76           100 PM
 AVERAGE    84

..........................................................


THE ROCHESTER MN CLIMATE NORMALS FOR TODAY
                         NORMAL    RECORD    YEAR
 MAXIMUM TEMPERATURE (F)   24        50      1919
 MINIMUM TEMPERATURE (F)    8       -26      1950
                                             1935


SUNRISE AND SUNSET
JANUARY 27 2015.......SUNRISE   732 AM CST   SUNSET   513 PM CST
JANUARY 28 2015.......SUNRISE   732 AM CST   SUNSET   515 PM CST


-  INDICATES NEGATIVE NUMBERS.
R  INDICATES RECORD WAS SET OR TIED.
MM INDICATES DATA IS MISSING.
T  INDICATES TRACE AMOUNT.




$$
