000
CDUS43 KARX 192132
CLIRST


CLIMATE REPORT
NATIONAL WEATHER SERVICE LA CROSSE WI
431 PM CDT SAT JUL 19 2014


...................................

...THE ROCHESTER MN CLIMATE SUMMARY FOR JULY 19 2014...
VALID TODAY AS OF 0400 PM LOCAL TIME.

CLIMATE NORMAL PERIOD 1981 TO 2010
CLIMATE RECORD PERIOD 1886 TO 2014


WEATHER ITEM   OBSERVED TIME   RECORD YEAR NORMAL DEPARTURE LAST
                VALUE   (LST)  VALUE       VALUE  FROM      YEAR
                                                  NORMAL
..................................................................
TEMPERATURE (F)
 TODAY
  MAXIMUM         77   1249 PM 102    1940  81     -4       83
  MINIMUM         62    530 AM  44    1929  61      1       65
  AVERAGE         70                        71     -1       74

PRECIPITATION (IN)
  TODAY            0.00          2.63 1950   0.15  -0.15     0.13
  MONTH TO DATE    1.58                      2.82  -1.24     1.55
  SINCE JUN 1      8.08                      7.50   0.58     8.41
  SINCE JAN 1     19.41                     17.94   1.47    32.31

SNOWFALL (IN)
  TODAY            0.0           0.0  2012   0.0    0.0      0.0
  MONTH TO DATE    0.0                       0.0    0.0      0.0
  SINCE JUL 1      0.0                       0.0    0.0      0.0
  SNOW DEPTH       0

DEGREE DAYS
 HEATING
  TODAY            0                         0      0        0
  MONTH TO DATE   22                         0     22        0
  SINCE JUL 1     22                         0     22        0

 COOLING
  TODAY            5                         7     -2        9
  MONTH TO DATE   45                       133    -88      194
  SINCE JAN 1    215                       297    -82      350
..................................................................


WIND (MPH)
  HIGHEST WIND SPEED    20   HIGHEST WIND DIRECTION     S (190)
  HIGHEST GUST SPEED    26   HIGHEST GUST DIRECTION    SW (220)
  AVERAGE WIND SPEED    11.1


SKY COVER
  POSSIBLE SUNSHINE  MM
  AVERAGE SKY COVER 0.6


WEATHER CONDITIONS
 THE FOLLOWING WEATHER WAS RECORDED TODAY.
  NO SIGNIFICANT WEATHER WAS OBSERVED.


RELATIVE HUMIDITY (PERCENT)
 HIGHEST    90           600 AM
 LOWEST     58           300 PM
 AVERAGE    74

..........................................................


THE ROCHESTER MN CLIMATE NORMALS FOR TOMORROW
                         NORMAL    RECORD    YEAR
 MAXIMUM TEMPERATURE (F)   81       100      1940
 MINIMUM TEMPERATURE (F)   61        47      1970


SUNRISE AND SUNSET
JULY 19 2014..........SUNRISE   545 AM CDT   SUNSET   847 PM CDT
JULY 20 2014..........SUNRISE   546 AM CDT   SUNSET   846 PM CDT


-  INDICATES NEGATIVE NUMBERS.
R  INDICATES RECORD WAS SET OR TIED.
MM INDICATES DATA IS MISSING.
T  INDICATES TRACE AMOUNT.




$$
