000
CDUS43 KARX 290735
CLIRST


CLIMATE REPORT
NATIONAL WEATHER SERVICE LA CROSSE WI
235 AM CDT FRI AUG 29 2014


...................................

...THE ROCHESTER MN CLIMATE SUMMARY FOR AUGUST 28 2014...

CLIMATE NORMAL PERIOD 1981 TO 2010
CLIMATE RECORD PERIOD 1886 TO 2014


WEATHER ITEM   OBSERVED TIME   RECORD YEAR NORMAL DEPARTURE LAST
                VALUE   (LST)  VALUE       VALUE  FROM      YEAR
                                                  NORMAL
..................................................................
TEMPERATURE (F)
 YESTERDAY
  MAXIMUM         67   1159 PM  96    1955  77    -10       86
  MINIMUM         57    428 AM  36    1893  58     -1       71
  AVERAGE         62                        68     -6       79

PRECIPITATION (IN)
  YESTERDAY        1.14          2.19 1979   0.14   1.00     0.00
  MONTH TO DATE    4.15                      4.10   0.05     1.80
  SINCE JUN 1     12.88                     13.33  -0.45    10.80
  SINCE JAN 1     24.21                     23.77   0.44    34.70

SNOWFALL (IN)
  YESTERDAY        0.0           0.0  2012   0.0    0.0      0.0
  MONTH TO DATE    0.0                       0.0    0.0      0.0
  SINCE JUL 1      0.0                       0.0    0.0      0.0
  SNOW DEPTH       0

DEGREE DAYS
 HEATING
  YESTERDAY        3                         1      2        0
  MONTH TO DATE    3                        25    -22       11
  SINCE JUL 1     25                        36    -11       34

 COOLING
  YESTERDAY        0                         4     -4       14
  MONTH TO DATE  157                       144     13      136
  SINCE JAN 1    437                       515    -78      521
..................................................................


WIND (MPH)
  HIGHEST WIND SPEED    16   HIGHEST WIND DIRECTION    SE (120)
  HIGHEST GUST SPEED    21   HIGHEST GUST DIRECTION     E (100)
  AVERAGE WIND SPEED     8.7


SKY COVER
  POSSIBLE SUNSHINE  MM
  AVERAGE SKY COVER 0.6


WEATHER CONDITIONS
 THE FOLLOWING WEATHER WAS RECORDED YESTERDAY.
  HEAVY RAIN
  RAIN
  LIGHT RAIN
  FOG


RELATIVE HUMIDITY (PERCENT)
 HIGHEST    93           100 AM
 LOWEST     87          1200 AM
 AVERAGE    90

..........................................................


THE ROCHESTER MN CLIMATE NORMALS FOR TODAY
                         NORMAL    RECORD    YEAR
 MAXIMUM TEMPERATURE (F)   77        92      2012
                                             1945
                                             1941
 MINIMUM TEMPERATURE (F)   57        34      1935


SUNRISE AND SUNSET
AUGUST 29 2014........SUNRISE   630 AM CDT   SUNSET   751 PM CDT
AUGUST 30 2014........SUNRISE   631 AM CDT   SUNSET   749 PM CDT


-  INDICATES NEGATIVE NUMBERS.
R  INDICATES RECORD WAS SET OR TIED.
MM INDICATES DATA IS MISSING.
T  INDICATES TRACE AMOUNT.




$$
