000
CDUS43 KARX 112146
CLIRST


CLIMATE REPORT
NATIONAL WEATHER SERVICE LA CROSSE WI
445 PM CDT MON SEP 11 2017


...................................

...THE ROCHESTER MN CLIMATE SUMMARY FOR SEPTEMBER 11 2017...
VALID TODAY AS OF 0400 PM LOCAL TIME.

CLIMATE NORMAL PERIOD 1981 TO 2010
CLIMATE RECORD PERIOD 1886 TO 2017


WEATHER ITEM   OBSERVED TIME   RECORD YEAR NORMAL DEPARTURE LAST
                VALUE   (LST)  VALUE       VALUE  FROM      YEAR
                                                  NORMAL
..................................................................
TEMPERATURE (F)
 TODAY
  MAXIMUM         79    259 PM  94    1931  73      6       76
  MINIMUM         53    605 AM  24    1917  53      0       50
  AVERAGE         66                        63      3       63

PRECIPITATION (IN)
  TODAY            0.00          1.47 1942   0.12  -0.12     0.00
  MONTH TO DATE    0.28                      1.34  -1.06     3.18
  SINCE SEP 1      0.28                      1.34  -1.06     3.18
  SINCE JAN 1     24.78                     25.53  -0.75    31.45

SNOWFALL (IN)
  TODAY            0.0           0.0  2012   0.0    0.0      0.0
  MONTH TO DATE    0.0                       0.0    0.0      0.0
  SINCE JUL 1      0.0                       0.0    0.0      0.0
  SNOW DEPTH       0

DEGREE DAYS
 HEATING
  TODAY            0                         4     -4        2
  MONTH TO DATE   51                        33     18       10
  SINCE JUL 1     92                        71     21       21

 COOLING
  TODAY            1                         2     -1        0
  MONTH TO DATE    3                        30    -27       30
  SINCE JAN 1    405                       555   -150      603
..................................................................


WIND (MPH)
  HIGHEST WIND SPEED    17   HIGHEST WIND DIRECTION     S (190)
  HIGHEST GUST SPEED    22   HIGHEST GUST DIRECTION     S (200)
  AVERAGE WIND SPEED    12.4


SKY COVER
  POSSIBLE SUNSHINE  MM
  AVERAGE SKY COVER 0.1


WEATHER CONDITIONS
 THE FOLLOWING WEATHER WAS RECORDED TODAY.
  NO SIGNIFICANT WEATHER WAS OBSERVED.


RELATIVE HUMIDITY (PERCENT)
 HIGHEST    83           400 AM
 LOWEST     54           300 PM
 AVERAGE    69

..........................................................


THE ROCHESTER MN CLIMATE NORMALS FOR TOMORROW
                         NORMAL    RECORD    YEAR
 MAXIMUM TEMPERATURE (F)   73        94      1948
 MINIMUM TEMPERATURE (F)   52        30      1955


SUNRISE AND SUNSET
SEPTEMBER 11 2017.....SUNRISE   645 AM CDT   SUNSET   727 PM CDT
SEPTEMBER 12 2017.....SUNRISE   646 AM CDT   SUNSET   725 PM CDT


-  INDICATES NEGATIVE NUMBERS.
R  INDICATES RECORD WAS SET OR TIED.
MM INDICATES DATA IS MISSING.
T  INDICATES TRACE AMOUNT.




$$
