000
CDUS43 KARX 020649
CLIRST


CLIMATE REPORT
NATIONAL WEATHER SERVICE LA CROSSE WI
148 AM CDT THU JUL 2 2015


...................................

...THE ROCHESTER MN CLIMATE SUMMARY FOR JULY 1 2015...

CLIMATE NORMAL PERIOD 1981 TO 2010
CLIMATE RECORD PERIOD 1886 TO 2015


WEATHER ITEM   OBSERVED TIME   RECORD YEAR NORMAL DEPARTURE LAST
                VALUE   (LST)  VALUE       VALUE  FROM      YEAR
                                                  NORMAL
..................................................................
TEMPERATURE (F)
 YESTERDAY
  MAXIMUM         65    528 PM  97    1911  82    -17       73
                                      1910
  MINIMUM         53    535 AM  44    1948  61     -8       55
  AVERAGE         59                        71    -12       64

PRECIPITATION (IN)
  YESTERDAY        T             1.31 1961   0.14  -0.14     0.03
  MONTH TO DATE    T                         0.14  -0.14     0.03
  SINCE JUN 1      4.46                      4.82  -0.36     7.30
  SINCE JAN 1     17.07                     15.26   1.81    18.63

SNOWFALL (IN)
  YESTERDAY        0.0           0.0  2012   0.0    0.0      0.0
  MONTH TO DATE    0.0                       0.0    0.0      0.0
  SINCE JUL 1      0.0                       0.0    0.0      0.0
  SNOW DEPTH       0

DEGREE DAYS
 HEATING
  YESTERDAY        6                         0      6        1
  MONTH TO DATE    6                         0      6        1
  SINCE JUL 1      6                         0      6        1

 COOLING
  YESTERDAY        0                         7     -7        0
  MONTH TO DATE    0                         7     -7        0
  SINCE JAN 1    113                       171    -58      170
..................................................................


WIND (MPH)
  HIGHEST WIND SPEED    12   HIGHEST WIND DIRECTION     E (100)
  HIGHEST GUST SPEED    16   HIGHEST GUST DIRECTION     E (110)
  AVERAGE WIND SPEED     5.4


SKY COVER
  POSSIBLE SUNSHINE  MM
  AVERAGE SKY COVER 0.1


WEATHER CONDITIONS
 THE FOLLOWING WEATHER WAS RECORDED YESTERDAY.
  LIGHT RAIN


RELATIVE HUMIDITY (PERCENT)
 HIGHEST    89           400 AM
 LOWEST     63           600 PM
 AVERAGE    76

..........................................................


THE ROCHESTER MN CLIMATE NORMALS FOR TODAY
                         NORMAL    RECORD    YEAR
 MAXIMUM TEMPERATURE (F)   82        98      1911
 MINIMUM TEMPERATURE (F)   61        44      1929


SUNRISE AND SUNSET
JULY  2 2015..........SUNRISE   532 AM CDT   SUNSET   856 PM CDT
JULY  3 2015..........SUNRISE   532 AM CDT   SUNSET   856 PM CDT


-  INDICATES NEGATIVE NUMBERS.
R  INDICATES RECORD WAS SET OR TIED.
MM INDICATES DATA IS MISSING.
T  INDICATES TRACE AMOUNT.




$$
