000
CDUS43 KARX 190653
CLIRST


CLIMATE REPORT
NATIONAL WEATHER SERVICE LA CROSSE WI
152 AM CDT MON JUN 19 2017


...................................

...THE ROCHESTER MN CLIMATE SUMMARY FOR JUNE 18 2017...

CLIMATE NORMAL PERIOD 1981 TO 2010
CLIMATE RECORD PERIOD 1886 TO 2017


WEATHER ITEM   OBSERVED TIME   RECORD YEAR NORMAL DEPARTURE LAST
                VALUE   (LST)  VALUE       VALUE  FROM      YEAR
                                                  NORMAL
..................................................................
TEMPERATURE (F)
 YESTERDAY
  MAXIMUM         72    253 PM  94    1953  79     -7       84
  MINIMUM         58   1155 PM  41    1892  58      0       67
  AVERAGE         65                        69     -4       76

PRECIPITATION (IN)
  YESTERDAY        0.06          1.90 1915   0.16  -0.10     0.00
  MONTH TO DATE    1.94                      2.80  -0.86     3.66
  SINCE JUN 1      1.94                      2.80  -0.86     3.66
  SINCE JAN 1     16.21                     13.24   2.97    15.35

SNOWFALL (IN)
  YESTERDAY        0.0           0.0  2012   0.0    0.0      0.0
  MONTH TO DATE    0.0                       0.0    0.0      0.0
  SINCE JUL 1     52.7                      51.9    0.8     47.9
  SNOW DEPTH       0

DEGREE DAYS
 HEATING
  YESTERDAY        0                         1     -1        0
  MONTH TO DATE    2                        44    -42       15
  SINCE JUL 1   6870                      7714   -844     6790

 COOLING
  YESTERDAY        0                         5     -5       11
  MONTH TO DATE  134                        60     74       87
  SINCE JAN 1    154                        94     60      135
..................................................................


WIND (MPH)
  HIGHEST WIND SPEED    23   HIGHEST WIND DIRECTION     W (280)
  HIGHEST GUST SPEED    30   HIGHEST GUST DIRECTION     W (270)
  AVERAGE WIND SPEED    12.6


SKY COVER
  POSSIBLE SUNSHINE  MM
  AVERAGE SKY COVER 0.6


WEATHER CONDITIONS
 THE FOLLOWING WEATHER WAS RECORDED YESTERDAY.
  RAIN
  LIGHT RAIN
  FOG


RELATIVE HUMIDITY (PERCENT)
 HIGHEST   100           300 AM
 LOWEST     61           300 PM
 AVERAGE    81

..........................................................


THE ROCHESTER MN CLIMATE NORMALS FOR TODAY
                         NORMAL    RECORD    YEAR
 MAXIMUM TEMPERATURE (F)   79        97      1953
                                             1913
 MINIMUM TEMPERATURE (F)   59        42      1916


SUNRISE AND SUNSET
JUNE 19 2017..........SUNRISE   527 AM CDT   SUNSET   856 PM CDT
JUNE 20 2017..........SUNRISE   527 AM CDT   SUNSET   856 PM CDT


-  INDICATES NEGATIVE NUMBERS.
R  INDICATES RECORD WAS SET OR TIED.
MM INDICATES DATA IS MISSING.
T  INDICATES TRACE AMOUNT.




$$
