000
CDUS43 KARX 090644
CLIRST


CLIMATE REPORT
NATIONAL WEATHER SERVICE LA CROSSE WI
1243 AM CST TUE FEB 9 2016


...................................

...THE ROCHESTER MN CLIMATE SUMMARY FOR FEBRUARY 8 2016...

CLIMATE NORMAL PERIOD 1981 TO 2010
CLIMATE RECORD PERIOD 1886 TO 2016


WEATHER ITEM   OBSERVED TIME   RECORD YEAR NORMAL DEPARTURE LAST
                VALUE   (LST)  VALUE       VALUE  FROM      YEAR
                                                  NORMAL
..................................................................
TEMPERATURE (F)
 YESTERDAY
  MAXIMUM         17   1209 AM  49    2002  26     -9       31
  MINIMUM         11   1159 PM -27    1933  10      1       25
  AVERAGE         14                        18     -4       28

PRECIPITATION (IN)
  YESTERDAY        0.03          0.78 1966   0.03   0.00     0.02
  MONTH TO DATE    0.56                      0.21   0.35     0.35
  SINCE DEC 1      4.52                      2.30   2.22     2.08
  SINCE JAN 1      1.31                      1.07   0.24     1.06

SNOWFALL (IN)
  YESTERDAY        0.6           6.0  2010   0.3    0.3      0.0
  MONTH TO DATE    9.5                       2.7    6.8      6.3
  SINCE JUL 1     30.9                      34.1   -3.2     33.7
  SNOW DEPTH      11

DEGREE DAYS
 HEATING
  YESTERDAY       51                        47      4       37
  MONTH TO DATE  356                       381    -25      427
  SINCE JUL 1   4333                      4989   -656     5128

 COOLING
  YESTERDAY        0                         0      0        0
  MONTH TO DATE    0                         0      0        0
  SINCE JAN 1      0                         0      0        0
..................................................................


WIND (MPH)
  HIGHEST WIND SPEED    30   HIGHEST WIND DIRECTION    NW (320)
  HIGHEST GUST SPEED    36   HIGHEST GUST DIRECTION    NW (320)
  AVERAGE WIND SPEED    22.9


SKY COVER
  POSSIBLE SUNSHINE  MM
  AVERAGE SKY COVER 1.0


WEATHER CONDITIONS
 THE FOLLOWING WEATHER WAS RECORDED YESTERDAY.
  SNOW
  LIGHT SNOW
  FOG
  BLOWING SNOW


RELATIVE HUMIDITY (PERCENT)
 HIGHEST    84           400 AM
 LOWEST     70          1000 AM
 AVERAGE    77

..........................................................


THE ROCHESTER MN CLIMATE NORMALS FOR TODAY
                         NORMAL    RECORD    YEAR
 MAXIMUM TEMPERATURE (F)   26        49      1966
                                             1954
 MINIMUM TEMPERATURE (F)   10       -31      1888


SUNRISE AND SUNSET
FEBRUARY  9 2016......SUNRISE   718 AM CST   SUNSET   531 PM CST
FEBRUARY 10 2016......SUNRISE   717 AM CST   SUNSET   532 PM CST


-  INDICATES NEGATIVE NUMBERS.
R  INDICATES RECORD WAS SET OR TIED.
MM INDICATES DATA IS MISSING.
T  INDICATES TRACE AMOUNT.




$$
