000
CDUS43 KARX 120653
CLIRST


CLIMATE REPORT
NATIONAL WEATHER SERVICE LA CROSSE WI
1253 AM CST SUN FEB 12 2017


...................................

...THE ROCHESTER MN CLIMATE SUMMARY FOR FEBRUARY 11 2017...

CLIMATE NORMAL PERIOD 1981 TO 2010
CLIMATE RECORD PERIOD 1886 TO 2017


WEATHER ITEM   OBSERVED TIME   RECORD YEAR NORMAL DEPARTURE LAST
                VALUE   (LST)  VALUE       VALUE  FROM      YEAR
                                                  NORMAL
..................................................................
TEMPERATURE (F)
 YESTERDAY
  MAXIMUM         43   1121 AM  55    1961  27     16       12
  MINIMUM         34    901 PM -25    1929  11     23       -2
  AVERAGE         39                        19     20        5

PRECIPITATION (IN)
  YESTERDAY        T             0.94 1984   0.03  -0.03      T
  MONTH TO DATE    0.01                      0.29  -0.28     0.56
  SINCE DEC 1      4.20                      2.38   1.82     4.52
  SINCE JAN 1      2.13                      1.15   0.98     1.31

SNOWFALL (IN)
  YESTERDAY        0.0           5.6  1965   0.3   -0.3       T
  MONTH TO DATE    0.2                       3.6   -3.4      9.5
  SINCE JUL 1     34.1                      35.0   -0.9     30.9
  SNOW DEPTH       6

DEGREE DAYS
 HEATING
  YESTERDAY       26                        46    -20       60
  MONTH TO DATE  505                       520    -15      534
  SINCE JUL 1   4508                      5128   -620     4511

 COOLING
  YESTERDAY        0                         0      0        0
  MONTH TO DATE    0                         0      0        0
  SINCE JAN 1      0                         0      0        0
..................................................................


WIND (MPH)
  HIGHEST WIND SPEED    13   HIGHEST WIND DIRECTION    NW (300)
  HIGHEST GUST SPEED    15   HIGHEST GUST DIRECTION     N (350)
  AVERAGE WIND SPEED     6.1


SKY COVER
  POSSIBLE SUNSHINE  MM
  AVERAGE SKY COVER 0.8


WEATHER CONDITIONS
 THE FOLLOWING WEATHER WAS RECORDED YESTERDAY.
  LIGHT RAIN


RELATIVE HUMIDITY (PERCENT)
 HIGHEST    92           200 AM
 LOWEST     79          1100 AM
 AVERAGE    86

..........................................................


THE ROCHESTER MN CLIMATE NORMALS FOR TODAY
                         NORMAL    RECORD    YEAR
 MAXIMUM TEMPERATURE (F)   27        54      1990
 MINIMUM TEMPERATURE (F)   11       -24      1917


SUNRISE AND SUNSET
FEBRUARY 12 2017......SUNRISE   713 AM CST   SUNSET   536 PM CST
FEBRUARY 13 2017......SUNRISE   711 AM CST   SUNSET   538 PM CST


-  INDICATES NEGATIVE NUMBERS.
R  INDICATES RECORD WAS SET OR TIED.
MM INDICATES DATA IS MISSING.
T  INDICATES TRACE AMOUNT.




$$
