000
CDUS43 KARX 230655
CLIRST


CLIMATE REPORT
NATIONAL WEATHER SERVICE LA CROSSE WI
1254 AM CST FRI JAN 23 2015


...................................

...THE ROCHESTER MN CLIMATE SUMMARY FOR JANUARY 22 2015...

CLIMATE NORMAL PERIOD 1981 TO 2010
CLIMATE RECORD PERIOD 1886 TO 2015


WEATHER ITEM   OBSERVED TIME   RECORD YEAR NORMAL DEPARTURE LAST
                VALUE   (LST)  VALUE       VALUE  FROM      YEAR
                                                  NORMAL
..................................................................
TEMPERATURE (F)
 YESTERDAY
  MAXIMUM         26   1158 PM  46    1964  24      2        9
  MINIMUM         21    246 PM -37    1888   7     14       -9
  AVERAGE         24                        16      8        0

PRECIPITATION (IN)
  YESTERDAY        0.00          1.20 1933   0.03  -0.03     0.01
  MONTH TO DATE    0.46                      0.61  -0.15     0.58
  SINCE DEC 1      1.48                      1.84  -0.36     1.68
  SINCE JAN 1      0.46                      0.61  -0.15     0.58

SNOWFALL (IN)
  YESTERDAY        0.0          15.4  1982   0.4   -0.4      0.4
  MONTH TO DATE    8.2                       8.3   -0.1      9.0
  SINCE JUL 1     25.6                      27.7   -2.1     23.4
  SNOW DEPTH       5

DEGREE DAYS
 HEATING
  YESTERDAY       41                        50     -9       65
  MONTH TO DATE 1135                      1091     44     1251
  SINCE JUL 1   4355                      4169    186     4545

 COOLING
  YESTERDAY        0                         0      0        0
  MONTH TO DATE    0                         0      0        0
  SINCE JAN 1      0                         0      0        0
..................................................................


WIND (MPH)
  HIGHEST WIND SPEED    28   HIGHEST WIND DIRECTION     S (200)
  HIGHEST GUST SPEED    34   HIGHEST GUST DIRECTION     S (200)
  AVERAGE WIND SPEED    12.5


SKY COVER
  POSSIBLE SUNSHINE  MM
  AVERAGE SKY COVER 1.0


WEATHER CONDITIONS
 THE FOLLOWING WEATHER WAS RECORDED YESTERDAY.
  FOG


RELATIVE HUMIDITY (PERCENT)
 HIGHEST    92           800 AM
 LOWEST     81          1200 AM
 AVERAGE    87

..........................................................


THE ROCHESTER MN CLIMATE NORMALS FOR TODAY
                         NORMAL    RECORD    YEAR
 MAXIMUM TEMPERATURE (F)   24        50      1981
 MINIMUM TEMPERATURE (F)    7       -34      1935


SUNRISE AND SUNSET
JANUARY 23 2015.......SUNRISE   736 AM CST   SUNSET   508 PM CST
JANUARY 24 2015.......SUNRISE   735 AM CST   SUNSET   509 PM CST


-  INDICATES NEGATIVE NUMBERS.
R  INDICATES RECORD WAS SET OR TIED.
MM INDICATES DATA IS MISSING.
T  INDICATES TRACE AMOUNT.




$$
