000
CDUS43 KARX 220700
CLIRST


CLIMATE REPORT
NATIONAL WEATHER SERVICE LA CROSSE WI
100 AM CST SAT NOV 22 2014


...................................

...THE ROCHESTER MN CLIMATE SUMMARY FOR NOVEMBER 21 2014...

CLIMATE NORMAL PERIOD 1981 TO 2010
CLIMATE RECORD PERIOD 1886 TO 2014


WEATHER ITEM   OBSERVED TIME   RECORD YEAR NORMAL DEPARTURE LAST
                VALUE   (LST)  VALUE       VALUE  FROM      YEAR
                                                  NORMAL
..................................................................
TEMPERATURE (F)
 YESTERDAY
  MAXIMUM         32   1159 PM  70    2012  38     -6       37
  MINIMUM         -3    413 AM  -8    1964  23    -26       24
                                      1937
  AVERAGE         15                        31    -16       31

PRECIPITATION (IN)
  YESTERDAY        0.00          0.66 1979   0.06  -0.06     0.07
  MONTH TO DATE    0.47                      1.37  -0.90     1.74
  SINCE SEP 1      6.38                      7.06  -0.68     5.94
  SINCE JAN 1     32.57                     31.25   1.32    40.64

SNOWFALL (IN)
  YESTERDAY        0.0           3.1  1989   0.3   -0.3      0.5
  MONTH TO DATE    4.8                       3.4    1.4      1.0
  SINCE JUL 1      4.8                       4.2    0.6      1.0
  SNOW DEPTH       4

DEGREE DAYS
 HEATING
  YESTERDAY       50                        34     16       34
  MONTH TO DATE  829                       601    228      617
  SINCE JUL 1   1574                      1337    237     1300

 COOLING
  YESTERDAY        0                         0      0        0
  MONTH TO DATE    0                         0      0        0
  SINCE JAN 1    491                       585    -94      656
..................................................................


WIND (MPH)
  HIGHEST WIND SPEED    30   HIGHEST WIND DIRECTION     S (180)
  HIGHEST GUST SPEED    38   HIGHEST GUST DIRECTION     S (200)
  AVERAGE WIND SPEED    16.8


SKY COVER
  POSSIBLE SUNSHINE  MM
  AVERAGE SKY COVER 0.2


WEATHER CONDITIONS
 THE FOLLOWING WEATHER WAS RECORDED YESTERDAY.
  NO SIGNIFICANT WEATHER WAS OBSERVED.


RELATIVE HUMIDITY (PERCENT)
 HIGHEST    87           500 AM
 LOWEST     67          1000 AM
 AVERAGE    77

..........................................................


THE ROCHESTER MN CLIMATE NORMALS FOR TODAY
                         NORMAL    RECORD    YEAR
 MAXIMUM TEMPERATURE (F)   38        65      1913
 MINIMUM TEMPERATURE (F)   23        -8      1937


SUNRISE AND SUNSET
NOVEMBER 22 2014......SUNRISE   714 AM CST   SUNSET   438 PM CST
NOVEMBER 23 2014......SUNRISE   715 AM CST   SUNSET   438 PM CST


-  INDICATES NEGATIVE NUMBERS.
R  INDICATES RECORD WAS SET OR TIED.
MM INDICATES DATA IS MISSING.
T  INDICATES TRACE AMOUNT.




$$
