000
CDUS43 KARX 150705
CLIRST


CLIMATE REPORT
NATIONAL WEATHER SERVICE LA CROSSE WI
155 AM CDT FRI JUL 15 2016


...................................

...THE ROCHESTER MN CLIMATE SUMMARY FOR JULY 14 2016...

CLIMATE NORMAL PERIOD 1981 TO 2010
CLIMATE RECORD PERIOD 1886 TO 2016


WEATHER ITEM   OBSERVED TIME   RECORD YEAR NORMAL DEPARTURE LAST
                VALUE   (LST)  VALUE       VALUE  FROM      YEAR
                                                  NORMAL
..................................................................
TEMPERATURE (F)
 YESTERDAY
  MAXIMUM         73    224 PM 108    1936  82     -9       83
  MINIMUM         60    853 PM  47    1960  62     -2       66
                                      1920
  AVERAGE         67                        72     -5       75

PRECIPITATION (IN)
  YESTERDAY        0.03          1.37 1984   0.15  -0.12     0.00
  MONTH TO DATE    2.27                      2.07   0.20     0.53
  SINCE JUN 1      7.51                      6.75   0.76     4.99
  SINCE JAN 1     19.20                     17.19   2.01    17.60

SNOWFALL (IN)
  YESTERDAY        0.0           0.0  2012   0.0    0.0      0.0
  MONTH TO DATE    0.0                       0.0    0.0      0.0
  SINCE JUL 1      0.0                       0.0    0.0      0.0
  SNOW DEPTH       0

DEGREE DAYS
 HEATING
  YESTERDAY        0                         0      0        0
  MONTH TO DATE    4                         0      4       17
  SINCE JUL 1      4                         0      4       17

 COOLING
  YESTERDAY        2                         7     -5       10
  MONTH TO DATE   70                        98    -28       59
  SINCE JAN 1    259                       262     -3      172
..................................................................


WIND (MPH)
  HIGHEST WIND SPEED    22   HIGHEST WIND DIRECTION    NW (300)
  HIGHEST GUST SPEED    30   HIGHEST GUST DIRECTION     W (290)
  AVERAGE WIND SPEED    12.2


SKY COVER
  POSSIBLE SUNSHINE  MM
  AVERAGE SKY COVER 0.6


WEATHER CONDITIONS
 THE FOLLOWING WEATHER WAS RECORDED YESTERDAY.
  RAIN
  LIGHT RAIN
  FOG


RELATIVE HUMIDITY (PERCENT)
 HIGHEST    97           300 AM
 LOWEST     66           300 PM
 AVERAGE    82

..........................................................


THE ROCHESTER MN CLIMATE NORMALS FOR TODAY
                         NORMAL    RECORD    YEAR
 MAXIMUM TEMPERATURE (F)   82       100      1936
 MINIMUM TEMPERATURE (F)   62        42      1930


SUNRISE AND SUNSET
JULY 15 2016..........SUNRISE   542 AM CDT   SUNSET   850 PM CDT
JULY 16 2016..........SUNRISE   543 AM CDT   SUNSET   849 PM CDT


-  INDICATES NEGATIVE NUMBERS.
R  INDICATES RECORD WAS SET OR TIED.
MM INDICATES DATA IS MISSING.
T  INDICATES TRACE AMOUNT.




$$
