000
CDUS43 KARX 100646
CLIRST


CLIMATE REPORT
NATIONAL WEATHER SERVICE LA CROSSE WI
1245 AM CST FRI NOV 10 2017


...................................

...THE ROCHESTER MN CLIMATE SUMMARY FOR NOVEMBER 9 2017...

CLIMATE NORMAL PERIOD 1981 TO 2010
CLIMATE RECORD PERIOD 1886 TO 2017


WEATHER ITEM   OBSERVED TIME   RECORD YEAR NORMAL DEPARTURE LAST
                VALUE   (LST)  VALUE       VALUE  FROM      YEAR
                                                  NORMAL
..................................................................
TEMPERATURE (F)
 YESTERDAY
  MAXIMUM         38   1206 AM  71    1999  46     -8       57
  MINIMUM         10   1159 PM   7    1892  30    -20       31
  AVERAGE         24                        38    -14       44

PRECIPITATION (IN)
  YESTERDAY        T             2.05 1975   0.06  -0.06     0.00
  MONTH TO DATE    0.30                      0.59  -0.29     0.00
  SINCE SEP 1      7.56                      6.28   1.28    11.84
  SINCE JAN 1     32.06                     30.47   1.59    40.11

SNOWFALL (IN)
  YESTERDAY        T             3.7  1985   0.1   -0.1      0.0
  MONTH TO DATE    0.7                       1.0   -0.3      0.0
  SINCE JUL 1      3.3                       1.8    1.5      0.0
  SNOW DEPTH       0

DEGREE DAYS
 HEATING
  YESTERDAY       41                        27     14       21
  MONTH TO DATE  300                       227     73      119
  SINCE JUL 1    922                       963    -41      594

 COOLING
  YESTERDAY        0                         0      0        0
  MONTH TO DATE    0                         0      0        0
  SINCE JAN 1    494                       585    -91      629
..................................................................


WIND (MPH)
  HIGHEST WIND SPEED    29   HIGHEST WIND DIRECTION    NW (320)
  HIGHEST GUST SPEED    36   HIGHEST GUST DIRECTION    NW (330)
  AVERAGE WIND SPEED    17.9


SKY COVER
  POSSIBLE SUNSHINE  MM
  AVERAGE SKY COVER 0.4


WEATHER CONDITIONS
 THE FOLLOWING WEATHER WAS RECORDED YESTERDAY.
  LIGHT SNOW


RELATIVE HUMIDITY (PERCENT)
 HIGHEST    85           400 AM
 LOWEST     45           300 PM
 AVERAGE    65

..........................................................


THE ROCHESTER MN CLIMATE NORMALS FOR TODAY
                         NORMAL    RECORD    YEAR
 MAXIMUM TEMPERATURE (F)   45        75      2012
 MINIMUM TEMPERATURE (F)   29         1      1986


SUNRISE AND SUNSET
NOVEMBER 10 2017......SUNRISE   659 AM CST   SUNSET   449 PM CST
NOVEMBER 11 2017......SUNRISE   700 AM CST   SUNSET   448 PM CST


-  INDICATES NEGATIVE NUMBERS.
R  INDICATES RECORD WAS SET OR TIED.
MM INDICATES DATA IS MISSING.
T  INDICATES TRACE AMOUNT.




$$
