353
CDUS43 KARX 130641
CLIRST


CLIMATE REPORT
NATIONAL WEATHER SERVICE LA CROSSE WI
139 AM CDT WED MAY 13 2015


...................................

...THE ROCHESTER MN CLIMATE SUMMARY FOR MAY 12 2015...

CLIMATE NORMAL PERIOD 1981 TO 2010
CLIMATE RECORD PERIOD 1886 TO 2015


WEATHER ITEM   OBSERVED TIME   RECORD YEAR NORMAL DEPARTURE LAST
                VALUE   (LST)  VALUE       VALUE  FROM      YEAR
                                                  NORMAL
..................................................................
TEMPERATURE (F)
 YESTERDAY
  MAXIMUM         55    454 PM  89    1940  68    -13       73
  MINIMUM         39    759 AM  26    1939  46     -7       48
  AVERAGE         47                        57    -10       61

PRECIPITATION (IN)
  YESTERDAY        0.01          1.97 1982   0.11  -0.10     0.47
  MONTH TO DATE    2.44                      1.39   1.05     1.66
  SINCE MAR 1      8.44                      6.51   1.93     8.45
  SINCE JAN 1      9.80                      8.20   1.60    11.21

SNOWFALL (IN)
  YESTERDAY        0.0           0.0  2012   0.0    0.0      0.0
  MONTH TO DATE    0.0                       0.2   -0.2      0.0
  SINCE JUL 1     50.4                      52.1   -1.7     60.5
  SNOW DEPTH       0

DEGREE DAYS
 HEATING
  YESTERDAY       18                         9      9        4
  MONTH TO DATE   92                       124    -32      128
  SINCE JUL 1   7904                      7549    355     8783

 COOLING
  YESTERDAY        0                         1     -1        0
  MONTH TO DATE    7                         5      2        0
  SINCE JAN 1      7                         9     -2        0
..................................................................


WIND (MPH)
  HIGHEST WIND SPEED    29   HIGHEST WIND DIRECTION    NW (310)
  HIGHEST GUST SPEED    37   HIGHEST GUST DIRECTION    NW (330)
  AVERAGE WIND SPEED    15.9


SKY COVER
  POSSIBLE SUNSHINE  MM
  AVERAGE SKY COVER 0.6


WEATHER CONDITIONS
 THE FOLLOWING WEATHER WAS RECORDED YESTERDAY.
  LIGHT RAIN
  FOG


RELATIVE HUMIDITY (PERCENT)
 HIGHEST    93          1200 AM
 LOWEST     51           400 PM
 AVERAGE    72

..........................................................


THE ROCHESTER MN CLIMATE NORMALS FOR TODAY
                         NORMAL    RECORD    YEAR
 MAXIMUM TEMPERATURE (F)   68        88      1949
                                             1940
 MINIMUM TEMPERATURE (F)   47        26      1997


SUNRISE AND SUNSET
MAY 13 2015...........SUNRISE   547 AM CDT   SUNSET   827 PM CDT
MAY 14 2015...........SUNRISE   546 AM CDT   SUNSET   828 PM CDT


-  INDICATES NEGATIVE NUMBERS.
R  INDICATES RECORD WAS SET OR TIED.
MM INDICATES DATA IS MISSING.
T  INDICATES TRACE AMOUNT.




$$
