821
CDUS43 KARX 260725
CLIRST


CLIMATE REPORT
NATIONAL WEATHER SERVICE LA CROSSE WI
217 AM CDT MON SEP 26 2016


...................................

...THE ROCHESTER MN CLIMATE SUMMARY FOR SEPTEMBER 25 2016...

CLIMATE NORMAL PERIOD 1981 TO 2010
CLIMATE RECORD PERIOD 1886 TO 2016


WEATHER ITEM   OBSERVED TIME   RECORD YEAR NORMAL DEPARTURE LAST
                VALUE   (LST)  VALUE       VALUE  FROM      YEAR
                                                  NORMAL
..................................................................
TEMPERATURE (F)
 YESTERDAY
  MAXIMUM         68    213 PM  89    1956  68      0       75
  MINIMUM         52   1159 PM  26    1893  46      6       59
  AVERAGE         60                        57      3       67

PRECIPITATION (IN)
  YESTERDAY        0.12          3.17 2005   0.11   0.01     0.00
  MONTH TO DATE    9.08                      2.93   6.15     2.87
  SINCE SEP 1      9.08                      2.93   6.15     2.87
  SINCE JAN 1     37.35                     27.12  10.23    28.04

SNOWFALL (IN)
  YESTERDAY        0.0           0.0  2012   0.0    0.0      0.0
  MONTH TO DATE    0.0                       0.0    0.0      0.0
  SINCE JUL 1      0.0                       0.0    0.0      0.0
  SNOW DEPTH       0

DEGREE DAYS
 HEATING
  YESTERDAY        5                         9     -4        0
  MONTH TO DATE   29                       126    -97       55
  SINCE JUL 1     40                       164   -124      114

 COOLING
  YESTERDAY        0                         1     -1        2
  MONTH TO DATE   55                        50      5      120
  SINCE JAN 1    628                       575     53      495
..................................................................


WIND (MPH)
  HIGHEST WIND SPEED    21   HIGHEST WIND DIRECTION     W (290)
  HIGHEST GUST SPEED    30   HIGHEST GUST DIRECTION     W (290)
  AVERAGE WIND SPEED    12.1


SKY COVER
  POSSIBLE SUNSHINE  MM
  AVERAGE SKY COVER 0.8


WEATHER CONDITIONS
 THE FOLLOWING WEATHER WAS RECORDED YESTERDAY.
  RAIN
  LIGHT RAIN
  FOG


RELATIVE HUMIDITY (PERCENT)
 HIGHEST   100           400 AM
 LOWEST     58           300 PM
 AVERAGE    79

..........................................................


THE ROCHESTER MN CLIMATE NORMALS FOR TODAY
                         NORMAL    RECORD    YEAR
 MAXIMUM TEMPERATURE (F)   67        86      1908
 MINIMUM TEMPERATURE (F)   46        26      1893


SUNRISE AND SUNSET
SEPTEMBER 26 2016.....SUNRISE   702 AM CDT   SUNSET   659 PM CDT
SEPTEMBER 27 2016.....SUNRISE   704 AM CDT   SUNSET   657 PM CDT


-  INDICATES NEGATIVE NUMBERS.
R  INDICATES RECORD WAS SET OR TIED.
MM INDICATES DATA IS MISSING.
T  INDICATES TRACE AMOUNT.




$$
