000
CDUS43 KARX 290651
CLIRST


CLIMATE REPORT
NATIONAL WEATHER SERVICE LA CROSSE WI
151 AM CDT FRI MAY 29 2015


...................................

...THE ROCHESTER MN CLIMATE SUMMARY FOR MAY 28 2015...

CLIMATE NORMAL PERIOD 1981 TO 2010
CLIMATE RECORD PERIOD 1886 TO 2015


WEATHER ITEM   OBSERVED TIME   RECORD YEAR NORMAL DEPARTURE LAST
                VALUE   (LST)  VALUE       VALUE  FROM      YEAR
                                                  NORMAL
..................................................................
TEMPERATURE (F)
 YESTERDAY
  MAXIMUM         81    317 PM  95    2006  72      9       78
  MINIMUM         57    525 AM  31    1932  51      6       59
  AVERAGE         69                        62      7       69

PRECIPITATION (IN)
  YESTERDAY        T             1.60 1939   0.13  -0.13     0.00
  MONTH TO DATE    4.69                      3.25   1.44     1.77
  SINCE MAR 1     10.69                      8.37   2.32     8.56
  SINCE JAN 1     12.05                     10.06   1.99    11.32

SNOWFALL (IN)
  YESTERDAY        0.0           T    1947   0.0    0.0      0.0
  MONTH TO DATE    0.0                       0.2   -0.2      0.0
  SINCE JUL 1     50.4                      52.1   -1.7     60.5
  SNOW DEPTH       0

DEGREE DAYS
 HEATING
  YESTERDAY        0                         5     -5        0
  MONTH TO DATE  210                       232    -22      251
  SINCE JUL 1   8022                      7657    365     8906

 COOLING
  YESTERDAY        4                         2      2        4
  MONTH TO DATE   15                        23     -8       20
  SINCE JAN 1     15                        27    -12       20
..................................................................


WIND (MPH)
  HIGHEST WIND SPEED    24   HIGHEST WIND DIRECTION     S (190)
  HIGHEST GUST SPEED    31   HIGHEST GUST DIRECTION     S (170)
  AVERAGE WIND SPEED    13.3


SKY COVER
  POSSIBLE SUNSHINE  MM
  AVERAGE SKY COVER 0.1


WEATHER CONDITIONS
 THE FOLLOWING WEATHER WAS RECORDED YESTERDAY.
  LIGHT RAIN


RELATIVE HUMIDITY (PERCENT)
 HIGHEST    90          1200 AM
 LOWEST     39           500 PM
 AVERAGE    65

..........................................................


THE ROCHESTER MN CLIMATE NORMALS FOR TODAY
                         NORMAL    RECORD    YEAR
 MAXIMUM TEMPERATURE (F)   73        95      2006
 MINIMUM TEMPERATURE (F)   52        33      1965
                                             1947


SUNRISE AND SUNSET
MAY 29 2015...........SUNRISE   532 AM CDT   SUNSET   843 PM CDT
MAY 30 2015...........SUNRISE   532 AM CDT   SUNSET   844 PM CDT


-  INDICATES NEGATIVE NUMBERS.
R  INDICATES RECORD WAS SET OR TIED.
MM INDICATES DATA IS MISSING.
T  INDICATES TRACE AMOUNT.




$$
