000
CDUS43 KARX 160641
CLIRST


CLIMATE REPORT
NATIONAL WEATHER SERVICE LA CROSSE WI
134 AM CDT THU OCT 16 2014


...................................

...THE ROCHESTER MN CLIMATE SUMMARY FOR OCTOBER 15 2014...

CLIMATE NORMAL PERIOD 1981 TO 2010
CLIMATE RECORD PERIOD 1886 TO 2014


WEATHER ITEM   OBSERVED TIME   RECORD YEAR NORMAL DEPARTURE LAST
                VALUE   (LST)  VALUE       VALUE  FROM      YEAR
                                                  NORMAL
..................................................................
TEMPERATURE (F)
 YESTERDAY
  MAXIMUM         64    320 PM  84    1958  59      5       55
                                      1953
                                      1947
  MINIMUM         40   1159 PM  16    1937  39      1       46
  AVERAGE         52                        49      3       51

PRECIPITATION (IN)
  YESTERDAY        0.00          1.21 1987   0.07  -0.07     0.77
  MONTH TO DATE    2.08                      1.22   0.86     2.92
  SINCE SEP 1      5.62                      4.67   0.95     4.14
  SINCE JAN 1     31.04                     28.86   2.18    38.84

SNOWFALL (IN)
  YESTERDAY        0.0           2.0  1969   0.1   -0.1      0.0
  MONTH TO DATE    T                         0.2   -0.2      0.0
  SINCE JUL 1      T                         0.2   -0.2      0.0
  SNOW DEPTH       0

DEGREE DAYS
 HEATING
  YESTERDAY       13                        16     -3       14
  MONTH TO DATE  259                       208     51      130
  SINCE JUL 1    464                       423     41      284

 COOLING
  YESTERDAY        0                         0      0        0
  MONTH TO DATE    0                         4     -4        0
  SINCE JAN 1    491                       583    -92      656
..................................................................


WIND (MPH)
  HIGHEST WIND SPEED    20   HIGHEST WIND DIRECTION     N (350)
  HIGHEST GUST SPEED    26   HIGHEST GUST DIRECTION     N (350)
  AVERAGE WIND SPEED     9.4


SKY COVER
  POSSIBLE SUNSHINE  MM
  AVERAGE SKY COVER 0.0


WEATHER CONDITIONS
 THE FOLLOWING WEATHER WAS RECORDED YESTERDAY.
  NO SIGNIFICANT WEATHER WAS OBSERVED.


RELATIVE HUMIDITY (PERCENT)
 HIGHEST    82           500 AM
 LOWEST     37           200 PM
 AVERAGE    60

..........................................................


THE ROCHESTER MN CLIMATE NORMALS FOR TODAY
                         NORMAL    RECORD    YEAR
 MAXIMUM TEMPERATURE (F)   59        84      1953
 MINIMUM TEMPERATURE (F)   38        21      1937


SUNRISE AND SUNSET
OCTOBER 16 2014.......SUNRISE   726 AM CDT   SUNSET   625 PM CDT
OCTOBER 17 2014.......SUNRISE   727 AM CDT   SUNSET   623 PM CDT


-  INDICATES NEGATIVE NUMBERS.
R  INDICATES RECORD WAS SET OR TIED.
MM INDICATES DATA IS MISSING.
T  INDICATES TRACE AMOUNT.




$$
