000
CDUS43 KARX 140646
CLIRST


CLIMATE REPORT
NATIONAL WEATHER SERVICE LA CROSSE WI
146 AM CDT FRI APR 14 2017


...................................

...THE ROCHESTER MN CLIMATE SUMMARY FOR APRIL 13 2017...

CLIMATE NORMAL PERIOD 1981 TO 2010
CLIMATE RECORD PERIOD 1886 TO 2017


WEATHER ITEM   OBSERVED TIME   RECORD YEAR NORMAL DEPARTURE LAST
                VALUE   (LST)  VALUE       VALUE  FROM      YEAR
                                                  NORMAL
..................................................................
TEMPERATURE (F)
 YESTERDAY
  MAXIMUM         55    555 PM  82    2006  56     -1       70
  MINIMUM         44    739 AM  13    1962  35      9       42
  AVERAGE         50                        46      4       56

PRECIPITATION (IN)
  YESTERDAY        0.06          0.85 1952   0.12  -0.06      T
  MONTH TO DATE    1.43                      1.25   0.18     0.17
  SINCE MAR 1      4.30                      3.13   1.17     4.15
  SINCE JAN 1      8.08                      4.82   3.26     5.55

SNOWFALL (IN)
  YESTERDAY        0.0           6.5  1952   0.1   -0.1      0.0
  MONTH TO DATE    T                         1.8   -1.8      0.5
  SINCE JUL 1     52.7                      50.4    2.3     47.9
  SNOW DEPTH       0

DEGREE DAYS
 HEATING
  YESTERDAY       15                        19     -4        9
  MONTH TO DATE  236                       289    -53      356
  SINCE JUL 1   6317                      7161   -844     6371

 COOLING
  YESTERDAY        0                         0      0        0
  MONTH TO DATE    0                         0      0        0
  SINCE JAN 1      0                         0      0        0
..................................................................


WIND (MPH)
  HIGHEST WIND SPEED    17   HIGHEST WIND DIRECTION     E (110)
  HIGHEST GUST SPEED    21   HIGHEST GUST DIRECTION     E (110)
  AVERAGE WIND SPEED    11.2


SKY COVER
  POSSIBLE SUNSHINE  MM
  AVERAGE SKY COVER 1.0


WEATHER CONDITIONS
 THE FOLLOWING WEATHER WAS RECORDED YESTERDAY.
  LIGHT RAIN
  FOG


RELATIVE HUMIDITY (PERCENT)
 HIGHEST   100           100 AM
 LOWEST     72           500 PM
 AVERAGE    86

..........................................................


THE ROCHESTER MN CLIMATE NORMALS FOR TODAY
                         NORMAL    RECORD    YEAR
 MAXIMUM TEMPERATURE (F)   57        87      2003
 MINIMUM TEMPERATURE (F)   36        18      1962


SUNRISE AND SUNSET
APRIL 14 2017.........SUNRISE   628 AM CDT   SUNSET   753 PM CDT
APRIL 15 2017.........SUNRISE   626 AM CDT   SUNSET   754 PM CDT


-  INDICATES NEGATIVE NUMBERS.
R  INDICATES RECORD WAS SET OR TIED.
MM INDICATES DATA IS MISSING.
T  INDICATES TRACE AMOUNT.




$$
