000
CDUS43 KARX 230653
CLIRST


CLIMATE REPORT
NATIONAL WEATHER SERVICE LA CROSSE WI
1252 AM CST SUN NOV 23 2014


...................................

...THE ROCHESTER MN CLIMATE SUMMARY FOR NOVEMBER 22 2014...

CLIMATE NORMAL PERIOD 1981 TO 2010
CLIMATE RECORD PERIOD 1886 TO 2014


WEATHER ITEM   OBSERVED TIME   RECORD YEAR NORMAL DEPARTURE LAST
                VALUE   (LST)  VALUE       VALUE  FROM      YEAR
                                                  NORMAL
..................................................................
TEMPERATURE (F)
 YESTERDAY
  MAXIMUM         49   1159 PM  65    1913  38     11       27
  MINIMUM         31    108 AM  -8    1937  23      8       13
  AVERAGE         40                        30     10       20

PRECIPITATION (IN)
  YESTERDAY        0.01          1.53 1963   0.07  -0.06     0.02
  MONTH TO DATE    0.48                      1.44  -0.96     1.76
  SINCE SEP 1      6.39                      7.13  -0.74     5.96
  SINCE JAN 1     32.58                     31.32   1.26    40.66

SNOWFALL (IN)
  YESTERDAY        0.0           7.0  1909   0.3   -0.3      0.3
  MONTH TO DATE    4.8                       3.7    1.1      1.3
  SINCE JUL 1      4.8                       4.5    0.3      1.3
  SNOW DEPTH       3

DEGREE DAYS
 HEATING
  YESTERDAY       25                        35    -10       45
  MONTH TO DATE  854                       636    218      662
  SINCE JUL 1   1599                      1372    227     1345

 COOLING
  YESTERDAY        0                         0      0        0
  MONTH TO DATE    0                         0      0        0
  SINCE JAN 1    491                       585    -94      656
..................................................................


WIND (MPH)
  HIGHEST WIND SPEED    29   HIGHEST WIND DIRECTION     S (190)
  HIGHEST GUST SPEED    35   HIGHEST GUST DIRECTION     S (200)
  AVERAGE WIND SPEED    15.3


SKY COVER
  POSSIBLE SUNSHINE  MM
  AVERAGE SKY COVER 1.0


WEATHER CONDITIONS
 THE FOLLOWING WEATHER WAS RECORDED YESTERDAY.
  LIGHT RAIN
  FOG
  FOG W/VISIBILITY <= 1/4 MILE


RELATIVE HUMIDITY (PERCENT)
 HIGHEST   100           700 AM
 LOWEST     85          1200 AM
 AVERAGE    93

..........................................................


THE ROCHESTER MN CLIMATE NORMALS FOR TODAY
                         NORMAL    RECORD    YEAR
 MAXIMUM TEMPERATURE (F)   37        57      2006
                                             1931
 MINIMUM TEMPERATURE (F)   22       -11      1893


SUNRISE AND SUNSET
NOVEMBER 23 2014......SUNRISE   715 AM CST   SUNSET   438 PM CST
NOVEMBER 24 2014......SUNRISE   716 AM CST   SUNSET   437 PM CST


-  INDICATES NEGATIVE NUMBERS.
R  INDICATES RECORD WAS SET OR TIED.
MM INDICATES DATA IS MISSING.
T  INDICATES TRACE AMOUNT.




$$
