000
CDUS43 KARX 091525
CLIRST


CLIMATE REPORT
NATIONAL WEATHER SERVICE LA CROSSE WI
1025 AM CDT WED JUL 9 2014


...................................

...THE ROCHESTER MN CLIMATE SUMMARY FOR JULY 8 2014...

CLIMATE NORMAL PERIOD 1981 TO 2010
CLIMATE RECORD PERIOD 1886 TO 2014


WEATHER ITEM   OBSERVED TIME   RECORD YEAR NORMAL DEPARTURE LAST
                VALUE   (LST)  VALUE       VALUE  FROM      YEAR
                                                  NORMAL
..................................................................
TEMPERATURE (F)
 YESTERDAY
  MAXIMUM         76    307 PM  99    1974  82     -6       88
                                      1936
  MINIMUM         58   1159 PM  45    1958  62     -4       67
                                      1931
                                      1908
  AVERAGE         67                        72     -5       78

PRECIPITATION (IN)
  YESTERDAY        0.00          2.04 1965   0.15  -0.15     0.04
  MONTH TO DATE    1.02                      1.16  -0.14     0.07
  SINCE JUN 1      7.52                      5.84   1.68     6.93
  SINCE JAN 1     18.85                     16.28   2.57    30.83

SNOWFALL (IN)
  YESTERDAY        0.0           0.0  2012   0.0    0.0      0.0
  MONTH TO DATE    0.0                       0.0    0.0      0.0
  SINCE JUL 1      0.0                       0.0    0.0      0.0
  SNOW DEPTH       0

DEGREE DAYS
 HEATING
  YESTERDAY        0                         0      0        0
  MONTH TO DATE    7                         0      7        0
  SINCE JUL 1      7                         0      7        0

 COOLING
  YESTERDAY        2                         7     -5       13
  MONTH TO DATE   25                        56    -31       77
  SINCE JAN 1    195                       220    -25      233
..................................................................


WIND (MPH)
  HIGHEST WIND SPEED    24   HIGHEST WIND DIRECTION    NW (320)
  HIGHEST GUST SPEED    31   HIGHEST GUST DIRECTION    NW (310)
  AVERAGE WIND SPEED    13.5


SKY COVER
  POSSIBLE SUNSHINE  MM
  AVERAGE SKY COVER 0.2


WEATHER CONDITIONS
 THE FOLLOWING WEATHER WAS RECORDED YESTERDAY.
  NO SIGNIFICANT WEATHER WAS OBSERVED.


RELATIVE HUMIDITY (PERCENT)
 HIGHEST    93          1200 AM
 LOWEST     49           500 PM
 AVERAGE    71

..........................................................


THE ROCHESTER MN CLIMATE NORMALS FOR TODAY
                         NORMAL    RECORD    YEAR
 MAXIMUM TEMPERATURE (F)   82       101      1936
 MINIMUM TEMPERATURE (F)   62        45      1931


SUNRISE AND SUNSET
JULY  9 2014..........SUNRISE   537 AM CDT   SUNSET   854 PM CDT
JULY 10 2014..........SUNRISE   537 AM CDT   SUNSET   853 PM CDT


-  INDICATES NEGATIVE NUMBERS.
R  INDICATES RECORD WAS SET OR TIED.
MM INDICATES DATA IS MISSING.
T  INDICATES TRACE AMOUNT.




$$
