348
CDUS43 KARX 100654
CLIRST


CLIMATE REPORT
NATIONAL WEATHER SERVICE LA CROSSE WI
1252 AM CST SUN DEC 10 2017

...THE ROCHESTER MN CLIMATE SUMMARY FOR DECEMBER 9 2017...

CLIMATE NORMAL PERIOD 1981 TO 2010
CLIMATE RECORD PERIOD 1886 TO 2017

WEATHER ITEM   OBSERVED TIME   RECORD YEAR NORMAL DEPARTURE LAST
                VALUE   (LST)  VALUE       VALUE  FROM      YEAR
                                                  NORMAL
..................................................................
TEMPERATURE (F)
 YESTERDAY
  MAXIMUM         28    134 AM  52    1918  29     -1       16
  MINIMUM         17    727 PM -22    1947  14      3        6
  AVERAGE         23                        21      2       11

PRECIPITATION (IN)
  YESTERDAY        T             0.35 2012   0.04  -0.04      T
  MONTH TO DATE    0.08                      0.43  -0.35     0.40
  SINCE DEC 1      0.08                      0.43  -0.35     0.40
  SINCE JAN 1     32.26                     32.22   0.04    41.88

SNOWFALL (IN)
  YESTERDAY        0.1           4.5  2009   0.4   -0.3       T
  MONTH TO DATE    0.8                       3.7   -2.9      3.3
  SINCE JUL 1      4.1                      10.6   -6.5      4.3
  SNOW DEPTH       T

DEGREE DAYS
 HEATING
  YESTERDAY       42                        44     -2       54
  MONTH TO DATE  326                       376    -50      358
  SINCE JUL 1   1904                      2048   -144     1493

 COOLING
  YESTERDAY        0                         0      0        0
  MONTH TO DATE    0                         0      0        0
  SINCE JAN 1    494                       585    -91      629
..................................................................

WIND (MPH)
  HIGHEST WIND SPEED    26   HIGHEST WIND DIRECTION     N (350)
  HIGHEST GUST SPEED    32   HIGHEST GUST DIRECTION     N (10)
  AVERAGE WIND SPEED    16.2

SKY COVER
  POSSIBLE SUNSHINE  MM
  AVERAGE SKY COVER 0.9

WEATHER CONDITIONS
 THE FOLLOWING WEATHER WAS RECORDED YESTERDAY.
  LIGHT SNOW

RELATIVE HUMIDITY (PERCENT)
 HIGHEST    84          1000 PM
 LOWEST     62          1200 PM
 AVERAGE    73

..........................................................

THE ROCHESTER MN CLIMATE NORMALS FOR TODAY
                         NORMAL    RECORD    YEAR
 MAXIMUM TEMPERATURE (F)   28        58      1939
 MINIMUM TEMPERATURE (F)   14       -21      1919

SUNRISE AND SUNSET
DECEMBER 10 2017......SUNRISE   734 AM CST   SUNSET   432 PM CST
DECEMBER 11 2017......SUNRISE   735 AM CST   SUNSET   432 PM CST

-  INDICATES NEGATIVE NUMBERS.
R  INDICATES RECORD WAS SET OR TIED.
MM INDICATES DATA IS MISSING.
T  INDICATES TRACE AMOUNT.

$$

BOYNE
