000
CDUS43 KARX 232125
CLIRST


CLIMATE REPORT
NATIONAL WEATHER SERVICE LA CROSSE WI
425 PM CDT SAT MAY 23 2015


...................................

...THE ROCHESTER MN CLIMATE SUMMARY FOR MAY 23 2015...
VALID TODAY AS OF 0400 PM LOCAL TIME.

CLIMATE NORMAL PERIOD 1981 TO 2010
CLIMATE RECORD PERIOD 1886 TO 2015


WEATHER ITEM   OBSERVED TIME   RECORD YEAR NORMAL DEPARTURE LAST
                VALUE   (LST)  VALUE       VALUE  FROM      YEAR
                                                  NORMAL
..................................................................
TEMPERATURE (F)
 TODAY
  MAXIMUM         76    256 PM  89    1972  71      5       76
                                      1939
  MINIMUM         49    451 AM  25    1931  50     -1       49
  AVERAGE         63                        60      3       63

PRECIPITATION (IN)
  TODAY            T             1.70 1920   0.11  -0.11     0.00
  MONTH TO DATE    3.36                      2.64   0.72     1.77
  SINCE MAR 1      9.36                      7.76   1.60     8.56
  SINCE JAN 1     10.72                      9.45   1.27    11.32

SNOWFALL (IN)
  TODAY           MM             0.0  2012   0.0   MM        0.0
  MONTH TO DATE    0.0                       0.2   -0.2      0.0
  SINCE JUL 1     50.4                      52.1   -1.7     60.5
  SNOW DEPTH       0

DEGREE DAYS
 HEATING
  TODAY            2                         6     -4        2
  MONTH TO DATE  201                       205     -4      250
  SINCE JUL 1   8013                      7630    383     8905

 COOLING
  TODAY            0                         1     -1        0
  MONTH TO DATE    7                        16     -9        0
  SINCE JAN 1      7                        20    -13        0
..................................................................


WIND (MPH)
  HIGHEST WIND SPEED    16   HIGHEST WIND DIRECTION    SW (220)
  HIGHEST GUST SPEED    22   HIGHEST GUST DIRECTION    SW (220)
  AVERAGE WIND SPEED     6.8


SKY COVER
  POSSIBLE SUNSHINE  MM
  AVERAGE SKY COVER 0.4


WEATHER CONDITIONS
 THE FOLLOWING WEATHER WAS RECORDED TODAY.
  LIGHT RAIN


RELATIVE HUMIDITY (PERCENT)
 HIGHEST    74           500 AM
 LOWEST     27           200 PM
 AVERAGE    51

..........................................................


THE ROCHESTER MN CLIMATE NORMALS FOR TOMORROW
                         NORMAL    RECORD    YEAR
 MAXIMUM TEMPERATURE (F)   71        94      2010
 MINIMUM TEMPERATURE (F)   50        31      1930


SUNRISE AND SUNSET
MAY 23 2015...........SUNRISE   537 AM CDT   SUNSET   837 PM CDT
MAY 24 2015...........SUNRISE   536 AM CDT   SUNSET   838 PM CDT


-  INDICATES NEGATIVE NUMBERS.
R  INDICATES RECORD WAS SET OR TIED.
MM INDICATES DATA IS MISSING.
T  INDICATES TRACE AMOUNT.




$$
