000
CDUS43 KARX 180638
CLIRST


CLIMATE REPORT
NATIONAL WEATHER SERVICE LA CROSSE WI
138 AM CDT SAT MAR 18 2017


...................................

...THE ROCHESTER MN CLIMATE SUMMARY FOR MARCH 17 2017...

CLIMATE NORMAL PERIOD 1981 TO 2010
CLIMATE RECORD PERIOD 1886 TO 2017


WEATHER ITEM   OBSERVED TIME   RECORD YEAR NORMAL DEPARTURE LAST
                VALUE   (LST)  VALUE       VALUE  FROM      YEAR
                                                  NORMAL
..................................................................
TEMPERATURE (F)
 YESTERDAY
  MAXIMUM         43   1241 PM  81    2012  41      2       45
  MINIMUM         28    640 AM -10    1909  25      3       30
  AVERAGE         36                        33      3       38

PRECIPITATION (IN)
  YESTERDAY        T             0.58 1986   0.07  -0.07      T
  MONTH TO DATE    1.44                      0.88   0.56     1.45
  SINCE MAR 1      1.44                      0.88   0.56     1.45
  SINCE JAN 1      5.22                      2.57   2.65     2.85

SNOWFALL (IN)
  YESTERDAY        0.0           8.2  1942   0.3   -0.3       T
  MONTH TO DATE    8.4                       5.6    2.8      2.9
  SINCE JUL 1     52.7                      45.5    7.2     35.4
  SNOW DEPTH       T

DEGREE DAYS
 HEATING
  YESTERDAY       29                        32     -3       27
  MONTH TO DATE  665                       610     55      440
  SINCE JUL 1   5709                      6471   -762     5640

 COOLING
  YESTERDAY        0                         0      0        0
  MONTH TO DATE    0                         0      0        0
  SINCE JAN 1      0                         0      0        0
..................................................................


WIND (MPH)
  HIGHEST WIND SPEED    35   HIGHEST WIND DIRECTION     W (290)
  HIGHEST GUST SPEED    43   HIGHEST GUST DIRECTION    NW (310)
  AVERAGE WIND SPEED    16.9


SKY COVER
  POSSIBLE SUNSHINE  MM
  AVERAGE SKY COVER 0.6


WEATHER CONDITIONS
 THE FOLLOWING WEATHER WAS RECORDED YESTERDAY.
  LIGHT RAIN
  FOG


RELATIVE HUMIDITY (PERCENT)
 HIGHEST   100           700 AM
 LOWEST     75           300 AM
 AVERAGE    88

..........................................................


THE ROCHESTER MN CLIMATE NORMALS FOR TODAY
                         NORMAL    RECORD    YEAR
 MAXIMUM TEMPERATURE (F)   41        80      2012
 MINIMUM TEMPERATURE (F)   25        -8      1993


SUNRISE AND SUNSET
MARCH 18 2017.........SUNRISE   716 AM CDT   SUNSET   720 PM CDT
MARCH 19 2017.........SUNRISE   714 AM CDT   SUNSET   722 PM CDT


-  INDICATES NEGATIVE NUMBERS.
R  INDICATES RECORD WAS SET OR TIED.
MM INDICATES DATA IS MISSING.
T  INDICATES TRACE AMOUNT.




$$
