347
CDUS43 KARX 260632
CLIRST


CLIMATE REPORT
NATIONAL WEATHER SERVICE LA CROSSE WI
132 AM CDT TUE APR 26 2016


...................................

...THE ROCHESTER MN CLIMATE SUMMARY FOR APRIL 25 2016...

CLIMATE NORMAL PERIOD 1981 TO 2010
CLIMATE RECORD PERIOD 1886 TO 2016


WEATHER ITEM   OBSERVED TIME   RECORD YEAR NORMAL DEPARTURE LAST
                VALUE   (LST)  VALUE       VALUE  FROM      YEAR
                                                  NORMAL
..................................................................
TEMPERATURE (F)
 YESTERDAY
  MAXIMUM         71    318 PM  87    1939  62      9       54
  MINIMUM         53   1159 PM  17    1934  40     13       40
  AVERAGE         62                        51     11       47

PRECIPITATION (IN)
  YESTERDAY        0.00          2.40 1929   0.13  -0.13     0.00
  MONTH TO DATE    0.57                      2.63  -2.06     4.93
  SINCE MAR 1      4.55                      4.51   0.04     6.00
  SINCE JAN 1      5.95                      6.20  -0.25     7.36

SNOWFALL (IN)
  YESTERDAY        0.0           1.7  1965   0.0    0.0      0.0
  MONTH TO DATE    0.5                       3.0   -2.5      1.5
  SINCE JUL 1     47.9                      51.6   -3.7     50.4
  SNOW DEPTH       0

DEGREE DAYS
 HEATING
  YESTERDAY        3                        14    -11       18
  MONTH TO DATE  427                       488    -61      451
  SINCE JUL 1   6442                      7360   -918     7749

 COOLING
  YESTERDAY        0                         0      0        0
  MONTH TO DATE    1                         0      1        0
  SINCE JAN 1      1                         0      1        0
..................................................................


WIND (MPH)
  HIGHEST WIND SPEED    26   HIGHEST WIND DIRECTION     W (250)
  HIGHEST GUST SPEED    33   HIGHEST GUST DIRECTION    SW (220)
  AVERAGE WIND SPEED    13.8


SKY COVER
  POSSIBLE SUNSHINE  MM
  AVERAGE SKY COVER 0.7


WEATHER CONDITIONS
 THE FOLLOWING WEATHER WAS RECORDED YESTERDAY.
  FOG
  HAZE


RELATIVE HUMIDITY (PERCENT)
 HIGHEST    93           600 AM
 LOWEST     53          1200 PM
 AVERAGE    73

..........................................................


THE ROCHESTER MN CLIMATE NORMALS FOR TODAY
                         NORMAL    RECORD    YEAR
 MAXIMUM TEMPERATURE (F)   62        84      1962
 MINIMUM TEMPERATURE (F)   41        24      1930
                                             1919


SUNRISE AND SUNSET
APRIL 26 2016.........SUNRISE   608 AM CDT   SUNSET   808 PM CDT
APRIL 27 2016.........SUNRISE   607 AM CDT   SUNSET   809 PM CDT


-  INDICATES NEGATIVE NUMBERS.
R  INDICATES RECORD WAS SET OR TIED.
MM INDICATES DATA IS MISSING.
T  INDICATES TRACE AMOUNT.




$$
