000
CDUS43 KARX 142138
CLIRST


CLIMATE REPORT
NATIONAL WEATHER SERVICE LA CROSSE WI
437 PM CDT THU SEP 14 2017


...................................

...THE ROCHESTER MN CLIMATE SUMMARY FOR SEPTEMBER 14 2017...
VALID TODAY AS OF 0400 PM LOCAL TIME.

CLIMATE NORMAL PERIOD 1981 TO 2010
CLIMATE RECORD PERIOD 1886 TO 2017


WEATHER ITEM   OBSERVED TIME   RECORD YEAR NORMAL DEPARTURE LAST
                VALUE   (LST)  VALUE       VALUE  FROM      YEAR
                                                  NORMAL
..................................................................
TEMPERATURE (F)
 TODAY
  MAXIMUM         86    254 PM  95    1939  72     14       71
  MINIMUM         59    616 AM  33    1929  51      8       50
  AVERAGE         73                        62     11       61

PRECIPITATION (IN)
  TODAY            0.00          4.04 2004   0.11  -0.11     0.00
  MONTH TO DATE    0.28                      1.69  -1.41     3.37
  SINCE SEP 1      0.28                      1.69  -1.41     3.37
  SINCE JAN 1     24.78                     25.88  -1.10    31.64

SNOWFALL (IN)
  TODAY            0.0           0.0  2012   0.0    0.0      0.0
  MONTH TO DATE    0.0                       0.0    0.0      0.0
  SINCE JUL 1      0.0                       0.0    0.0      0.0
  SNOW DEPTH       0

DEGREE DAYS
 HEATING
  TODAY            0                         5     -5        4
  MONTH TO DATE   51                        48      3       18
  SINCE JUL 1     92                        86      6       29

 COOLING
  TODAY            8                         2      6        0
  MONTH TO DATE   21                        36    -15       34
  SINCE JAN 1    423                       561   -138      607
..................................................................


WIND (MPH)
  HIGHEST WIND SPEED    18   HIGHEST WIND DIRECTION     S (190)
  HIGHEST GUST SPEED    25   HIGHEST GUST DIRECTION     S (190)
  AVERAGE WIND SPEED     9.6


SKY COVER
  POSSIBLE SUNSHINE  MM
  AVERAGE SKY COVER 0.0


WEATHER CONDITIONS
 THE FOLLOWING WEATHER WAS RECORDED TODAY.
  FOG


RELATIVE HUMIDITY (PERCENT)
 HIGHEST    97           400 AM
 LOWEST     45           200 PM
 AVERAGE    71

..........................................................


THE ROCHESTER MN CLIMATE NORMALS FOR TOMORROW
                         NORMAL    RECORD    YEAR
 MAXIMUM TEMPERATURE (F)   72        96      1939
 MINIMUM TEMPERATURE (F)   51        31      2011


SUNRISE AND SUNSET
SEPTEMBER 14 2017.....SUNRISE   648 AM CDT   SUNSET   722 PM CDT
SEPTEMBER 15 2017.....SUNRISE   650 AM CDT   SUNSET   720 PM CDT


-  INDICATES NEGATIVE NUMBERS.
R  INDICATES RECORD WAS SET OR TIED.
MM INDICATES DATA IS MISSING.
T  INDICATES TRACE AMOUNT.




$$
