000
CDUS43 KARX 170641
CLIRST


CLIMATE REPORT
NATIONAL WEATHER SERVICE LA CROSSE WI
1240 AM CST FRI FEB 17 2017


...................................

...THE ROCHESTER MN CLIMATE SUMMARY FOR FEBRUARY 16 2017...

CLIMATE NORMAL PERIOD 1981 TO 2010
CLIMATE RECORD PERIOD 1886 TO 2017


WEATHER ITEM   OBSERVED TIME   RECORD YEAR NORMAL DEPARTURE LAST
                VALUE   (LST)  VALUE       VALUE  FROM      YEAR
                                                  NORMAL
..................................................................
TEMPERATURE (F)
 YESTERDAY
  MAXIMUM         36    508 PM  59    1931  28      8       32
  MINIMUM         24    208 AM -34    1936  13     11       18
  AVERAGE         30                        20     10       25

PRECIPITATION (IN)
  YESTERDAY        0.00          0.34 2006   0.03  -0.03     0.01
  MONTH TO DATE    0.05                      0.43  -0.38     0.64
  SINCE DEC 1      4.24                      2.52   1.72     4.60
  SINCE JAN 1      2.17                      1.29   0.88     1.39

SNOWFALL (IN)
  YESTERDAY        0.0           6.6  2006   0.3   -0.3       T
  MONTH TO DATE    0.2                       5.0   -4.8     11.1
  SINCE JUL 1     34.1                      36.4   -2.3     32.5
  SNOW DEPTH       T

DEGREE DAYS
 HEATING
  YESTERDAY       35                        45    -10       40
  MONTH TO DATE  680                       747    -67      798
  SINCE JUL 1   4683                      5355   -672     4775

 COOLING
  YESTERDAY        0                         0      0        0
  MONTH TO DATE    0                         0      0        0
  SINCE JAN 1      0                         0      0        0
..................................................................


WIND (MPH)
  HIGHEST WIND SPEED    22   HIGHEST WIND DIRECTION    SE (150)
  HIGHEST GUST SPEED    27   HIGHEST GUST DIRECTION    SE (150)
  AVERAGE WIND SPEED    13.8


SKY COVER
  POSSIBLE SUNSHINE  MM
  AVERAGE SKY COVER 0.0


WEATHER CONDITIONS
 THE FOLLOWING WEATHER WAS RECORDED YESTERDAY.
  NO SIGNIFICANT WEATHER WAS OBSERVED.


RELATIVE HUMIDITY (PERCENT)
 HIGHEST    92          1200 AM
 LOWEST     69          1100 AM
 AVERAGE    81

..........................................................


THE ROCHESTER MN CLIMATE NORMALS FOR TODAY
                         NORMAL    RECORD    YEAR
 MAXIMUM TEMPERATURE (F)   29        63      1981
 MINIMUM TEMPERATURE (F)   13       -22      1910


SUNRISE AND SUNSET
FEBRUARY 17 2017......SUNRISE   706 AM CST   SUNSET   543 PM CST
FEBRUARY 18 2017......SUNRISE   704 AM CST   SUNSET   544 PM CST


-  INDICATES NEGATIVE NUMBERS.
R  INDICATES RECORD WAS SET OR TIED.
MM INDICATES DATA IS MISSING.
T  INDICATES TRACE AMOUNT.




$$
