691
CDUS43 KARX 070636
CLIRST


CLIMATE REPORT
NATIONAL WEATHER SERVICE LA CROSSE WI
1235 AM CST THU DEC 7 2017


...................................

...THE ROCHESTER MN CLIMATE SUMMARY FOR DECEMBER 6 2017...

CLIMATE NORMAL PERIOD 1981 TO 2010
CLIMATE RECORD PERIOD 1886 TO 2017


WEATHER ITEM   OBSERVED TIME   RECORD YEAR NORMAL DEPARTURE LAST
                VALUE   (LST)  VALUE       VALUE  FROM      YEAR
                                                  NORMAL
..................................................................
TEMPERATURE (F)
 YESTERDAY
  MAXIMUM         24   1259 PM  48    1911  30     -6       33
  MINIMUM         14    803 AM -28    1972  15     -1       16
  AVERAGE         19                        23     -4       25

PRECIPITATION (IN)
  YESTERDAY        T             0.38 1950   0.04  -0.04     0.07
  MONTH TO DATE    0.06                      0.29  -0.23     0.40
  SINCE DEC 1      0.06                      0.29  -0.23     0.40
  SINCE JAN 1     32.24                     32.08   0.16    41.88

SNOWFALL (IN)
  YESTERDAY        0.2           5.7  1950   0.4   -0.2      0.7
  MONTH TO DATE    0.4                       2.4   -2.0      3.3
  SINCE JUL 1      3.7                       9.3   -5.6      4.3
  SNOW DEPTH       0

DEGREE DAYS
 HEATING
  YESTERDAY       46                        42      4       40
  MONTH TO DATE  190                       246    -56      207
  SINCE JUL 1   1768                      1918   -150     1342

 COOLING
  YESTERDAY        0                         0      0        0
  MONTH TO DATE    0                         0      0        0
  SINCE JAN 1    494                       585    -91      629
..................................................................


WIND (MPH)
  HIGHEST WIND SPEED    29   HIGHEST WIND DIRECTION     W (290)
  HIGHEST GUST SPEED    34   HIGHEST GUST DIRECTION    NW (310)
  AVERAGE WIND SPEED    19.5


SKY COVER
  POSSIBLE SUNSHINE  MM
  AVERAGE SKY COVER 0.5


WEATHER CONDITIONS
 THE FOLLOWING WEATHER WAS RECORDED YESTERDAY.
  LIGHT SNOW
  FOG


RELATIVE HUMIDITY (PERCENT)
 HIGHEST    88           600 PM
 LOWEST     68           100 PM
 AVERAGE    78

..........................................................


THE ROCHESTER MN CLIMATE NORMALS FOR TODAY
                         NORMAL    RECORD    YEAR
 MAXIMUM TEMPERATURE (F)   30        56      1939
 MINIMUM TEMPERATURE (F)   15       -28      1972


SUNRISE AND SUNSET
DECEMBER  7 2017......SUNRISE   731 AM CST   SUNSET   432 PM CST
DECEMBER  8 2017......SUNRISE   732 AM CST   SUNSET   432 PM CST


-  INDICATES NEGATIVE NUMBERS.
R  INDICATES RECORD WAS SET OR TIED.
MM INDICATES DATA IS MISSING.
T  INDICATES TRACE AMOUNT.




$$
