000
CDUS43 KARX 100704
CLIRST


CLIMATE REPORT
NATIONAL WEATHER SERVICE LA CROSSE WI
104 AM CST SAT FEB 10 2018


...................................

...THE ROCHESTER MN CLIMATE SUMMARY FOR FEBRUARY 9 2018...

CLIMATE NORMAL PERIOD 1981 TO 2010
CLIMATE RECORD PERIOD 1886 TO 2018


WEATHER ITEM   OBSERVED TIME   RECORD YEAR NORMAL DEPARTURE LAST
                VALUE   (LST)  VALUE       VALUE  FROM      YEAR
                                                  NORMAL
..................................................................
TEMPERATURE (F)
 YESTERDAY
  MAXIMUM         11   1226 AM  49    1966  26    -15       18
                                      1954
  MINIMUM         -2    810 PM -31    1888  10    -12        0
  AVERAGE          5                        18    -13        9

PRECIPITATION (IN)
  YESTERDAY        0.03          0.65 1909   0.03   0.00     0.00
  MONTH TO DATE    0.26                      0.24   0.02     0.01
  SINCE DEC 1      2.19                      2.33  -0.14     4.20
  SINCE JAN 1      1.68                      1.10   0.58     2.13

SNOWFALL (IN)
  YESTERDAY        0.7           6.5  1909   0.3    0.4      0.0
  MONTH TO DATE    4.6                       3.0    1.6      0.2
  SINCE JUL 1     31.3                      34.4   -3.1     34.1
  SNOW DEPTH       6

DEGREE DAYS
 HEATING
  YESTERDAY       60                        47     13       56
  MONTH TO DATE  531                       428    103      441
  SINCE JUL 1   5116                      5036     80     4444

 COOLING
  YESTERDAY        0                         0      0        0
  MONTH TO DATE    0                         0      0        0
  SINCE JAN 1      0                         0      0        0
..................................................................


WIND (MPH)
  HIGHEST WIND SPEED    17   HIGHEST WIND DIRECTION     N (10)
  HIGHEST GUST SPEED    22   HIGHEST GUST DIRECTION     N (20)
  AVERAGE WIND SPEED    10.4


SKY COVER
  POSSIBLE SUNSHINE  MM
  AVERAGE SKY COVER 0.3


WEATHER CONDITIONS
 THE FOLLOWING WEATHER WAS RECORDED YESTERDAY.
  LIGHT SNOW
  FOG
  HAZE


RELATIVE HUMIDITY (PERCENT)
 HIGHEST    92          1200 AM
 LOWEST     60           400 PM
 AVERAGE    76

..........................................................


THE ROCHESTER MN CLIMATE NORMALS FOR TODAY
                         NORMAL    RECORD    YEAR
 MAXIMUM TEMPERATURE (F)   27        48      1977
 MINIMUM TEMPERATURE (F)   11       -29      1888


SUNRISE AND SUNSET
FEBRUARY 10 2018......SUNRISE   716 AM CST   SUNSET   533 PM CST
FEBRUARY 11 2018......SUNRISE   715 AM CST   SUNSET   534 PM CST


-  INDICATES NEGATIVE NUMBERS.
R  INDICATES RECORD WAS SET OR TIED.
MM INDICATES DATA IS MISSING.
T  INDICATES TRACE AMOUNT.




$$
