000
CDUS43 KARX 202144
CLIRST


CLIMATE REPORT
NATIONAL WEATHER SERVICE LA CROSSE WI
443 PM CDT TUE SEP 20 2016


...................................

...THE ROCHESTER MN CLIMATE SUMMARY FOR SEPTEMBER 20 2016...
VALID TODAY AS OF 0430 PM LOCAL TIME.

CLIMATE NORMAL PERIOD 1981 TO 2010
CLIMATE RECORD PERIOD 1886 TO 2016


WEATHER ITEM   OBSERVED TIME   RECORD YEAR NORMAL DEPARTURE LAST
                VALUE   (LST)  VALUE       VALUE  FROM      YEAR
                                                  NORMAL
..................................................................
TEMPERATURE (F)
 TODAY
  MAXIMUM         82    235 PM  92    1908  70     12       72
  MINIMUM         52    608 AM  28    1991  48      4       44
  AVERAGE         67                        59      8       58

PRECIPITATION (IN)
  TODAY            T             1.62 1986   0.11  -0.11      T
  MONTH TO DATE    4.65                      2.36   2.29     2.82
  SINCE SEP 1      4.65                      2.36   2.29     2.82
  SINCE JAN 1     32.92                     26.55   6.37    27.99

SNOWFALL (IN)
  TODAY            0.0           0.0  2012   0.0    0.0      0.0
  MONTH TO DATE    0.0                       0.0    0.0      0.0
  SINCE JUL 1      0.0                       0.0    0.0      0.0
  SNOW DEPTH       0

DEGREE DAYS
 HEATING
  TODAY            0                         7     -7        7
  MONTH TO DATE   23                        85    -62       54
  SINCE JUL 1     34                       123    -89      113

 COOLING
  TODAY            2                         1      1        0
  MONTH TO DATE   44                        45     -1      108
  SINCE JAN 1    617                       570     47      483
..................................................................


WIND (MPH)
  HIGHEST WIND SPEED    17   HIGHEST WIND DIRECTION     S (160)
  HIGHEST GUST SPEED    22   HIGHEST GUST DIRECTION     S (160)
  AVERAGE WIND SPEED     7.3


SKY COVER
  POSSIBLE SUNSHINE  MM
  AVERAGE SKY COVER 0.0


WEATHER CONDITIONS
 THE FOLLOWING WEATHER WAS RECORDED TODAY.
  NO SIGNIFICANT WEATHER WAS OBSERVED.


RELATIVE HUMIDITY (PERCENT)
 HIGHEST   100           200 AM
 LOWEST     35           100 PM
 AVERAGE    68

..........................................................


THE ROCHESTER MN CLIMATE NORMALS FOR TOMORROW
                         NORMAL    RECORD    YEAR
 MAXIMUM TEMPERATURE (F)   69        94      1908
 MINIMUM TEMPERATURE (F)   48        27      1918


SUNRISE AND SUNSET
SEPTEMBER 20 2016.....SUNRISE   655 AM CDT   SUNSET   710 PM CDT
SEPTEMBER 21 2016.....SUNRISE   657 AM CDT   SUNSET   708 PM CDT


-  INDICATES NEGATIVE NUMBERS.
R  INDICATES RECORD WAS SET OR TIED.
MM INDICATES DATA IS MISSING.
T  INDICATES TRACE AMOUNT.




$$
