000
CDUS43 KARX 270645
CLIRST


CLIMATE REPORT
NATIONAL WEATHER SERVICE LA CROSSE WI
145 AM CDT THU AUG 27 2015


...................................

...THE ROCHESTER MN CLIMATE SUMMARY FOR AUGUST 26 2015...

CLIMATE NORMAL PERIOD 1981 TO 2010
CLIMATE RECORD PERIOD 1886 TO 2015


WEATHER ITEM   OBSERVED TIME   RECORD YEAR NORMAL DEPARTURE LAST
                VALUE   (LST)  VALUE       VALUE  FROM      YEAR
                                                  NORMAL
..................................................................
TEMPERATURE (F)
 YESTERDAY
  MAXIMUM         73    358 PM  95    1955  78     -5       73
                                      1948
  MINIMUM         47    539 AM  33    1934  58    -11       59
  AVERAGE         60                        68     -8       66

PRECIPITATION (IN)
  YESTERDAY        0.00          2.15 2000   0.14  -0.14     0.00
  MONTH TO DATE    2.30                      3.82  -1.52     3.01
  SINCE JUN 1     11.70                     13.05  -1.35    12.51
  SINCE JAN 1     24.31                     23.49   0.82    23.84

SNOWFALL (IN)
  YESTERDAY        0.0           0.0  2012   0.0    0.0      0.0
  MONTH TO DATE    0.0                       0.0    0.0      0.0
  SINCE JUL 1      0.0                       0.0    0.0      0.0
  SNOW DEPTH       0

DEGREE DAYS
 HEATING
  YESTERDAY        5                         1      4        0
  MONTH TO DATE   35                        23     12        0
  SINCE JUL 1     52                        34     18       22

 COOLING
  YESTERDAY        0                         4     -4        1
  MONTH TO DATE   90                       136    -46      156
  SINCE JAN 1    367                       507   -140      436
..................................................................


WIND (MPH)
  HIGHEST WIND SPEED     9   HIGHEST WIND DIRECTION     W (290)
  HIGHEST GUST SPEED    10   HIGHEST GUST DIRECTION    NW (300)
  AVERAGE WIND SPEED     3.6


SKY COVER
  POSSIBLE SUNSHINE  MM
  AVERAGE SKY COVER 0.0


WEATHER CONDITIONS
 THE FOLLOWING WEATHER WAS RECORDED YESTERDAY.
  NO SIGNIFICANT WEATHER WAS OBSERVED.


RELATIVE HUMIDITY (PERCENT)
 HIGHEST   100           600 AM
 LOWEST     49           400 PM
 AVERAGE    75

..........................................................


THE ROCHESTER MN CLIMATE NORMALS FOR TODAY
                         NORMAL    RECORD    YEAR
 MAXIMUM TEMPERATURE (F)   78        93      1984
                                             1956
 MINIMUM TEMPERATURE (F)   58        39      1941


SUNRISE AND SUNSET
AUGUST 27 2015........SUNRISE   627 AM CDT   SUNSET   755 PM CDT
AUGUST 28 2015........SUNRISE   629 AM CDT   SUNSET   753 PM CDT


-  INDICATES NEGATIVE NUMBERS.
R  INDICATES RECORD WAS SET OR TIED.
MM INDICATES DATA IS MISSING.
T  INDICATES TRACE AMOUNT.




$$
