000
CDUS43 KARX 240645
CLIRST


CLIMATE REPORT
NATIONAL WEATHER SERVICE LA CROSSE WI
145 AM CDT TUE MAR 24 2015


...................................

...THE ROCHESTER MN CLIMATE SUMMARY FOR MARCH 23 2015...

CLIMATE NORMAL PERIOD 1981 TO 2010
CLIMATE RECORD PERIOD 1886 TO 2015


WEATHER ITEM   OBSERVED TIME   RECORD YEAR NORMAL DEPARTURE LAST
                VALUE   (LST)  VALUE       VALUE  FROM      YEAR
                                                  NORMAL
..................................................................
TEMPERATURE (F)
 YESTERDAY
  MAXIMUM         30    529 PM  72    1945  44    -14       24
  MINIMUM         26   1159 PM  -8    1888  27     -1        8
  AVERAGE         28                        36     -8       16

PRECIPITATION (IN)
  YESTERDAY        0.09          0.83 1966   0.07   0.02      T
  MONTH TO DATE    0.75                      1.28  -0.53     0.66
  SINCE MAR 1      0.75                      1.28  -0.53     0.66
  SINCE JAN 1      2.11                      2.97  -0.86     3.42

SNOWFALL (IN)
  YESTERDAY        0.5           7.4  1951   0.2    0.3       T
  MONTH TO DATE    8.2                       7.0    1.2      5.8
  SINCE JUL 1     46.2                      46.9   -0.7     53.6
  SNOW DEPTH       8

DEGREE DAYS
 HEATING
  YESTERDAY       37                        29      8       49
  MONTH TO DATE  747                       793    -46      995
  SINCE JUL 1   7042                      6654    388     7720

 COOLING
  YESTERDAY        0                         0      0        0
  MONTH TO DATE    0                         0      0        0
  SINCE JAN 1      0                         0      0        0
..................................................................


WIND (MPH)
  HIGHEST WIND SPEED    18   HIGHEST WIND DIRECTION     E (110)
  HIGHEST GUST SPEED    23   HIGHEST GUST DIRECTION     E (100)
  AVERAGE WIND SPEED    10.6


SKY COVER
  POSSIBLE SUNSHINE  MM
  AVERAGE SKY COVER 1.0


WEATHER CONDITIONS
 THE FOLLOWING WEATHER WAS RECORDED YESTERDAY.
  LIGHT SNOW
  FOG


RELATIVE HUMIDITY (PERCENT)
 HIGHEST    92          1200 AM
 LOWEST     75          1200 PM
 AVERAGE    84

..........................................................


THE ROCHESTER MN CLIMATE NORMALS FOR TODAY
                         NORMAL    RECORD    YEAR
 MAXIMUM TEMPERATURE (F)   45        82      1910
 MINIMUM TEMPERATURE (F)   28        -9      1974


SUNRISE AND SUNSET
MARCH 24 2015.........SUNRISE   706 AM CDT   SUNSET   727 PM CDT
MARCH 25 2015.........SUNRISE   705 AM CDT   SUNSET   728 PM CDT


-  INDICATES NEGATIVE NUMBERS.
R  INDICATES RECORD WAS SET OR TIED.
MM INDICATES DATA IS MISSING.
T  INDICATES TRACE AMOUNT.




$$
