000
CDUS43 KARX 080647
CLIRST


CLIMATE REPORT
NATIONAL WEATHER SERVICE LA CROSSE WI
146 AM CDT SUN OCT 8 2017


...................................

...THE ROCHESTER MN CLIMATE SUMMARY FOR OCTOBER 7 2017...

CLIMATE NORMAL PERIOD 1981 TO 2010
CLIMATE RECORD PERIOD 1886 TO 2017


WEATHER ITEM   OBSERVED TIME   RECORD YEAR NORMAL DEPARTURE LAST
                VALUE   (LST)  VALUE       VALUE  FROM      YEAR
                                                  NORMAL
..................................................................
TEMPERATURE (F)
 YESTERDAY
  MAXIMUM         64    653 AM  84    2011  63      1       53
  MINIMUM         53   1159 PM  22    1976  41     12       35
  AVERAGE         59                        52      7       44

PRECIPITATION (IN)
  YESTERDAY        1.00          1.62 2008   0.08   0.92     0.05
  MONTH TO DATE    3.77                      0.65   3.12     0.52
  SINCE SEP 1      5.94                      4.10   1.84     9.62
  SINCE JAN 1     30.44                     28.29   2.15    37.89

SNOWFALL (IN)
  YESTERDAY        0.0           T    2000   0.0    0.0      0.0
  MONTH TO DATE    0.0                       0.0    0.0      0.0
  SINCE JUL 1      0.0                       0.0    0.0      0.0
  SNOW DEPTH       0

DEGREE DAYS
 HEATING
  YESTERDAY        6                        14     -8       21
  MONTH TO DATE   50                        87    -37       47
  SINCE JUL 1    202                       302   -100      124

 COOLING
  YESTERDAY        0                         0      0        0
  MONTH TO DATE    1                         4     -3        1
  SINCE JAN 1    494                       583    -89      629
..................................................................


WIND (MPH)
  HIGHEST WIND SPEED    20   HIGHEST WIND DIRECTION    NW (300)
  HIGHEST GUST SPEED    24   HIGHEST GUST DIRECTION    NW (300)
  AVERAGE WIND SPEED     8.6


SKY COVER
  POSSIBLE SUNSHINE  MM
  AVERAGE SKY COVER 0.7


WEATHER CONDITIONS
 THE FOLLOWING WEATHER WAS RECORDED YESTERDAY.
  THUNDERSTORM
  HEAVY RAIN
  RAIN
  LIGHT RAIN
  FOG


RELATIVE HUMIDITY (PERCENT)
 HIGHEST   100          1200 AM
 LOWEST     83          1000 PM
 AVERAGE    92

..........................................................


THE ROCHESTER MN CLIMATE NORMALS FOR TODAY
                         NORMAL    RECORD    YEAR
 MAXIMUM TEMPERATURE (F)   62        88      1916
 MINIMUM TEMPERATURE (F)   41        21      1976


SUNRISE AND SUNSET
OCTOBER  8 2017.......SUNRISE   716 AM CDT   SUNSET   638 PM CDT
OCTOBER  9 2017.......SUNRISE   717 AM CDT   SUNSET   636 PM CDT


-  INDICATES NEGATIVE NUMBERS.
R  INDICATES RECORD WAS SET OR TIED.
MM INDICATES DATA IS MISSING.
T  INDICATES TRACE AMOUNT.




$$
