000
CDUS43 KARX 190635
CLIRST


CLIMATE REPORT
NATIONAL WEATHER SERVICE LA CROSSE WI
132 AM CDT MON SEP 19 2016


...................................

...THE ROCHESTER MN CLIMATE SUMMARY FOR SEPTEMBER 18 2016...

CLIMATE NORMAL PERIOD 1981 TO 2010
CLIMATE RECORD PERIOD 1886 TO 2016


WEATHER ITEM   OBSERVED TIME   RECORD YEAR NORMAL DEPARTURE LAST
                VALUE   (LST)  VALUE       VALUE  FROM      YEAR
                                                  NORMAL
..................................................................
TEMPERATURE (F)
 YESTERDAY
  MAXIMUM         83    402 PM  93    1955  71     12       66
  MINIMUM         52    545 AM  26    1929  49      3       53
  AVERAGE         68                        60      8       60

PRECIPITATION (IN)
  YESTERDAY        0.00          1.26 2003   0.12  -0.12      T
  MONTH TO DATE    4.65                      2.14   2.51     2.82
  SINCE SEP 1      4.65                      2.14   2.51     2.82
  SINCE JAN 1     32.92                     26.33   6.59    27.99

SNOWFALL (IN)
  YESTERDAY        0.0           0.0  2012   0.0    0.0      0.0
  MONTH TO DATE    0.0                       0.0    0.0      0.0
  SINCE JUL 1      0.0                       0.0    0.0      0.0
  SNOW DEPTH       0

DEGREE DAYS
 HEATING
  YESTERDAY        0                         6     -6        5
  MONTH TO DATE   23                        71    -48       40
  SINCE JUL 1     34                       109    -75       99

 COOLING
  YESTERDAY        3                         1      2        0
  MONTH TO DATE   41                        43     -2      108
  SINCE JAN 1    614                       568     46      483
..................................................................


WIND (MPH)
  HIGHEST WIND SPEED    22   HIGHEST WIND DIRECTION     S (200)
  HIGHEST GUST SPEED    31   HIGHEST GUST DIRECTION    SW (210)
  AVERAGE WIND SPEED    12.3


SKY COVER
  POSSIBLE SUNSHINE  MM
  AVERAGE SKY COVER 0.1


WEATHER CONDITIONS
 THE FOLLOWING WEATHER WAS RECORDED YESTERDAY.
  NO SIGNIFICANT WEATHER WAS OBSERVED.


RELATIVE HUMIDITY (PERCENT)
 HIGHEST    93          1200 AM
 LOWEST     40           300 PM
 AVERAGE    67

..........................................................


THE ROCHESTER MN CLIMATE NORMALS FOR TODAY
                         NORMAL    RECORD    YEAR
 MAXIMUM TEMPERATURE (F)   70        92      1908
 MINIMUM TEMPERATURE (F)   49        30      1991
                                             1929


SUNRISE AND SUNSET
SEPTEMBER 19 2016.....SUNRISE   654 AM CDT   SUNSET   712 PM CDT
SEPTEMBER 20 2016.....SUNRISE   655 AM CDT   SUNSET   710 PM CDT


-  INDICATES NEGATIVE NUMBERS.
R  INDICATES RECORD WAS SET OR TIED.
MM INDICATES DATA IS MISSING.
T  INDICATES TRACE AMOUNT.




$$
