000
CDUS43 KARX 102234
CLIRST


CLIMATE REPORT
NATIONAL WEATHER SERVICE LA CROSSE WI
432 PM CST SAT FEB 10 2018


...................................

...THE ROCHESTER MN CLIMATE SUMMARY FOR FEBRUARY 10 2018...
VALID TODAY AS OF 0400 PM LOCAL TIME.

CLIMATE NORMAL PERIOD 1981 TO 2010
CLIMATE RECORD PERIOD 1886 TO 2018


WEATHER ITEM   OBSERVED TIME   RECORD YEAR NORMAL DEPARTURE LAST
                VALUE   (LST)  VALUE       VALUE  FROM      YEAR
                                                  NORMAL
..................................................................
TEMPERATURE (F)
 TODAY
  MAXIMUM         10   1258 PM  48    1977  27    -17       38
  MINIMUM         -6    757 AM -29    1888  11    -17       16
  AVERAGE          2                        18    -16       27

PRECIPITATION (IN)
  TODAY            0.00          0.58 1959   0.02  -0.02     0.00
  MONTH TO DATE    0.26                      0.26   0.00     0.01
  SINCE DEC 1      2.19                      2.35  -0.16     4.20
  SINCE JAN 1      1.68                      1.12   0.56     2.13

SNOWFALL (IN)
  TODAY            0.0           7.8  1959   0.3   -0.3      0.0
  MONTH TO DATE    4.6                       3.3    1.3      0.2
  SINCE JUL 1     31.3                      34.7   -3.4     34.1
  SNOW DEPTH       6

DEGREE DAYS
 HEATING
  TODAY           63                        46     17       38
  MONTH TO DATE  594                       474    120      479
  SINCE JUL 1   5179                      5082     97     4482

 COOLING
  TODAY            0                         0      0        0
  MONTH TO DATE    0                         0      0        0
  SINCE JAN 1      0                         0      0        0
..................................................................


WIND (MPH)
  HIGHEST WIND SPEED    13   HIGHEST WIND DIRECTION    NW (320)
  HIGHEST GUST SPEED    15   HIGHEST GUST DIRECTION    NW (320)
  AVERAGE WIND SPEED     8.1


SKY COVER
  POSSIBLE SUNSHINE  MM
  AVERAGE SKY COVER 0.3


WEATHER CONDITIONS
 THE FOLLOWING WEATHER WAS RECORDED TODAY.
  NO SIGNIFICANT WEATHER WAS OBSERVED.


RELATIVE HUMIDITY (PERCENT)
 HIGHEST   100           800 AM
 LOWEST     63           100 PM
 AVERAGE    82

..........................................................


THE ROCHESTER MN CLIMATE NORMALS FOR TOMORROW
                         NORMAL    RECORD    YEAR
 MAXIMUM TEMPERATURE (F)   27        55      1961
 MINIMUM TEMPERATURE (F)   11       -25      1929


SUNRISE AND SUNSET
FEBRUARY 10 2018......SUNRISE   716 AM CST   SUNSET   533 PM CST
FEBRUARY 11 2018......SUNRISE   715 AM CST   SUNSET   534 PM CST


-  INDICATES NEGATIVE NUMBERS.
R  INDICATES RECORD WAS SET OR TIED.
MM INDICATES DATA IS MISSING.
T  INDICATES TRACE AMOUNT.




$$
