000
CDUS43 KARX 250714
CLIRST


CLIMATE REPORT
NATIONAL WEATHER SERVICE LA CROSSE WI
206 AM CDT MON AUG 25 2014


...................................

...THE ROCHESTER MN CLIMATE SUMMARY FOR AUGUST 24 2014...

CLIMATE NORMAL PERIOD 1981 TO 2010
CLIMATE RECORD PERIOD 1886 TO 2014


WEATHER ITEM   OBSERVED TIME   RECORD YEAR NORMAL DEPARTURE LAST
                VALUE   (LST)  VALUE       VALUE  FROM      YEAR
                                                  NORMAL
..................................................................
TEMPERATURE (F)
 YESTERDAY
  MAXIMUM         87    435 PM 100    1948  78      9       85
  MINIMUM         69    557 AM  34    1934  59     10       65
  AVERAGE         78                        68     10       75

PRECIPITATION (IN)
  YESTERDAY        0.05          2.77 2006   0.15  -0.10     0.01
  MONTH TO DATE    2.99                      3.54  -0.55     1.80
  SINCE JUN 1     11.72                     12.77  -1.05    10.80
  SINCE JAN 1     23.05                     23.21  -0.16    34.70

SNOWFALL (IN)
  YESTERDAY        0.0           0.0  2012   0.0    0.0      0.0
  MONTH TO DATE    0.0                       0.0    0.0      0.0
  SINCE JUL 1      0.0                       0.0    0.0      0.0
  SNOW DEPTH       0

DEGREE DAYS
 HEATING
  YESTERDAY        0                         1     -1        0
  MONTH TO DATE    0                        21    -21       11
  SINCE JUL 1     22                        32    -10       34

 COOLING
  YESTERDAY       13                         4      9       10
  MONTH TO DATE  147                       128     19       71
  SINCE JAN 1    427                       499    -72      456
..................................................................


WIND (MPH)
  HIGHEST WIND SPEED    20   HIGHEST WIND DIRECTION    SE (150)
  HIGHEST GUST SPEED    27   HIGHEST GUST DIRECTION     S (160)
  AVERAGE WIND SPEED    10.9


SKY COVER
  POSSIBLE SUNSHINE  MM
  AVERAGE SKY COVER 0.4


WEATHER CONDITIONS
 THE FOLLOWING WEATHER WAS RECORDED YESTERDAY.
  THUNDERSTORM
  LIGHT RAIN
  FOG


RELATIVE HUMIDITY (PERCENT)
 HIGHEST    97           400 AM
 LOWEST     63           300 PM
 AVERAGE    80

..........................................................


THE ROCHESTER MN CLIMATE NORMALS FOR TODAY
                         NORMAL    RECORD    YEAR
 MAXIMUM TEMPERATURE (F)   78        97      1948
 MINIMUM TEMPERATURE (F)   58        36      1958


SUNRISE AND SUNSET
AUGUST 25 2014........SUNRISE   625 AM CDT   SUNSET   758 PM CDT
AUGUST 26 2014........SUNRISE   627 AM CDT   SUNSET   756 PM CDT


-  INDICATES NEGATIVE NUMBERS.
R  INDICATES RECORD WAS SET OR TIED.
MM INDICATES DATA IS MISSING.
T  INDICATES TRACE AMOUNT.




$$
