000
CDUS43 KARX 030643
CLIRST


CLIMATE REPORT
NATIONAL WEATHER SERVICE LA CROSSE WI
1243 AM CST WED FEB 3 2016


...................................

...THE ROCHESTER MN CLIMATE SUMMARY FOR FEBRUARY 2 2016...

CLIMATE NORMAL PERIOD 1981 TO 2010
CLIMATE RECORD PERIOD 1886 TO 2016


WEATHER ITEM   OBSERVED TIME   RECORD YEAR NORMAL DEPARTURE LAST
                VALUE   (LST)  VALUE       VALUE  FROM      YEAR
                                                  NORMAL
..................................................................
TEMPERATURE (F)
 YESTERDAY
  MAXIMUM         30    617 PM  48    2012  25      5        9
  MINIMUM         27    826 AM -35    1996   9     18       -7
  AVERAGE         29                        17     12        1

PRECIPITATION (IN)
  YESTERDAY        0.41          0.67 1983   0.02   0.39     0.00
  MONTH TO DATE    0.41                      0.05   0.36     0.20
  SINCE DEC 1      4.37                      2.14   2.23     1.93
  SINCE JAN 1      1.16                      0.91   0.25     0.91

SNOWFALL (IN)
  YESTERDAY        6.7           9.3  1983   0.3    6.4      0.0
  MONTH TO DATE    6.7                       0.7    6.0      2.4
  SINCE JUL 1     28.1                      32.1   -4.0     29.8
  SNOW DEPTH       4

DEGREE DAYS
 HEATING
  YESTERDAY       36                        48    -12       64
  MONTH TO DATE   76                        96    -20      115
  SINCE JUL 1   4053                      4704   -651     4816

 COOLING
  YESTERDAY        0                         0      0        0
  MONTH TO DATE    0                         0      0        0
  SINCE JAN 1      0                         0      0        0
..................................................................


WIND (MPH)
  HIGHEST WIND SPEED    28   HIGHEST WIND DIRECTION    NE (30)
  HIGHEST GUST SPEED    33   HIGHEST GUST DIRECTION    NE (40)
  AVERAGE WIND SPEED    17.3


SKY COVER
  POSSIBLE SUNSHINE  MM
  AVERAGE SKY COVER 1.0


WEATHER CONDITIONS
 THE FOLLOWING WEATHER WAS RECORDED YESTERDAY.
  LT FREEZING RAIN
  HEAVY SNOW
  SNOW
  LIGHT SNOW
  FOG
  FOG W/VISIBILITY <= 1/4 MILE


RELATIVE HUMIDITY (PERCENT)
 HIGHEST    92          1200 AM
 LOWEST     85           300 AM
 AVERAGE    89

..........................................................


THE ROCHESTER MN CLIMATE NORMALS FOR TODAY
                         NORMAL    RECORD    YEAR
 MAXIMUM TEMPERATURE (F)   25        51      1934
 MINIMUM TEMPERATURE (F)    9       -32      1912


SUNRISE AND SUNSET
FEBRUARY  3 2016......SUNRISE   725 AM CST   SUNSET   523 PM CST
FEBRUARY  4 2016......SUNRISE   724 AM CST   SUNSET   524 PM CST


-  INDICATES NEGATIVE NUMBERS.
R  INDICATES RECORD WAS SET OR TIED.
MM INDICATES DATA IS MISSING.
T  INDICATES TRACE AMOUNT.




$$
