000
CDUS43 KARX 140637
CLIRST


CLIMATE REPORT
NATIONAL WEATHER SERVICE LA CROSSE WI
136 AM CDT WED SEP 14 2016


...................................

...THE ROCHESTER MN CLIMATE SUMMARY FOR SEPTEMBER 13 2016...

CLIMATE NORMAL PERIOD 1981 TO 2010
CLIMATE RECORD PERIOD 1886 TO 2016


WEATHER ITEM   OBSERVED TIME   RECORD YEAR NORMAL DEPARTURE LAST
                VALUE   (LST)  VALUE       VALUE  FROM      YEAR
                                                  NORMAL
..................................................................
TEMPERATURE (F)
 YESTERDAY
  MAXIMUM         67   1209 PM  93    1908  73     -6       71
  MINIMUM         54    849 PM  32    1963  52      2       43
                                      1953
                                      1888
  AVERAGE         61                        62     -1       57

PRECIPITATION (IN)
  YESTERDAY        0.07          1.60 1993   0.12  -0.05     0.00
  MONTH TO DATE    3.37                      1.58   1.79     1.27
  SINCE SEP 1      3.37                      1.58   1.79     1.27
  SINCE JAN 1     31.64                     25.77   5.87    26.44

SNOWFALL (IN)
  YESTERDAY        0.0           0.0  2012   0.0    0.0      0.0
  MONTH TO DATE    0.0                       0.0    0.0      0.0
  SINCE JUL 1      0.0                       0.0    0.0      0.0
  SNOW DEPTH       0

DEGREE DAYS
 HEATING
  YESTERDAY        4                         5     -1        8
  MONTH TO DATE   14                        43    -29       35
  SINCE JUL 1     25                        81    -56       94

 COOLING
  YESTERDAY        0                         2     -2        0
  MONTH TO DATE   34                        34      0       82
  SINCE JAN 1    607                       559     48      457
..................................................................


WIND (MPH)
  HIGHEST WIND SPEED    17   HIGHEST WIND DIRECTION     N (340)
  HIGHEST GUST SPEED    23   HIGHEST GUST DIRECTION     N (340)
  AVERAGE WIND SPEED     8.9


SKY COVER
  POSSIBLE SUNSHINE  MM
  AVERAGE SKY COVER 0.5


WEATHER CONDITIONS
 THE FOLLOWING WEATHER WAS RECORDED YESTERDAY.
  THUNDERSTORM
  RAIN
  LIGHT RAIN
  FOG


RELATIVE HUMIDITY (PERCENT)
 HIGHEST   100          1200 AM
 LOWEST     63          1100 AM
 AVERAGE    82

..........................................................


THE ROCHESTER MN CLIMATE NORMALS FOR TODAY
                         NORMAL    RECORD    YEAR
 MAXIMUM TEMPERATURE (F)   72        95      1939
 MINIMUM TEMPERATURE (F)   51        33      1929


SUNRISE AND SUNSET
SEPTEMBER 14 2016.....SUNRISE   649 AM CDT   SUNSET   721 PM CDT
SEPTEMBER 15 2016.....SUNRISE   650 AM CDT   SUNSET   719 PM CDT


-  INDICATES NEGATIVE NUMBERS.
R  INDICATES RECORD WAS SET OR TIED.
MM INDICATES DATA IS MISSING.
T  INDICATES TRACE AMOUNT.




$$
