000
CDUS43 KARX 030654
CLIRST


CLIMATE REPORT
NATIONAL WEATHER SERVICE LA CROSSE WI
1254 AM CST SAT DEC 3 2016


...................................

...THE ROCHESTER MN CLIMATE SUMMARY FOR DECEMBER 2 2016...

CLIMATE NORMAL PERIOD 1981 TO 2010
CLIMATE RECORD PERIOD 1886 TO 2016


WEATHER ITEM   OBSERVED TIME   RECORD YEAR NORMAL DEPARTURE LAST
                VALUE   (LST)  VALUE       VALUE  FROM      YEAR
                                                  NORMAL
..................................................................
TEMPERATURE (F)
 YESTERDAY
  MAXIMUM         34   1222 AM  62    1982  32      2       33
  MINIMUM         28   1159 PM -18    1886  17     11       21
  AVERAGE         31                        24      7       27

PRECIPITATION (IN)
  YESTERDAY        0.00          0.59 1912   0.05  -0.05     0.00
  MONTH TO DATE    0.01                      0.10  -0.09     0.03
  SINCE DEC 1      0.01                      0.10  -0.09     0.03
  SINCE JAN 1     41.49                     31.89   9.60    32.42

SNOWFALL (IN)
  YESTERDAY        0.0           4.1  1984   0.4   -0.4      0.0
  MONTH TO DATE    T                         0.8   -0.8       T
  SINCE JUL 1      1.0                       7.7   -6.7      2.5
  SNOW DEPTH       0

DEGREE DAYS
 HEATING
  YESTERDAY       34                        40     -6       38
  MONTH TO DATE   65                        80    -15       74
  SINCE JUL 1   1200                      1752   -552     1424

 COOLING
  YESTERDAY        0                         0      0        0
  MONTH TO DATE    0                         0      0        0
  SINCE JAN 1    629                       585     44      507
..................................................................


WIND (MPH)
  HIGHEST WIND SPEED    16   HIGHEST WIND DIRECTION    NW (320)
  HIGHEST GUST SPEED    19   HIGHEST GUST DIRECTION    NW (320)
  AVERAGE WIND SPEED     9.9


SKY COVER
  POSSIBLE SUNSHINE  MM
  AVERAGE SKY COVER 1.0


WEATHER CONDITIONS
 THE FOLLOWING WEATHER WAS RECORDED YESTERDAY.
  NO SIGNIFICANT WEATHER WAS OBSERVED.


RELATIVE HUMIDITY (PERCENT)
 HIGHEST    89          1200 AM
 LOWEST     69           400 PM
 AVERAGE    79

..........................................................


THE ROCHESTER MN CLIMATE NORMALS FOR TODAY
                         NORMAL    RECORD    YEAR
 MAXIMUM TEMPERATURE (F)   31        62      2012
 MINIMUM TEMPERATURE (F)   17       -30      1940


SUNRISE AND SUNSET
DECEMBER  3 2016......SUNRISE   727 AM CST   SUNSET   433 PM CST
DECEMBER  4 2016......SUNRISE   728 AM CST   SUNSET   433 PM CST


-  INDICATES NEGATIVE NUMBERS.
R  INDICATES RECORD WAS SET OR TIED.
MM INDICATES DATA IS MISSING.
T  INDICATES TRACE AMOUNT.




$$
