096
CDUS43 KARX 190717
CLIRST


CLIMATE REPORT
NATIONAL WEATHER SERVICE LA CROSSE WI
217 AM CDT FRI MAY 19 2017


...................................

...THE ROCHESTER MN CLIMATE SUMMARY FOR MAY 18 2017...

CLIMATE NORMAL PERIOD 1981 TO 2010
CLIMATE RECORD PERIOD 1886 TO 2017


WEATHER ITEM   OBSERVED TIME   RECORD YEAR NORMAL DEPARTURE LAST
                VALUE   (LST)  VALUE       VALUE  FROM      YEAR
                                                  NORMAL
..................................................................
TEMPERATURE (F)
 YESTERDAY
  MAXIMUM         58    342 AM  95    1934  69    -11       68
  MINIMUM         43   1159 PM  32    1916  48     -5       38
                                      1915
  AVERAGE         51                        59     -8       53

PRECIPITATION (IN)
  YESTERDAY        0.05          1.56 2005   0.12  -0.07     0.00
  MONTH TO DATE    1.53                      2.07  -0.54     1.54
  SINCE MAR 1      8.95                      7.19   1.76     7.24
  SINCE JAN 1     12.73                      8.88   3.85     8.64

SNOWFALL (IN)
  YESTERDAY        0.0           0.0  2012   0.0    0.0      0.0
  MONTH TO DATE    0.0                       0.2   -0.2      0.0
  SINCE JUL 1     52.7                      52.1    0.6     47.9
  SNOW DEPTH       0

DEGREE DAYS
 HEATING
  YESTERDAY       14                         7      7       12
  MONTH TO DATE  153                       172    -19      219
  SINCE JUL 1   6737                      7597   -860     6765

 COOLING
  YESTERDAY        0                         1     -1        0
  MONTH TO DATE   20                        11      9        9
  SINCE JAN 1     20                        15      5       10
..................................................................


WIND (MPH)
  HIGHEST WIND SPEED    24   HIGHEST WIND DIRECTION    NE (30)
  HIGHEST GUST SPEED    31   HIGHEST GUST DIRECTION    NE (40)
  AVERAGE WIND SPEED    15.0


SKY COVER
  POSSIBLE SUNSHINE  MM
  AVERAGE SKY COVER 0.9


WEATHER CONDITIONS
 THE FOLLOWING WEATHER WAS RECORDED YESTERDAY.
  LIGHT RAIN
  FOG


RELATIVE HUMIDITY (PERCENT)
 HIGHEST   100          1200 AM
 LOWEST     71           200 PM
 AVERAGE    86

..........................................................


THE ROCHESTER MN CLIMATE NORMALS FOR TODAY
                         NORMAL    RECORD    YEAR
 MAXIMUM TEMPERATURE (F)   70        98      1934
 MINIMUM TEMPERATURE (F)   48        23      1929


SUNRISE AND SUNSET
MAY 19 2017...........SUNRISE   540 AM CDT   SUNSET   834 PM CDT
MAY 20 2017...........SUNRISE   539 AM CDT   SUNSET   835 PM CDT


-  INDICATES NEGATIVE NUMBERS.
R  INDICATES RECORD WAS SET OR TIED.
MM INDICATES DATA IS MISSING.
T  INDICATES TRACE AMOUNT.




$$
