000
CDUS43 KARX 302133
CLIRST


CLIMATE REPORT
NATIONAL WEATHER SERVICE LA CROSSE WI
433 PM CDT THU JUL 30 2015


...................................

...THE ROCHESTER MN CLIMATE SUMMARY FOR JULY 30 2015...
VALID TODAY AS OF 0430 PM LOCAL TIME.

CLIMATE NORMAL PERIOD 1981 TO 2010
CLIMATE RECORD PERIOD 1886 TO 2015


WEATHER ITEM   OBSERVED TIME   RECORD YEAR NORMAL DEPARTURE LAST
                VALUE   (LST)  VALUE       VALUE  FROM      YEAR
                                                  NORMAL
..................................................................
TEMPERATURE (F)
 TODAY
  MAXIMUM         81    321 PM  99    1917  81      0       79
  MINIMUM         59    515 AM  43    1936  61     -2       56
  AVERAGE         70                        71     -1       68

PRECIPITATION (IN)
  TODAY            0.00          2.60 1938   0.14  -0.14     0.00
  MONTH TO DATE    4.94                      4.41   0.53     2.23
  SINCE JUN 1      9.40                      9.09   0.31     9.50
  SINCE JAN 1     22.01                     19.53   2.48    20.83

SNOWFALL (IN)
  TODAY            0.0           0.0  2012   0.0    0.0      0.0
  MONTH TO DATE    0.0                       0.0    0.0      0.0
  SINCE JUL 1      0.0                       0.0    0.0      0.0
  SNOW DEPTH       0

DEGREE DAYS
 HEATING
  TODAY            0                         0      0        0
  MONTH TO DATE   17                         0     17       22
  SINCE JUL 1     17                         0     17       22

 COOLING
  TODAY            5                         6     -1        3
  MONTH TO DATE  160                       203    -43      106
  SINCE JAN 1    273                       367    -94      276
..................................................................


WIND (MPH)
  HIGHEST WIND SPEED    21   HIGHEST WIND DIRECTION    NW (310)
  HIGHEST GUST SPEED    26   HIGHEST GUST DIRECTION     W (290)
  AVERAGE WIND SPEED    11.9


SKY COVER
  POSSIBLE SUNSHINE  MM
  AVERAGE SKY COVER 0.0


WEATHER CONDITIONS
 THE FOLLOWING WEATHER WAS RECORDED TODAY.
  NO SIGNIFICANT WEATHER WAS OBSERVED.


RELATIVE HUMIDITY (PERCENT)
 HIGHEST    84           200 AM
 LOWEST     45           200 PM
 AVERAGE    65

..........................................................


THE ROCHESTER MN CLIMATE NORMALS FOR TOMORROW
                         NORMAL    RECORD    YEAR
 MAXIMUM TEMPERATURE (F)   80       102      1988
 MINIMUM TEMPERATURE (F)   61        45      1960


SUNRISE AND SUNSET
JULY 30 2015..........SUNRISE   556 AM CDT   SUNSET   836 PM CDT
JULY 31 2015..........SUNRISE   557 AM CDT   SUNSET   835 PM CDT


-  INDICATES NEGATIVE NUMBERS.
R  INDICATES RECORD WAS SET OR TIED.
MM INDICATES DATA IS MISSING.
T  INDICATES TRACE AMOUNT.




$$
