000
CDUS43 KARX 050638
CLIRST


CLIMATE REPORT
NATIONAL WEATHER SERVICE LA CROSSE WI
1235 AM CST FRI JAN 5 2018

...THE ROCHESTER MN CLIMATE SUMMARY FOR JANUARY 4 2018...

CLIMATE NORMAL PERIOD 1981 TO 2010
CLIMATE RECORD PERIOD 1886 TO 2018

WEATHER ITEM   OBSERVED TIME   RECORD YEAR NORMAL DEPARTURE LAST
                VALUE   (LST)  VALUE       VALUE  FROM      YEAR
                                                  NORMAL
..................................................................
TEMPERATURE (F)
 YESTERDAY
  MAXIMUM          3    407 PM  43    2007  24    -21        1
  MINIMUM         -9   1159 PM -32    1920   8    -17       -6
  AVERAGE         -3                        16    -19       -2

PRECIPITATION (IN)
  YESTERDAY        0.00          0.70 1997   0.03  -0.03     0.00
  MONTH TO DATE    0.01                      0.11  -0.10     0.14
  SINCE DEC 1      0.52                      1.34  -0.82     2.21
  SINCE JAN 1      0.01                      0.11  -0.10     0.14

SNOWFALL (IN)
  YESTERDAY        0.0           4.1  1971   0.3   -0.3      0.0
  MONTH TO DATE    0.1                       1.3   -1.2      0.3
  SINCE JUL 1     10.6                      20.7  -10.1     21.0
  SNOW DEPTH       3

DEGREE DAYS
 HEATING
  YESTERDAY       68                        49     19       67
  MONTH TO DATE  273                       196     77      191
  SINCE JUL 1   3303                      3274     29     2762

 COOLING
  YESTERDAY        0                         0      0        0
  MONTH TO DATE    0                         0      0        0
  SINCE JAN 1      0                         0      0        0
..................................................................

WIND (MPH)
  HIGHEST WIND SPEED    10   HIGHEST WIND DIRECTION    NW (320)
  HIGHEST GUST SPEED    11   HIGHEST GUST DIRECTION     N (10)
  AVERAGE WIND SPEED     5.8

SKY COVER
  POSSIBLE SUNSHINE  MM
  AVERAGE SKY COVER 0.7

WEATHER CONDITIONS
 THE FOLLOWING WEATHER WAS RECORDED YESTERDAY.
  NO SIGNIFICANT WEATHER WAS OBSERVED.

RELATIVE HUMIDITY (PERCENT)
 HIGHEST    92           100 AM
 LOWEST     68           300 PM
 AVERAGE    80

..........................................................

THE ROCHESTER MN CLIMATE NORMALS FOR TODAY
                         NORMAL    RECORD    YEAR
 MAXIMUM TEMPERATURE (F)   24        55      2012
 MINIMUM TEMPERATURE (F)    8       -27      1979
                                             1912

SUNRISE AND SUNSET
JANUARY  5 2018.......SUNRISE   744 AM CST   SUNSET   447 PM CST
JANUARY  6 2018.......SUNRISE   744 AM CST   SUNSET   448 PM CST

-  INDICATES NEGATIVE NUMBERS.
R  INDICATES RECORD WAS SET OR TIED.
MM INDICATES DATA IS MISSING.
T  INDICATES TRACE AMOUNT.

$$

BOYNE
