000
CDUS43 KARX 102136
CLIRST


CLIMATE REPORT
NATIONAL WEATHER SERVICE LA CROSSE WI
436 PM CDT SUN SEP 10 2017


...................................

...THE ROCHESTER MN CLIMATE SUMMARY FOR SEPTEMBER 10 2017...
VALID TODAY AS OF 0400 PM LOCAL TIME.

CLIMATE NORMAL PERIOD 1981 TO 2010
CLIMATE RECORD PERIOD 1886 TO 2017


WEATHER ITEM   OBSERVED TIME   RECORD YEAR NORMAL DEPARTURE LAST
                VALUE   (LST)  VALUE       VALUE  FROM      YEAR
                                                  NORMAL
..................................................................
TEMPERATURE (F)
 TODAY
  MAXIMUM         77    250 PM  98    1931  74      3       71
  MINIMUM         53    608 AM  29    1917  53      0       52
  AVERAGE         65                        63      2       62

PRECIPITATION (IN)
  TODAY            0.00          3.11 1938   0.12  -0.12      T
  MONTH TO DATE    0.28                      1.22  -0.94     3.18
  SINCE SEP 1      0.28                      1.22  -0.94     3.18
  SINCE JAN 1     24.78                     25.41  -0.63    31.45

SNOWFALL (IN)
  TODAY            0.0           0.0  2012   0.0    0.0      0.0
  MONTH TO DATE    0.0                       0.0    0.0      0.0
  SINCE JUL 1      0.0                       0.0    0.0      0.0
  SNOW DEPTH       0

DEGREE DAYS
 HEATING
  TODAY            0                         4     -4        3
  MONTH TO DATE   51                        29     22        8
  SINCE JUL 1     92                        67     25       19

 COOLING
  TODAY            0                         2     -2        0
  MONTH TO DATE    2                        28    -26       30
  SINCE JAN 1    404                       553   -149      603
..................................................................


WIND (MPH)
  HIGHEST WIND SPEED    20   HIGHEST WIND DIRECTION     S (180)
  HIGHEST GUST SPEED    25   HIGHEST GUST DIRECTION     S (170)
  AVERAGE WIND SPEED    13.6


SKY COVER
  POSSIBLE SUNSHINE  MM
  AVERAGE SKY COVER 0.2


WEATHER CONDITIONS
 THE FOLLOWING WEATHER WAS RECORDED TODAY.
  NO SIGNIFICANT WEATHER WAS OBSERVED.


RELATIVE HUMIDITY (PERCENT)
 HIGHEST    93          1200 AM
 LOWEST     60           100 PM
 AVERAGE    77

..........................................................


THE ROCHESTER MN CLIMATE NORMALS FOR TOMORROW
                         NORMAL    RECORD    YEAR
 MAXIMUM TEMPERATURE (F)   73        94      1931
 MINIMUM TEMPERATURE (F)   53        24      1917


SUNRISE AND SUNSET
SEPTEMBER 10 2017.....SUNRISE   644 AM CDT   SUNSET   729 PM CDT
SEPTEMBER 11 2017.....SUNRISE   645 AM CDT   SUNSET   727 PM CDT


-  INDICATES NEGATIVE NUMBERS.
R  INDICATES RECORD WAS SET OR TIED.
MM INDICATES DATA IS MISSING.
T  INDICATES TRACE AMOUNT.




$$
