000
CDUS43 KARX 130658
CLIRST


CLIMATE REPORT
NATIONAL WEATHER SERVICE LA CROSSE WI
1258 AM CST SAT DEC 13 2014


...................................

...THE ROCHESTER MN CLIMATE SUMMARY FOR DECEMBER 12 2014...

CLIMATE NORMAL PERIOD 1981 TO 2010
CLIMATE RECORD PERIOD 1886 TO 2014


WEATHER ITEM   OBSERVED TIME   RECORD YEAR NORMAL DEPARTURE LAST
                VALUE   (LST)  VALUE       VALUE  FROM      YEAR
                                                  NORMAL
..................................................................
TEMPERATURE (F)
 YESTERDAY
  MAXIMUM         35    858 PM  58    1968  28      7       21
  MINIMUM         30    155 AM -20    1958  13     17        2
  AVERAGE         33                        20     13       12

PRECIPITATION (IN)
  YESTERDAY        T             1.00 1991   0.04  -0.04     0.00
  MONTH TO DATE    0.01                      0.57  -0.56     0.51
  SINCE DEC 1      0.01                      0.57  -0.56     0.51
  SINCE JAN 1     33.02                     32.36   0.66    41.17

SNOWFALL (IN)
  YESTERDAY        0.0           6.0  1972   0.5   -0.5      0.0
  MONTH TO DATE    1.0                       5.1   -4.1      2.4
  SINCE JUL 1     10.2                      12.0   -1.8      3.7
  SNOW DEPTH       T

DEGREE DAYS
 HEATING
  YESTERDAY       32                        45    -13       53
  MONTH TO DATE  496                       509    -13      609
  SINCE JUL 1   2443                      2181    262     2302

 COOLING
  YESTERDAY        0                         0      0        0
  MONTH TO DATE    0                         0      0        0
  SINCE JAN 1    491                       585    -94      656
..................................................................


WIND (MPH)
  HIGHEST WIND SPEED    18   HIGHEST WIND DIRECTION    SW (220)
  HIGHEST GUST SPEED    22   HIGHEST GUST DIRECTION    SW (210)
  AVERAGE WIND SPEED    11.4


SKY COVER
  POSSIBLE SUNSHINE  MM
  AVERAGE SKY COVER 0.9


WEATHER CONDITIONS
 THE FOLLOWING WEATHER WAS RECORDED YESTERDAY.
  LT FREEZING RAIN
  FOG
  FOG W/VISIBILITY <= 1/4 MILE


RELATIVE HUMIDITY (PERCENT)
 HIGHEST   100          1200 AM
 LOWEST     89          1100 AM
 AVERAGE    95

..........................................................


THE ROCHESTER MN CLIMATE NORMALS FOR TODAY
                         NORMAL    RECORD    YEAR
 MAXIMUM TEMPERATURE (F)   27        55      1913
                                             1891
 MINIMUM TEMPERATURE (F)   13       -21      1958
                                             1942


SUNRISE AND SUNSET
DECEMBER 13 2014......SUNRISE   736 AM CST   SUNSET   432 PM CST
DECEMBER 14 2014......SUNRISE   737 AM CST   SUNSET   433 PM CST


-  INDICATES NEGATIVE NUMBERS.
R  INDICATES RECORD WAS SET OR TIED.
MM INDICATES DATA IS MISSING.
T  INDICATES TRACE AMOUNT.




$$
