000
CDUS43 KARX 082143
CLIRST


CLIMATE REPORT
NATIONAL WEATHER SERVICE LA CROSSE WI
443 PM CDT SAT JUL 8 2017


...................................

...THE ROCHESTER MN CLIMATE SUMMARY FOR JULY 8 2017...
VALID TODAY AS OF 0430 PM LOCAL TIME.

CLIMATE NORMAL PERIOD 1981 TO 2010
CLIMATE RECORD PERIOD 1886 TO 2017


WEATHER ITEM   OBSERVED TIME   RECORD YEAR NORMAL DEPARTURE LAST
                VALUE   (LST)  VALUE       VALUE  FROM      YEAR
                                                  NORMAL
..................................................................
TEMPERATURE (F)
 TODAY
  MAXIMUM         79    338 PM  99    1974  82     -3       75
                                      1936
  MINIMUM         54    448 AM  45    1958  62     -8       63
                                      1931
                                      1908
  AVERAGE         67                        72     -5       69

PRECIPITATION (IN)
  TODAY            0.00          2.04 1965   0.15  -0.15     0.00
  MONTH TO DATE    0.00                      1.16  -1.16     1.39
  SINCE JUN 1      3.71                      5.84  -2.13     6.63
  SINCE JAN 1     17.98                     16.28   1.70    18.32

SNOWFALL (IN)
  TODAY            0.0           0.0  2012   0.0    0.0      0.0
  MONTH TO DATE    0.0                       0.0    0.0      0.0
  SINCE JUL 1      0.0                       0.0    0.0      0.0
  SNOW DEPTH       0

DEGREE DAYS
 HEATING
  TODAY            0                         0      0        0
  MONTH TO DATE    0                         0      0        4
  SINCE JUL 1      0                         0      0        4

 COOLING
  TODAY            2                         7     -5        4
  MONTH TO DATE   51                        56     -5       28
  SINCE JAN 1    218                       220     -2      217
..................................................................


WIND (MPH)
  HIGHEST WIND SPEED    13   HIGHEST WIND DIRECTION     W (270)
  HIGHEST GUST SPEED    16   HIGHEST GUST DIRECTION    SW (240)
  AVERAGE WIND SPEED     4.2


SKY COVER
  POSSIBLE SUNSHINE  MM
  AVERAGE SKY COVER 0.1


WEATHER CONDITIONS
 THE FOLLOWING WEATHER WAS RECORDED TODAY.
  NO SIGNIFICANT WEATHER WAS OBSERVED.


RELATIVE HUMIDITY (PERCENT)
 HIGHEST   100           400 AM
 LOWEST     45           200 PM
 AVERAGE    73

..........................................................


THE ROCHESTER MN CLIMATE NORMALS FOR TOMORROW
                         NORMAL    RECORD    YEAR
 MAXIMUM TEMPERATURE (F)   82       101      1936
 MINIMUM TEMPERATURE (F)   62        45      1931


SUNRISE AND SUNSET
JULY  8 2017..........SUNRISE   536 AM CDT   SUNSET   854 PM CDT
JULY  9 2017..........SUNRISE   537 AM CDT   SUNSET   853 PM CDT


-  INDICATES NEGATIVE NUMBERS.
R  INDICATES RECORD WAS SET OR TIED.
MM INDICATES DATA IS MISSING.
T  INDICATES TRACE AMOUNT.




$$
