811
CDUS43 KARX 210643
CLIRST


CLIMATE REPORT
NATIONAL WEATHER SERVICE LA CROSSE WI
141 AM CDT FRI JUL 21 2017

...THE ROCHESTER MN CLIMATE SUMMARY FOR JULY 20 2017...

CLIMATE NORMAL PERIOD 1981 TO 2010
CLIMATE RECORD PERIOD 1886 TO 2017

WEATHER ITEM   OBSERVED TIME   RECORD YEAR NORMAL DEPARTURE LAST
                VALUE   (LST)  VALUE       VALUE  FROM      YEAR
                                                  NORMAL
..................................................................
TEMPERATURE (F)
 YESTERDAY
  MAXIMUM         85    321 PM 100    1940  81      4       85
  MINIMUM         66   1151 PM  47    1970  61      5       69
  AVERAGE         76                        71      5       77

PRECIPITATION (IN)
  YESTERDAY        0.01          1.33 1951   0.15  -0.14      T
  MONTH TO DATE    1.67                      2.97  -1.30     4.30
  SINCE JUN 1      5.38                      7.65  -2.27     9.54
  SINCE JAN 1     19.65                     18.09   1.56    21.23

SNOWFALL (IN)
  YESTERDAY        0.0           0.0  2012   0.0    0.0      0.0
  MONTH TO DATE    0.0                       0.0    0.0      0.0
  SINCE JUL 1      0.0                       0.0    0.0      0.0
  SNOW DEPTH       0

DEGREE DAYS
 HEATING
  YESTERDAY        0                         0      0        0
  MONTH TO DATE    1                         0      1        4
  SINCE JUL 1      1                         0      1        4

 COOLING
  YESTERDAY       11                         7      4       12
  MONTH TO DATE  136                       140     -4      108
  SINCE JAN 1    303                       304     -1      297
..................................................................

WIND (MPH)
  HIGHEST WIND SPEED    18   HIGHEST WIND DIRECTION    SE (150)
  HIGHEST GUST SPEED    24   HIGHEST GUST DIRECTION    SE (140)
  AVERAGE WIND SPEED     6.0

SKY COVER
  POSSIBLE SUNSHINE  MM
  AVERAGE SKY COVER 0.3

WEATHER CONDITIONS
 THE FOLLOWING WEATHER WAS RECORDED YESTERDAY.
  THUNDERSTORM
  LIGHT RAIN
  FOG

RELATIVE HUMIDITY (PERCENT)
 HIGHEST   100           300 AM
 LOWEST     59           500 PM
 AVERAGE    80
..........................................................

THE ROCHESTER MN CLIMATE NORMALS FOR TODAY
                         NORMAL    RECORD    YEAR
 MAXIMUM TEMPERATURE (F)   81       100      1934
 MINIMUM TEMPERATURE (F)   61        44      1992

SUNRISE AND SUNSET
JULY 21 2017..........SUNRISE   547 AM CDT   SUNSET   845 PM CDT
JULY 22 2017..........SUNRISE   548 AM CDT   SUNSET   844 PM CDT

-  INDICATES NEGATIVE NUMBERS.
R  INDICATES RECORD WAS SET OR TIED.
MM INDICATES DATA IS MISSING.
T  INDICATES TRACE AMOUNT.

$$

Boyne
