000
CDUS43 KARX 180729
CLIRST


CLIMATE REPORT
NATIONAL WEATHER SERVICE LA CROSSE WI
212 AM CDT MON MAY 18 2015


...................................

...THE ROCHESTER MN CLIMATE SUMMARY FOR MAY 17 2015...

CLIMATE NORMAL PERIOD 1981 TO 2010
CLIMATE RECORD PERIOD 1886 TO 2015


WEATHER ITEM   OBSERVED TIME   RECORD YEAR NORMAL DEPARTURE LAST
                VALUE   (LST)  VALUE       VALUE  FROM      YEAR
                                                  NORMAL
..................................................................
TEMPERATURE (F)
 YESTERDAY
  MAXIMUM         73    354 PM  91    1934  69      4       65
  MINIMUM         49   1159 PM  29    1930  48      1       36
  AVERAGE         61                        58      3       51

PRECIPITATION (IN)
  YESTERDAY        0.08          4.02 2000   0.11  -0.03     0.00
  MONTH TO DATE    3.36                      1.95   1.41     1.69
  SINCE MAR 1      9.36                      7.07   2.29     8.48
  SINCE JAN 1     10.72                      8.76   1.96    11.24

SNOWFALL (IN)
  YESTERDAY        0.0           0.0  2012   0.0    0.0      0.0
  MONTH TO DATE    0.0                       0.2   -0.2      0.0
  SINCE JUL 1     50.4                      52.1   -1.7     60.5
  SNOW DEPTH       0

DEGREE DAYS
 HEATING
  YESTERDAY        4                         8     -4       14
  MONTH TO DATE  126                       165    -39      219
  SINCE JUL 1   7938                      7590    348     8874

 COOLING
  YESTERDAY        0                         1     -1        0
  MONTH TO DATE    7                        10     -3        0
  SINCE JAN 1      7                        14     -7        0
..................................................................


WIND (MPH)
  HIGHEST WIND SPEED    35   HIGHEST WIND DIRECTION    SW (220)
  HIGHEST GUST SPEED    42   HIGHEST GUST DIRECTION     S (190)
  AVERAGE WIND SPEED    21.6


SKY COVER
  POSSIBLE SUNSHINE  MM
  AVERAGE SKY COVER 0.7


WEATHER CONDITIONS
 THE FOLLOWING WEATHER WAS RECORDED YESTERDAY.
  THUNDERSTORM
  RAIN
  LIGHT RAIN
  FOG


RELATIVE HUMIDITY (PERCENT)
 HIGHEST    93          1200 AM
 LOWEST     61           400 PM
 AVERAGE    77

..........................................................


THE ROCHESTER MN CLIMATE NORMALS FOR TODAY
                         NORMAL    RECORD    YEAR
 MAXIMUM TEMPERATURE (F)   69        95      1934
 MINIMUM TEMPERATURE (F)   48        32      1916
                                             1915


SUNRISE AND SUNSET
MAY 18 2015...........SUNRISE   541 AM CDT   SUNSET   832 PM CDT
MAY 19 2015...........SUNRISE   540 AM CDT   SUNSET   833 PM CDT


-  INDICATES NEGATIVE NUMBERS.
R  INDICATES RECORD WAS SET OR TIED.
MM INDICATES DATA IS MISSING.
T  INDICATES TRACE AMOUNT.




$$
