000
CDUS43 KARX 210640
CLIRST


CLIMATE REPORT
NATIONAL WEATHER SERVICE LA CROSSE WI
139 AM CDT SAT MAR 21 2015


...................................

...THE ROCHESTER MN CLIMATE SUMMARY FOR MARCH 20 2015...

CLIMATE NORMAL PERIOD 1981 TO 2010
CLIMATE RECORD PERIOD 1886 TO 2015


WEATHER ITEM   OBSERVED TIME   RECORD YEAR NORMAL DEPARTURE LAST
                VALUE   (LST)  VALUE       VALUE  FROM      YEAR
                                                  NORMAL
..................................................................
TEMPERATURE (F)
 YESTERDAY
  MAXIMUM         55    435 PM  72    1910  42     13       38
  MINIMUM         32    657 AM  -8    1965  26      6       22
  AVERAGE         44                        34     10       30

PRECIPITATION (IN)
  YESTERDAY        0.00          0.95 1888   0.06  -0.06     0.00
  MONTH TO DATE    0.04                      1.07  -1.03     0.66
  SINCE MAR 1      0.04                      1.07  -1.03     0.66
  SINCE JAN 1      1.40                      2.76  -1.36     3.42

SNOWFALL (IN)
  YESTERDAY        0.0           5.0  1955   0.2   -0.2      0.0
  MONTH TO DATE    0.3                       6.3   -6.0      5.8
  SINCE JUL 1     38.3                      46.2   -7.9     53.6
  SNOW DEPTH       0

DEGREE DAYS
 HEATING
  YESTERDAY       21                        31    -10       35
  MONTH TO DATE  646                       704    -58      873
  SINCE JUL 1   6941                      6565    376     7598

 COOLING
  YESTERDAY        0                         0      0        0
  MONTH TO DATE    0                         0      0        0
  SINCE JAN 1      0                         0      0        0
..................................................................


WIND (MPH)
  HIGHEST WIND SPEED    28   HIGHEST WIND DIRECTION     N (340)
  HIGHEST GUST SPEED    32   HIGHEST GUST DIRECTION     N (340)
  AVERAGE WIND SPEED    11.8


SKY COVER
  POSSIBLE SUNSHINE  MM
  AVERAGE SKY COVER 0.3


WEATHER CONDITIONS
 THE FOLLOWING WEATHER WAS RECORDED YESTERDAY.
  FOG


RELATIVE HUMIDITY (PERCENT)
 HIGHEST    92           500 AM
 LOWEST     46           500 PM
 AVERAGE    69

..........................................................


THE ROCHESTER MN CLIMATE NORMALS FOR TODAY
                         NORMAL    RECORD    YEAR
 MAXIMUM TEMPERATURE (F)   43        70      1918
 MINIMUM TEMPERATURE (F)   26        -6      1965


SUNRISE AND SUNSET
MARCH 21 2015.........SUNRISE   712 AM CDT   SUNSET   723 PM CDT
MARCH 22 2015.........SUNRISE   710 AM CDT   SUNSET   725 PM CDT


-  INDICATES NEGATIVE NUMBERS.
R  INDICATES RECORD WAS SET OR TIED.
MM INDICATES DATA IS MISSING.
T  INDICATES TRACE AMOUNT.




$$
