000
CDUS43 KARX 010712
CLIRST


CLIMATE REPORT
NATIONAL WEATHER SERVICE LA CROSSE WI
112 AM CST SUN MAR 1 2015


...................................

...THE ROCHESTER MN CLIMATE SUMMARY FOR FEBRUARY 28 2015...

CLIMATE NORMAL PERIOD 1981 TO 2010
CLIMATE RECORD PERIOD 1886 TO 2015


WEATHER ITEM   OBSERVED TIME   RECORD YEAR NORMAL DEPARTURE LAST
                VALUE   (LST)  VALUE       VALUE  FROM      YEAR
                                                  NORMAL
..................................................................
TEMPERATURE (F)
 YESTERDAY
  MAXIMUM         11    803 PM  53    2000  33    -22       15
  MINIMUM        -15    600 AM -25    1962  18    -33      -16
  AVERAGE         -2                        25    -27        0

PRECIPITATION (IN)
  YESTERDAY        T             0.83 2012   0.04  -0.04     0.11
  MONTH TO DATE    0.65                      0.83  -0.18     1.76
  SINCE DEC 1      2.38                      2.92  -0.54     3.86
  SINCE JAN 1      1.36                      1.69  -0.33     2.76

SNOWFALL (IN)
  YESTERDAY        T             6.0  1970   0.3   -0.3      1.4
  MONTH TO DATE   10.6                       8.5    2.1     18.6
  SINCE JUL 1     38.0                      39.9   -1.9     47.8
  SNOW DEPTH       9

DEGREE DAYS
 HEATING
  YESTERDAY       67                        40     27       65
  MONTH TO DATE 1594                      1252    342     1628
  SINCE JUL 1   6295                      5861    434     6725

 COOLING
  YESTERDAY        0                         0      0        0
  MONTH TO DATE    0                         0      0        0
  SINCE JAN 1      0                         0      0        0
..................................................................


WIND (MPH)
  HIGHEST WIND SPEED    18   HIGHEST WIND DIRECTION     S (160)
  HIGHEST GUST SPEED    24   HIGHEST GUST DIRECTION    SE (150)
  AVERAGE WIND SPEED    12.2


SKY COVER
  POSSIBLE SUNSHINE  MM
  AVERAGE SKY COVER 0.3


WEATHER CONDITIONS
 THE FOLLOWING WEATHER WAS RECORDED YESTERDAY.
  LIGHT SNOW
  FOG
  HAZE


RELATIVE HUMIDITY (PERCENT)
 HIGHEST    92          1200 AM
 LOWEST     63           400 PM
 AVERAGE    78

..........................................................


THE ROCHESTER MN CLIMATE NORMALS FOR TODAY
                         NORMAL    RECORD    YEAR
 MAXIMUM TEMPERATURE (F)   33        56      1992
 MINIMUM TEMPERATURE (F)   18       -31      1962


SUNRISE AND SUNSET
MARCH  1 2015.........SUNRISE   647 AM CST   SUNSET   558 PM CST
MARCH  2 2015.........SUNRISE   645 AM CST   SUNSET   559 PM CST


-  INDICATES NEGATIVE NUMBERS.
R  INDICATES RECORD WAS SET OR TIED.
MM INDICATES DATA IS MISSING.
T  INDICATES TRACE AMOUNT.




$$
