000
CDUS43 KARX 260638
CLIRST


CLIMATE REPORT
NATIONAL WEATHER SERVICE LA CROSSE WI
1237 AM CST MON JAN 26 2015


...................................

...THE ROCHESTER MN CLIMATE SUMMARY FOR JANUARY 25 2015...

CLIMATE NORMAL PERIOD 1981 TO 2010
CLIMATE RECORD PERIOD 1886 TO 2015


WEATHER ITEM   OBSERVED TIME   RECORD YEAR NORMAL DEPARTURE LAST
                VALUE   (LST)  VALUE       VALUE  FROM      YEAR
                                                  NORMAL
..................................................................
TEMPERATURE (F)
 YESTERDAY
  MAXIMUM         34    224 AM  58    1944  24     10       28
  MINIMUM         23   1159 PM -23    1936   8     15        1
  AVERAGE         29                        16     13       15

PRECIPITATION (IN)
  YESTERDAY        T             0.42 1950   0.03  -0.03     0.12
  MONTH TO DATE    0.46                      0.69  -0.23     0.76
  SINCE DEC 1      1.48                      1.92  -0.44     1.86
  SINCE JAN 1      0.46                      0.69  -0.23     0.76

SNOWFALL (IN)
  YESTERDAY        T             5.9  1996   0.5   -0.5      1.0
  MONTH TO DATE    8.2                       9.6   -1.4     10.7
  SINCE JUL 1     25.6                      29.0   -3.4     25.1
  SNOW DEPTH       0

DEGREE DAYS
 HEATING
  YESTERDAY       36                        49    -13       50
  MONTH TO DATE 1245                      1238      7     1424
  SINCE JUL 1   4465                      4316    149     4718

 COOLING
  YESTERDAY        0                         0      0        0
  MONTH TO DATE    0                         0      0        0
  SINCE JAN 1      0                         0      0        0
..................................................................


WIND (MPH)
  HIGHEST WIND SPEED    20   HIGHEST WIND DIRECTION    NE (60)
  HIGHEST GUST SPEED    25   HIGHEST GUST DIRECTION    NE (50)
  AVERAGE WIND SPEED    10.4


SKY COVER
  POSSIBLE SUNSHINE  MM
  AVERAGE SKY COVER 1.0


WEATHER CONDITIONS
 THE FOLLOWING WEATHER WAS RECORDED YESTERDAY.
  LIGHT SNOW
  FOG


RELATIVE HUMIDITY (PERCENT)
 HIGHEST    92           600 AM
 LOWEST     68           400 PM
 AVERAGE    80

..........................................................


THE ROCHESTER MN CLIMATE NORMALS FOR TODAY
                         NORMAL    RECORD    YEAR
 MAXIMUM TEMPERATURE (F)   24        52      2002
 MINIMUM TEMPERATURE (F)    8       -30      1917


SUNRISE AND SUNSET
JANUARY 26 2015.......SUNRISE   733 AM CST   SUNSET   512 PM CST
JANUARY 27 2015.......SUNRISE   732 AM CST   SUNSET   513 PM CST


-  INDICATES NEGATIVE NUMBERS.
R  INDICATES RECORD WAS SET OR TIED.
MM INDICATES DATA IS MISSING.
T  INDICATES TRACE AMOUNT.




$$
