000
CDUS43 KARX 272232
CLIRST


CLIMATE REPORT
NATIONAL WEATHER SERVICE LA CROSSE WI
432 PM CST MON NOV 27 2017


...................................

...THE ROCHESTER MN CLIMATE SUMMARY FOR NOVEMBER 27 2017...
VALID TODAY AS OF 0430 PM LOCAL TIME.

CLIMATE NORMAL PERIOD 1981 TO 2010
CLIMATE RECORD PERIOD 1886 TO 2017


WEATHER ITEM   OBSERVED TIME   RECORD YEAR NORMAL DEPARTURE LAST
                VALUE   (LST)  VALUE       VALUE  FROM      YEAR
                                                  NORMAL
..................................................................
TEMPERATURE (F)
 TODAY
  MAXIMUM         58    247 PM  64    1914  35     23       44
  MINIMUM         28    411 AM -12    1887  20      8       27
  AVERAGE         43                        27     16       36

PRECIPITATION (IN)
  TODAY            0.00          1.03 1935   0.06  -0.06     0.39
  MONTH TO DATE    0.42                      1.74  -1.32     1.22
  SINCE SEP 1      7.68                      7.43   0.25    13.06
  SINCE JAN 1     32.18                     31.62   0.56    41.33

SNOWFALL (IN)
  TODAY            0.0           4.5  1994   0.3   -0.3      0.0
  MONTH TO DATE    0.7                       5.1   -4.4      0.7
  SINCE JUL 1      3.3                       5.9   -2.6      0.7
  SNOW DEPTH       0

DEGREE DAYS
 HEATING
  TODAY           22                        38    -16       29
  MONTH TO DATE  872                       820     52      580
  SINCE JUL 1   1494                      1556    -62     1055

 COOLING
  TODAY            0                         0      0        0
  MONTH TO DATE    0                         0      0        0
  SINCE JAN 1    494                       585    -91      629
..................................................................


WIND (MPH)
  HIGHEST WIND SPEED    30   HIGHEST WIND DIRECTION     S (170)
  HIGHEST GUST SPEED    39   HIGHEST GUST DIRECTION     S (160)
  AVERAGE WIND SPEED    14.4


SKY COVER
  POSSIBLE SUNSHINE  MM
  AVERAGE SKY COVER 0.0


WEATHER CONDITIONS
 THE FOLLOWING WEATHER WAS RECORDED TODAY.
  NO SIGNIFICANT WEATHER WAS OBSERVED.


RELATIVE HUMIDITY (PERCENT)
 HIGHEST    92           100 AM
 LOWEST     47           200 PM
 AVERAGE    70

..........................................................


THE ROCHESTER MN CLIMATE NORMALS FOR TOMORROW
                         NORMAL    RECORD    YEAR
 MAXIMUM TEMPERATURE (F)   34        62      1909
 MINIMUM TEMPERATURE (F)   19       -24      1887


SUNRISE AND SUNSET
NOVEMBER 27 2017......SUNRISE   720 AM CST   SUNSET   435 PM CST
NOVEMBER 28 2017......SUNRISE   721 AM CST   SUNSET   435 PM CST


-  INDICATES NEGATIVE NUMBERS.
R  INDICATES RECORD WAS SET OR TIED.
MM INDICATES DATA IS MISSING.
T  INDICATES TRACE AMOUNT.




$$
