000
CDUS43 KARX 150650
CLIRST


CLIMATE REPORT
NATIONAL WEATHER SERVICE LA CROSSE WI
150 AM CDT WED OCT 15 2014


...................................

...THE ROCHESTER MN CLIMATE SUMMARY FOR OCTOBER 14 2014...

CLIMATE NORMAL PERIOD 1981 TO 2010
CLIMATE RECORD PERIOD 1886 TO 2014


WEATHER ITEM   OBSERVED TIME   RECORD YEAR NORMAL DEPARTURE LAST
                VALUE   (LST)  VALUE       VALUE  FROM      YEAR
                                                  NORMAL
..................................................................
TEMPERATURE (F)
 YESTERDAY
  MAXIMUM         60    404 PM  87    1947  60      0       57
  MINIMUM         46   1159 PM  15    1917  39      7       38
  AVERAGE         53                        49      4       48

PRECIPITATION (IN)
  YESTERDAY        0.21          2.81 1966   0.07   0.14     0.06
  MONTH TO DATE    2.08                      1.15   0.93     2.15
  SINCE SEP 1      5.62                      4.60   1.02     3.37
  SINCE JAN 1     31.04                     28.79   2.25    38.07

SNOWFALL (IN)
  YESTERDAY        0.0           0.6  2009   0.0    0.0      0.0
  MONTH TO DATE    T                         0.1   -0.1      0.0
  SINCE JUL 1      T                         0.1   -0.1      0.0
  SNOW DEPTH       0

DEGREE DAYS
 HEATING
  YESTERDAY       12                        16     -4       17
  MONTH TO DATE  246                       192     54      116
  SINCE JUL 1    451                       407     44      270

 COOLING
  YESTERDAY        0                         0      0        0
  MONTH TO DATE    0                         4     -4        0
  SINCE JAN 1    491                       583    -92      656
..................................................................


WIND (MPH)
  HIGHEST WIND SPEED    31   HIGHEST WIND DIRECTION     N (10)
  HIGHEST GUST SPEED    41   HIGHEST GUST DIRECTION     N (10)
  AVERAGE WIND SPEED    19.6


SKY COVER
  POSSIBLE SUNSHINE  MM
  AVERAGE SKY COVER 0.7


WEATHER CONDITIONS
 THE FOLLOWING WEATHER WAS RECORDED YESTERDAY.
  LIGHT RAIN
  FOG


RELATIVE HUMIDITY (PERCENT)
 HIGHEST    93          1200 AM
 LOWEST     46           800 PM
 AVERAGE    70

..........................................................


THE ROCHESTER MN CLIMATE NORMALS FOR TODAY
                         NORMAL    RECORD    YEAR
 MAXIMUM TEMPERATURE (F)   59        84      1958
                                             1953
                                             1947
 MINIMUM TEMPERATURE (F)   39        16      1937


SUNRISE AND SUNSET
OCTOBER 15 2014.......SUNRISE   725 AM CDT   SUNSET   626 PM CDT
OCTOBER 16 2014.......SUNRISE   726 AM CDT   SUNSET   625 PM CDT


-  INDICATES NEGATIVE NUMBERS.
R  INDICATES RECORD WAS SET OR TIED.
MM INDICATES DATA IS MISSING.
T  INDICATES TRACE AMOUNT.




$$
