000
CDUS43 KARX 200638
CLIRST


CLIMATE REPORT
NATIONAL WEATHER SERVICE LA CROSSE WI
136 AM CDT FRI MAR 20 2015

...THE ROCHESTER MN CLIMATE SUMMARY FOR MARCH 19 2015...

CLIMATE NORMAL PERIOD 1981 TO 2010
CLIMATE RECORD PERIOD 1886 TO 2015

WEATHER ITEM   OBSERVED TIME   RECORD YEAR NORMAL DEPARTURE LAST
                VALUE   (LST)  VALUE       VALUE  FROM      YEAR
                                                  NORMAL
..................................................................
TEMPERATURE (F)
 YESTERDAY
  MAXIMUM         45    450 PM  77    2012  42      3       34
  MINIMUM         33    606 AM  -5    1989  26      7       27
  AVERAGE         39                        34      5       31

PRECIPITATION (IN)
  YESTERDAY        0.00          0.74 1943   0.07  -0.07     0.01
  MONTH TO DATE    0.04                      1.01  -0.97     0.66
  SINCE MAR 1      0.04                      1.01  -0.97     0.66
  SINCE JAN 1      1.40                      2.70  -1.30     3.42

SNOWFALL (IN)
  YESTERDAY        0.0          10.0  1933   0.3   -0.3      0.3
  MONTH TO DATE    0.3                       6.1   -5.8      5.8
  SINCE JUL 1     38.3                      46.0   -7.7     53.6
  SNOW DEPTH       0

DEGREE DAYS
 HEATING
  YESTERDAY       26                        31     -5       34
  MONTH TO DATE  625                       673    -48      838
  SINCE JUL 1   6920                      6534    386     7563

 COOLING
  YESTERDAY        0                         0      0        0
  MONTH TO DATE    0                         0      0        0
  SINCE JAN 1      0                         0      0        0
..................................................................

WIND (MPH)
  HIGHEST WIND SPEED    22   HIGHEST WIND DIRECTION     S (190)
  HIGHEST GUST SPEED    27   HIGHEST GUST DIRECTION     S (190)
  AVERAGE WIND SPEED    11.5

SKY COVER
  POSSIBLE SUNSHINE  MM
  AVERAGE SKY COVER 0.9

WEATHER CONDITIONS
 THE FOLLOWING WEATHER WAS RECORDED YESTERDAY.
  NO SIGNIFICANT WEATHER WAS OBSERVED.

RELATIVE HUMIDITY (PERCENT)
 HIGHEST    69           300 AM
 LOWEST     45           100 PM
 AVERAGE    57
..........................................................

THE ROCHESTER MN CLIMATE NORMALS FOR TODAY
                         NORMAL    RECORD    YEAR
 MAXIMUM TEMPERATURE (F)   42        72      1910
 MINIMUM TEMPERATURE (F)   26        -8      1965

SUNRISE AND SUNSET
MARCH 20 2015.........SUNRISE   714 AM CDT   SUNSET   722 PM CDT
MARCH 21 2015.........SUNRISE   712 AM CDT   SUNSET   723 PM CDT

-  INDICATES NEGATIVE NUMBERS.
R  INDICATES RECORD WAS SET OR TIED.
MM INDICATES DATA IS MISSING.
T  INDICATES TRACE AMOUNT.

$$

BOYNE
