000
CDUS43 KARX 190639
CLIRST


CLIMATE REPORT
NATIONAL WEATHER SERVICE LA CROSSE WI
139 AM CDT SUN MAR 19 2017


...................................

...THE ROCHESTER MN CLIMATE SUMMARY FOR MARCH 18 2017...

CLIMATE NORMAL PERIOD 1981 TO 2010
CLIMATE RECORD PERIOD 1886 TO 2017


WEATHER ITEM   OBSERVED TIME   RECORD YEAR NORMAL DEPARTURE LAST
                VALUE   (LST)  VALUE       VALUE  FROM      YEAR
                                                  NORMAL
..................................................................
TEMPERATURE (F)
 YESTERDAY
  MAXIMUM         40    429 PM  80    2012  41     -1       36
  MINIMUM         27   1105 PM  -8    1993  25      2       27
  AVERAGE         34                        33      1       32

PRECIPITATION (IN)
  YESTERDAY        0.00          1.49 2005   0.06  -0.06     0.03
  MONTH TO DATE    1.44                      0.94   0.50     1.48
  SINCE MAR 1      1.44                      0.94   0.50     1.48
  SINCE JAN 1      5.22                      2.63   2.59     2.88

SNOWFALL (IN)
  YESTERDAY        0.0          19.8  2005   0.2   -0.2      1.2
  MONTH TO DATE    8.4                       5.8    2.6      4.1
  SINCE JUL 1     52.7                      45.7    7.0     36.6
  SNOW DEPTH       0

DEGREE DAYS
 HEATING
  YESTERDAY       31                        32     -1       33
  MONTH TO DATE  696                       642     54      473
  SINCE JUL 1   5740                      6503   -763     5673

 COOLING
  YESTERDAY        0                         0      0        0
  MONTH TO DATE    0                         0      0        0
  SINCE JAN 1      0                         0      0        0
..................................................................


WIND (MPH)
  HIGHEST WIND SPEED    30   HIGHEST WIND DIRECTION    NW (310)
  HIGHEST GUST SPEED    35   HIGHEST GUST DIRECTION    NW (300)
  AVERAGE WIND SPEED    12.6


SKY COVER
  POSSIBLE SUNSHINE  MM
  AVERAGE SKY COVER 0.7


WEATHER CONDITIONS
 THE FOLLOWING WEATHER WAS RECORDED YESTERDAY.
  NO SIGNIFICANT WEATHER WAS OBSERVED.


RELATIVE HUMIDITY (PERCENT)
 HIGHEST    92          1100 PM
 LOWEST     64           400 PM
 AVERAGE    78

..........................................................


THE ROCHESTER MN CLIMATE NORMALS FOR TODAY
                         NORMAL    RECORD    YEAR
 MAXIMUM TEMPERATURE (F)   42        77      2012
 MINIMUM TEMPERATURE (F)   26        -5      1989


SUNRISE AND SUNSET
MARCH 19 2017.........SUNRISE   714 AM CDT   SUNSET   722 PM CDT
MARCH 20 2017.........SUNRISE   713 AM CDT   SUNSET   723 PM CDT


-  INDICATES NEGATIVE NUMBERS.
R  INDICATES RECORD WAS SET OR TIED.
MM INDICATES DATA IS MISSING.
T  INDICATES TRACE AMOUNT.




$$
