000
CDUS43 KARX 070645
CLIRST


CLIMATE REPORT
NATIONAL WEATHER SERVICE LA CROSSE WI
144 AM CDT THU SEP 7 2017


...................................

...THE ROCHESTER MN CLIMATE SUMMARY FOR SEPTEMBER 6 2017...

CLIMATE NORMAL PERIOD 1981 TO 2010
CLIMATE RECORD PERIOD 1886 TO 2017


WEATHER ITEM   OBSERVED TIME   RECORD YEAR NORMAL DEPARTURE LAST
                VALUE   (LST)  VALUE       VALUE  FROM      YEAR
                                                  NORMAL
..................................................................
TEMPERATURE (F)
 YESTERDAY
  MAXIMUM         64   1239 PM 100    1913  75    -11       82
  MINIMUM         44    515 AM  36    1932  55    -11       68
                                      1892
  AVERAGE         54                        65    -11       75

PRECIPITATION (IN)
  YESTERDAY        0.00          1.27 1938   0.12  -0.12     0.43
  MONTH TO DATE    0.28                      0.73  -0.45     1.68
  SINCE SEP 1      0.28                      0.73  -0.45     1.68
  SINCE JAN 1     24.78                     24.92  -0.14    29.95

SNOWFALL (IN)
  YESTERDAY        0.0           0.0  2012   0.0    0.0      0.0
  MONTH TO DATE    0.0                       0.0    0.0      0.0
  SINCE JUL 1      0.0                       0.0    0.0      0.0
  SNOW DEPTH       0

DEGREE DAYS
 HEATING
  YESTERDAY       11                         3      8        0
  MONTH TO DATE   33                        15     18        4
  SINCE JUL 1     74                        53     21       15

 COOLING
  YESTERDAY        0                         3     -3       10
  MONTH TO DATE    2                        18    -16       22
  SINCE JAN 1    404                       543   -139      595
..................................................................


WIND (MPH)
  HIGHEST WIND SPEED    15   HIGHEST WIND DIRECTION    NW (320)
  HIGHEST GUST SPEED    19   HIGHEST GUST DIRECTION    NW (320)
  AVERAGE WIND SPEED     7.2


SKY COVER
  POSSIBLE SUNSHINE  MM
  AVERAGE SKY COVER 0.5


WEATHER CONDITIONS
 THE FOLLOWING WEATHER WAS RECORDED YESTERDAY.
  NO SIGNIFICANT WEATHER WAS OBSERVED.


RELATIVE HUMIDITY (PERCENT)
 HIGHEST   100          1200 AM
 LOWEST     60           400 PM
 AVERAGE    80

..........................................................


THE ROCHESTER MN CLIMATE NORMALS FOR TODAY
                         NORMAL    RECORD    YEAR
 MAXIMUM TEMPERATURE (F)   75        96      1913
 MINIMUM TEMPERATURE (F)   54        34      1934


SUNRISE AND SUNSET
SEPTEMBER  7 2017.....SUNRISE   640 AM CDT   SUNSET   734 PM CDT
SEPTEMBER  8 2017.....SUNRISE   642 AM CDT   SUNSET   733 PM CDT


-  INDICATES NEGATIVE NUMBERS.
R  INDICATES RECORD WAS SET OR TIED.
MM INDICATES DATA IS MISSING.
T  INDICATES TRACE AMOUNT.




$$
