899
CDUS43 KARX 230639
CLIRST


CLIMATE REPORT
NATIONAL WEATHER SERVICE LA CROSSE WI
139 AM CDT FRI SEP 23 2016


...................................

...THE ROCHESTER MN CLIMATE SUMMARY FOR SEPTEMBER 22 2016...

CLIMATE NORMAL PERIOD 1981 TO 2010
CLIMATE RECORD PERIOD 1886 TO 2016


WEATHER ITEM   OBSERVED TIME   RECORD YEAR NORMAL DEPARTURE LAST
                VALUE   (LST)  VALUE       VALUE  FROM      YEAR
                                                  NORMAL
..................................................................
TEMPERATURE (F)
 YESTERDAY
  MAXIMUM         73    423 PM  95    1908  69      4       77
  MINIMUM         63    806 AM  24    1974  48     15       57
  AVERAGE         68                        58     10       67

PRECIPITATION (IN)
  YESTERDAY        0.71          1.57 2010   0.11   0.60     0.00
  MONTH TO DATE    8.96                      2.59   6.37     2.82
  SINCE SEP 1      8.96                      2.59   6.37     2.82
  SINCE JAN 1     37.23                     26.78  10.45    27.99

SNOWFALL (IN)
  YESTERDAY        0.0           0.0  2012   0.0    0.0      0.0
  MONTH TO DATE    0.0                       0.0    0.0      0.0
  SINCE JUL 1      0.0                       0.0    0.0      0.0
  SNOW DEPTH       0

DEGREE DAYS
 HEATING
  YESTERDAY        0                         8     -8        0
  MONTH TO DATE   23                       100    -77       55
  SINCE JUL 1     34                       138   -104      114

 COOLING
  YESTERDAY        3                         1      2        2
  MONTH TO DATE   53                        47      6      110
  SINCE JAN 1    626                       572     54      485
..................................................................


WIND (MPH)
  HIGHEST WIND SPEED    22   HIGHEST WIND DIRECTION     S (160)
  HIGHEST GUST SPEED    30   HIGHEST GUST DIRECTION    SE (150)
  AVERAGE WIND SPEED    10.4


SKY COVER
  POSSIBLE SUNSHINE  MM
  AVERAGE SKY COVER 0.8


WEATHER CONDITIONS
 THE FOLLOWING WEATHER WAS RECORDED YESTERDAY.
  THUNDERSTORM
  RAIN
  LIGHT RAIN
  FOG


RELATIVE HUMIDITY (PERCENT)
 HIGHEST   100           600 AM
 LOWEST     78           200 PM
 AVERAGE    89

..........................................................


THE ROCHESTER MN CLIMATE NORMALS FOR TODAY
                         NORMAL    RECORD    YEAR
 MAXIMUM TEMPERATURE (F)   69        92      1937
 MINIMUM TEMPERATURE (F)   47        28      1989


SUNRISE AND SUNSET
SEPTEMBER 23 2016.....SUNRISE   659 AM CDT   SUNSET   705 PM CDT
SEPTEMBER 24 2016.....SUNRISE   700 AM CDT   SUNSET   703 PM CDT


-  INDICATES NEGATIVE NUMBERS.
R  INDICATES RECORD WAS SET OR TIED.
MM INDICATES DATA IS MISSING.
T  INDICATES TRACE AMOUNT.




$$
