000
CDUS43 KARX 170633
CLIRST


CLIMATE REPORT
NATIONAL WEATHER SERVICE LA CROSSE WI
132 AM CDT MON APR 17 2017


...................................

...THE ROCHESTER MN CLIMATE SUMMARY FOR APRIL 16 2017...

CLIMATE NORMAL PERIOD 1981 TO 2010
CLIMATE RECORD PERIOD 1886 TO 2017


WEATHER ITEM   OBSERVED TIME   RECORD YEAR NORMAL DEPARTURE LAST
                VALUE   (LST)  VALUE       VALUE  FROM      YEAR
                                                  NORMAL
..................................................................
TEMPERATURE (F)
 YESTERDAY
  MAXIMUM         63    429 PM  84    2004  58      5       80
                                      2002
                                      1977
  MINIMUM         45   1120 PM  18    1983  37      8       51
                                      1949
  AVERAGE         54                        47      7       66

PRECIPITATION (IN)
  YESTERDAY        0.00          1.20 2006   0.11  -0.11     0.00
  MONTH TO DATE    1.95                      1.58   0.37     0.17
  SINCE MAR 1      4.82                      3.46   1.36     4.15
  SINCE JAN 1      8.60                      5.15   3.45     5.55

SNOWFALL (IN)
  YESTERDAY        0.0           2.8  1961   0.1   -0.1      0.0
  MONTH TO DATE    T                         2.2   -2.2      0.5
  SINCE JUL 1     52.7                      50.8    1.9     47.9
  SNOW DEPTH       0

DEGREE DAYS
 HEATING
  YESTERDAY       11                        18     -7        0
  MONTH TO DATE  262                       345    -83      365
  SINCE JUL 1   6343                      7217   -874     6380

 COOLING
  YESTERDAY        0                         0      0        1
  MONTH TO DATE    0                         0      0        1
  SINCE JAN 1      0                         0      0        1
..................................................................


WIND (MPH)
  HIGHEST WIND SPEED    28   HIGHEST WIND DIRECTION     W (290)
  HIGHEST GUST SPEED    34   HIGHEST GUST DIRECTION     W (290)
  AVERAGE WIND SPEED    14.7


SKY COVER
  POSSIBLE SUNSHINE  MM
  AVERAGE SKY COVER 0.1


WEATHER CONDITIONS
 THE FOLLOWING WEATHER WAS RECORDED YESTERDAY.
  NO SIGNIFICANT WEATHER WAS OBSERVED.


RELATIVE HUMIDITY (PERCENT)
 HIGHEST   100          1200 AM
 LOWEST     34           400 PM
 AVERAGE    67

..........................................................


THE ROCHESTER MN CLIMATE NORMALS FOR TODAY
                         NORMAL    RECORD    YEAR
 MAXIMUM TEMPERATURE (F)   58        84      1985
 MINIMUM TEMPERATURE (F)   37        17      1983


SUNRISE AND SUNSET
APRIL 17 2017.........SUNRISE   623 AM CDT   SUNSET   757 PM CDT
APRIL 18 2017.........SUNRISE   621 AM CDT   SUNSET   758 PM CDT


-  INDICATES NEGATIVE NUMBERS.
R  INDICATES RECORD WAS SET OR TIED.
MM INDICATES DATA IS MISSING.
T  INDICATES TRACE AMOUNT.




$$
