000
CDUS43 KARX 310654
CLIRST


CLIMATE REPORT
NATIONAL WEATHER SERVICE LA CROSSE WI
1254 AM CST SAT DEC 31 2016


...................................

...THE ROCHESTER MN CLIMATE SUMMARY FOR DECEMBER 30 2016...

CLIMATE NORMAL PERIOD 1981 TO 2010
CLIMATE RECORD PERIOD 1886 TO 2016


WEATHER ITEM   OBSERVED TIME   RECORD YEAR NORMAL DEPARTURE LAST
                VALUE   (LST)  VALUE       VALUE  FROM      YEAR
                                                  NORMAL
..................................................................
TEMPERATURE (F)
 YESTERDAY
  MAXIMUM         31   1159 PM  52    1890  24      7       22
  MINIMUM         15    758 AM -28    1887   9      6       14
  AVERAGE         23                        16      7       18

PRECIPITATION (IN)
  YESTERDAY        0.00          0.23 1971   0.03  -0.03      T
  MONTH TO DATE    2.07                      1.20   0.87     3.21
  SINCE DEC 1      2.07                      1.20   0.87     3.21
  SINCE JAN 1     43.55                     32.99  10.56    35.60

SNOWFALL (IN)
  YESTERDAY        0.0           3.7  1971   0.3   -0.3       T
  MONTH TO DATE   19.7                      12.1    7.6     13.2
  SINCE JUL 1     20.7                      19.0    1.7     15.7
  SNOW DEPTH       5

DEGREE DAYS
 HEATING
  YESTERDAY       42                        49     -7       47
  MONTH TO DATE 1393                      1357     36     1030
  SINCE JUL 1   2528                      3029   -501     2380

 COOLING
  YESTERDAY        0                         0      0        0
  MONTH TO DATE    0                         0      0        0
  SINCE JAN 1    629                       585     44      507
..................................................................


WIND (MPH)
  HIGHEST WIND SPEED    22   HIGHEST WIND DIRECTION     S (160)
  HIGHEST GUST SPEED    29   HIGHEST GUST DIRECTION     W (290)
  AVERAGE WIND SPEED    12.7


SKY COVER
  POSSIBLE SUNSHINE  MM
  AVERAGE SKY COVER 0.4


WEATHER CONDITIONS
 THE FOLLOWING WEATHER WAS RECORDED YESTERDAY.
  NO SIGNIFICANT WEATHER WAS OBSERVED.


RELATIVE HUMIDITY (PERCENT)
 HIGHEST    92           400 AM
 LOWEST     77          1200 AM
 AVERAGE    85

..........................................................


THE ROCHESTER MN CLIMATE NORMALS FOR TODAY
                         NORMAL    RECORD    YEAR
 MAXIMUM TEMPERATURE (F)   24        49      1965
 MINIMUM TEMPERATURE (F)    9       -28      1946


SUNRISE AND SUNSET
DECEMBER 31 2016......SUNRISE   744 AM CST   SUNSET   442 PM CST
JANUARY  1 2017.......SUNRISE   744 AM CST   SUNSET   443 PM CST


-  INDICATES NEGATIVE NUMBERS.
R  INDICATES RECORD WAS SET OR TIED.
MM INDICATES DATA IS MISSING.
T  INDICATES TRACE AMOUNT.




$$
