000
CDUS43 KARX 072238
CLIRST


CLIMATE REPORT
NATIONAL WEATHER SERVICE LA CROSSE WI
438 PM CST SUN JAN 7 2018


...................................

...THE ROCHESTER MN CLIMATE SUMMARY FOR JANUARY 7 2018...
VALID TODAY AS OF 0430 PM LOCAL TIME.

CLIMATE NORMAL PERIOD 1981 TO 2010
CLIMATE RECORD PERIOD 1886 TO 2018


WEATHER ITEM   OBSERVED TIME   RECORD YEAR NORMAL DEPARTURE LAST
                VALUE   (LST)  VALUE       VALUE  FROM      YEAR
                                                  NORMAL
..................................................................
TEMPERATURE (F)
 TODAY
  MAXIMUM         29    359 PM  51    2003  23      6        6
  MINIMUM          9   1226 AM -42    1887   8      1       -5
  AVERAGE         19                        16      3        1

PRECIPITATION (IN)
  TODAY            T             0.23 2010   0.03  -0.03     0.00
  MONTH TO DATE    0.01                      0.19  -0.18     0.14
  SINCE DEC 1      0.52                      1.42  -0.90     2.21
  SINCE JAN 1      0.01                      0.19  -0.18     0.14

SNOWFALL (IN)
  TODAY            T             4.4  1977   0.3   -0.3      0.0
  MONTH TO DATE    0.1                       2.3   -2.2      0.3
  SINCE JUL 1     10.6                      21.7  -11.1     21.0
  SNOW DEPTH       3

DEGREE DAYS
 HEATING
  TODAY           46                        49     -3       64
  MONTH TO DATE  458                       343    115      396
  SINCE JUL 1   3488                      3421     67     2967

 COOLING
  TODAY            0                         0      0        0
  MONTH TO DATE    0                         0      0        0
  SINCE JAN 1      0                         0      0        0
..................................................................


WIND (MPH)
  HIGHEST WIND SPEED    29   HIGHEST WIND DIRECTION     S (170)
  HIGHEST GUST SPEED    39   HIGHEST GUST DIRECTION     S (180)
  AVERAGE WIND SPEED    20.5


SKY COVER
  POSSIBLE SUNSHINE  MM
  AVERAGE SKY COVER 0.7


WEATHER CONDITIONS
 THE FOLLOWING WEATHER WAS RECORDED TODAY.
  NO SIGNIFICANT WEATHER WAS OBSERVED.


RELATIVE HUMIDITY (PERCENT)
 HIGHEST    78           400 PM
 LOWEST     73          1200 AM
 AVERAGE    76

..........................................................


THE ROCHESTER MN CLIMATE NORMALS FOR TOMORROW
                         NORMAL    RECORD    YEAR
 MAXIMUM TEMPERATURE (F)   23        52      2003
 MINIMUM TEMPERATURE (F)    8       -33      1912


SUNRISE AND SUNSET
JANUARY  7 2018.......SUNRISE   744 AM CST   SUNSET   449 PM CST
JANUARY  8 2018.......SUNRISE   744 AM CST   SUNSET   450 PM CST


-  INDICATES NEGATIVE NUMBERS.
R  INDICATES RECORD WAS SET OR TIED.
MM INDICATES DATA IS MISSING.
T  INDICATES TRACE AMOUNT.




$$
