000
CDUS43 KARX 150650
CLIRST


CLIMATE REPORT
NATIONAL WEATHER SERVICE LA CROSSE WI
150 AM CDT SAT JUL 15 2017


...................................

...THE ROCHESTER MN CLIMATE SUMMARY FOR JULY 14 2017...

CLIMATE NORMAL PERIOD 1981 TO 2010
CLIMATE RECORD PERIOD 1886 TO 2017


WEATHER ITEM   OBSERVED TIME   RECORD YEAR NORMAL DEPARTURE LAST
                VALUE   (LST)  VALUE       VALUE  FROM      YEAR
                                                  NORMAL
..................................................................
TEMPERATURE (F)
 YESTERDAY
  MAXIMUM         73    458 PM 108    1936  82     -9       73
  MINIMUM         55   1159 PM  47    1960  62     -7       60
                                      1920
  AVERAGE         64                        72     -8       67

PRECIPITATION (IN)
  YESTERDAY        0.00          1.37 1984   0.15  -0.15     0.03
  MONTH TO DATE    0.18                      2.07  -1.89     2.27
  SINCE JUN 1      3.89                      6.75  -2.86     7.51
  SINCE JAN 1     18.16                     17.19   0.97    19.20

SNOWFALL (IN)
  YESTERDAY        0.0           0.0  2012   0.0    0.0      0.0
  MONTH TO DATE    0.0                       0.0    0.0      0.0
  SINCE JUL 1      0.0                       0.0    0.0      0.0
  SNOW DEPTH       0

DEGREE DAYS
 HEATING
  YESTERDAY        1                         0      1        0
  MONTH TO DATE    1                         0      1        4
  SINCE JUL 1      1                         0      1        4

 COOLING
  YESTERDAY        0                         7     -7        2
  MONTH TO DATE   82                        98    -16       70
  SINCE JAN 1    249                       262    -13      259
..................................................................


WIND (MPH)
  HIGHEST WIND SPEED    14   HIGHEST WIND DIRECTION     N (20)
  HIGHEST GUST SPEED    17   HIGHEST GUST DIRECTION    NW (330)
  AVERAGE WIND SPEED     5.7


SKY COVER
  POSSIBLE SUNSHINE  MM
  AVERAGE SKY COVER 0.6


WEATHER CONDITIONS
 THE FOLLOWING WEATHER WAS RECORDED YESTERDAY.
  NO SIGNIFICANT WEATHER WAS OBSERVED.


RELATIVE HUMIDITY (PERCENT)
 HIGHEST    93           500 AM
 LOWEST     61           600 PM
 AVERAGE    77

..........................................................


THE ROCHESTER MN CLIMATE NORMALS FOR TODAY
                         NORMAL    RECORD    YEAR
 MAXIMUM TEMPERATURE (F)   82       100      1936
 MINIMUM TEMPERATURE (F)   62        42      1930


SUNRISE AND SUNSET
JULY 15 2017..........SUNRISE   542 AM CDT   SUNSET   850 PM CDT
JULY 16 2017..........SUNRISE   543 AM CDT   SUNSET   849 PM CDT


-  INDICATES NEGATIVE NUMBERS.
R  INDICATES RECORD WAS SET OR TIED.
MM INDICATES DATA IS MISSING.
T  INDICATES TRACE AMOUNT.




$$
