918
CDUS43 KARX 150701
CLIRST


CLIMATE REPORT
NATIONAL WEATHER SERVICE LA CROSSE WI
101 AM CST SUN JAN 15 2017


...................................

...THE ROCHESTER MN CLIMATE SUMMARY FOR JANUARY 14 2017...

CLIMATE NORMAL PERIOD 1981 TO 2010
CLIMATE RECORD PERIOD 1886 TO 2017


WEATHER ITEM   OBSERVED TIME   RECORD YEAR NORMAL DEPARTURE LAST
                VALUE   (LST)  VALUE       VALUE  FROM      YEAR
                                                  NORMAL
..................................................................
TEMPERATURE (F)
 YESTERDAY
  MAXIMUM         21    351 PM  44    1915  23     -2       31
  MINIMUM          5   1051 PM -26    1979   7     -2       16
                                      1972
                                      1965
  AVERAGE         13                        15     -2       24

PRECIPITATION (IN)
  YESTERDAY        0.00          0.57 1930   0.03  -0.03     0.00
  MONTH TO DATE    0.53                      0.39   0.14     0.46
  SINCE DEC 1      2.60                      1.62   0.98     3.67
  SINCE JAN 1      0.53                      0.39   0.14     0.46

SNOWFALL (IN)
  YESTERDAY        0.0           6.0  1930   0.4   -0.4      0.0
  MONTH TO DATE    3.7                       5.0   -1.3      3.4
  SINCE JUL 1     24.4                      24.4    0.0     19.1
  SNOW DEPTH       5

DEGREE DAYS
 HEATING
  YESTERDAY       52                        50      2       41
  MONTH TO DATE  779                       691     88      711
  SINCE JUL 1   3350                      3769   -419     3142

 COOLING
  YESTERDAY        0                         0      0        0
  MONTH TO DATE    0                         0      0        0
  SINCE JAN 1      0                         0      0        0
..................................................................


WIND (MPH)
  HIGHEST WIND SPEED    13   HIGHEST WIND DIRECTION     S (180)
  HIGHEST GUST SPEED    16   HIGHEST GUST DIRECTION     S (180)
  AVERAGE WIND SPEED     7.1


SKY COVER
  POSSIBLE SUNSHINE  MM
  AVERAGE SKY COVER 0.1


WEATHER CONDITIONS
 THE FOLLOWING WEATHER WAS RECORDED YESTERDAY.
  FOG


RELATIVE HUMIDITY (PERCENT)
 HIGHEST    92           700 PM
 LOWEST     67          1100 AM
 AVERAGE    80

..........................................................


THE ROCHESTER MN CLIMATE NORMALS FOR TODAY
                         NORMAL    RECORD    YEAR
 MAXIMUM TEMPERATURE (F)   23        50      1914
 MINIMUM TEMPERATURE (F)    7       -36      1888


SUNRISE AND SUNSET
JANUARY 15 2017.......SUNRISE   741 AM CST   SUNSET   458 PM CST
JANUARY 16 2017.......SUNRISE   740 AM CST   SUNSET   500 PM CST


-  INDICATES NEGATIVE NUMBERS.
R  INDICATES RECORD WAS SET OR TIED.
MM INDICATES DATA IS MISSING.
T  INDICATES TRACE AMOUNT.




$$
