000
CDUS43 KARX 170632
CLIRST


CLIMATE REPORT
NATIONAL WEATHER SERVICE LA CROSSE WI
131 AM CDT SUN APR 17 2016


...................................

...THE ROCHESTER MN CLIMATE SUMMARY FOR APRIL 16 2016...

CLIMATE NORMAL PERIOD 1981 TO 2010
CLIMATE RECORD PERIOD 1886 TO 2016


WEATHER ITEM   OBSERVED TIME   RECORD YEAR NORMAL DEPARTURE LAST
                VALUE   (LST)  VALUE       VALUE  FROM      YEAR
                                                  NORMAL
..................................................................
TEMPERATURE (F)
 YESTERDAY
  MAXIMUM         80    339 PM  84    2004  58     22       71
                                      2002
                                      1977
  MINIMUM         51    544 AM  18    1983  37     14       46
                                      1949
  AVERAGE         66                        47     19       59

PRECIPITATION (IN)
  YESTERDAY        0.00          1.20 2006   0.11  -0.11     0.00
  MONTH TO DATE    0.17                      1.58  -1.41     3.14
  SINCE MAR 1      4.15                      3.46   0.69     4.21
  SINCE JAN 1      5.55                      5.15   0.40     5.57

SNOWFALL (IN)
  YESTERDAY        0.0           2.8  1961   0.1   -0.1      0.0
  MONTH TO DATE    0.5                       2.2   -1.7      1.5
  SINCE JUL 1     47.9                      50.8   -2.9     50.4
  SNOW DEPTH       0

DEGREE DAYS
 HEATING
  YESTERDAY        0                        18    -18        6
  MONTH TO DATE  365                       345     20      287
  SINCE JUL 1   6380                      7217   -837     7585

 COOLING
  YESTERDAY        1                         0      1        0
  MONTH TO DATE    1                         0      1        0
  SINCE JAN 1      1                         0      1        0
..................................................................


WIND (MPH)
  HIGHEST WIND SPEED    26   HIGHEST WIND DIRECTION    SE (140)
  HIGHEST GUST SPEED    34   HIGHEST GUST DIRECTION     S (160)
  AVERAGE WIND SPEED    15.1


SKY COVER
  POSSIBLE SUNSHINE  MM
  AVERAGE SKY COVER 0.2


WEATHER CONDITIONS
 THE FOLLOWING WEATHER WAS RECORDED YESTERDAY.
  NO SIGNIFICANT WEATHER WAS OBSERVED.


RELATIVE HUMIDITY (PERCENT)
 HIGHEST    68           600 AM
 LOWEST     23           400 PM
 AVERAGE    46

..........................................................


THE ROCHESTER MN CLIMATE NORMALS FOR TODAY
                         NORMAL    RECORD    YEAR
 MAXIMUM TEMPERATURE (F)   58        84      1985
 MINIMUM TEMPERATURE (F)   37        17      1983


SUNRISE AND SUNSET
APRIL 17 2016.........SUNRISE   623 AM CDT   SUNSET   757 PM CDT
APRIL 18 2016.........SUNRISE   621 AM CDT   SUNSET   758 PM CDT


-  INDICATES NEGATIVE NUMBERS.
R  INDICATES RECORD WAS SET OR TIED.
MM INDICATES DATA IS MISSING.
T  INDICATES TRACE AMOUNT.




$$
