000
CDUS43 KARX 062140
CLIRST


CLIMATE REPORT
NATIONAL WEATHER SERVICE LA CROSSE WI
439 PM CDT SUN JUL 6 2014


...................................

...THE ROCHESTER MN CLIMATE SUMMARY FOR JULY 6 2014...
VALID TODAY AS OF 0400 PM LOCAL TIME.

CLIMATE NORMAL PERIOD 1981 TO 2010
CLIMATE RECORD PERIOD 1886 TO 2014


WEATHER ITEM   OBSERVED TIME   RECORD YEAR NORMAL DEPARTURE LAST
                VALUE   (LST)  VALUE       VALUE  FROM      YEAR
                                                  NORMAL
..................................................................
TEMPERATURE (F)
 TODAY
  MAXIMUM         84    259 PM 105    1936  82      2       91
  MINIMUM         66    433 AM  46    1972  61      5       69
                                      1958
                                      1950
  AVERAGE         75                        72      3       80

PRECIPITATION (IN)
  TODAY            T             1.22 1908   0.14  -0.14     0.00
  MONTH TO DATE    0.05                      0.86  -0.81     0.00
  SINCE JUN 1      6.55                      5.54   1.01     6.86
  SINCE JAN 1     17.88                     15.98   1.90    30.76

SNOWFALL (IN)
  TODAY            0.0           0.0  2012   0.0    0.0      0.0
  MONTH TO DATE    0.0                       0.0    0.0      0.0
  SINCE JUL 1      0.0                       0.0    0.0      0.0
  SNOW DEPTH       0

DEGREE DAYS
 HEATING
  TODAY            0                         0      0        0
  MONTH TO DATE    7                         0      7        0
  SINCE JUL 1      7                         0      7        0

 COOLING
  TODAY           10                         7      3       15
  MONTH TO DATE   15                        42    -27       47
  SINCE JAN 1    185                       206    -21      203
..................................................................


WIND (MPH)
  HIGHEST WIND SPEED    23   HIGHEST WIND DIRECTION     S (170)
  HIGHEST GUST SPEED    30   HIGHEST GUST DIRECTION     S (170)
  AVERAGE WIND SPEED    12.4


SKY COVER
  POSSIBLE SUNSHINE  MM
  AVERAGE SKY COVER 0.9


WEATHER CONDITIONS
 THE FOLLOWING WEATHER WAS RECORDED TODAY.
  FOG
  FOG W/VISIBILITY <= 1/4 MILE
  HAZE


RELATIVE HUMIDITY (PERCENT)
 HIGHEST   100           600 AM
 LOWEST     74           300 PM
 AVERAGE    87

..........................................................


THE ROCHESTER MN CLIMATE NORMALS FOR TOMORROW
                         NORMAL    RECORD    YEAR
 MAXIMUM TEMPERATURE (F)   82       102      1936
 MINIMUM TEMPERATURE (F)   62        43      1934


SUNRISE AND SUNSET
JULY  6 2014..........SUNRISE   534 AM CDT   SUNSET   855 PM CDT
JULY  7 2014..........SUNRISE   535 AM CDT   SUNSET   854 PM CDT


-  INDICATES NEGATIVE NUMBERS.
R  INDICATES RECORD WAS SET OR TIED.
MM INDICATES DATA IS MISSING.
T  INDICATES TRACE AMOUNT.




$$
