000
CDUS43 KARX 130643
CLIRST


CLIMATE REPORT
NATIONAL WEATHER SERVICE LA CROSSE WI
141 AM CDT WED AUG 13 2014


...................................

...THE ROCHESTER MN CLIMATE SUMMARY FOR AUGUST 12 2014...

CLIMATE NORMAL PERIOD 1981 TO 2010
CLIMATE RECORD PERIOD 1886 TO 2014


WEATHER ITEM   OBSERVED TIME   RECORD YEAR NORMAL DEPARTURE LAST
                VALUE   (LST)  VALUE       VALUE  FROM      YEAR
                                                  NORMAL
..................................................................
TEMPERATURE (F)
 YESTERDAY
  MAXIMUM         76    328 PM  95    1947  80     -4       76
  MINIMUM         56    614 AM  43    1946  60     -4       59
  AVERAGE         66                        70     -4       68

PRECIPITATION (IN)
  YESTERDAY        0.00          2.04 1909   0.15  -0.15      T
  MONTH TO DATE    0.26                      1.73  -1.47     1.29
  SINCE JUN 1      8.99                     10.96  -1.97    10.29
  SINCE JAN 1     20.32                     21.40  -1.08    34.19

SNOWFALL (IN)
  YESTERDAY        0.0           0.0  2012   0.0    0.0      0.0
  MONTH TO DATE    0.0                       0.0    0.0      0.0
  SINCE JUL 1      0.0                       0.0    0.0      0.0
  SNOW DEPTH       0

DEGREE DAYS
 HEATING
  YESTERDAY        0                         1     -1        0
  MONTH TO DATE    0                         9     -9        4
  SINCE JUL 1     22                        20      2       27

 COOLING
  YESTERDAY        1                         5     -4        3
  MONTH TO DATE   55                        70    -15       20
  SINCE JAN 1    335                       441   -106      405
..................................................................


WIND (MPH)
  HIGHEST WIND SPEED    23   HIGHEST WIND DIRECTION     N (340)
  HIGHEST GUST SPEED    31   HIGHEST GUST DIRECTION    NW (330)
  AVERAGE WIND SPEED    10.4


SKY COVER
  POSSIBLE SUNSHINE  MM
  AVERAGE SKY COVER 0.3


WEATHER CONDITIONS
 THE FOLLOWING WEATHER WAS RECORDED YESTERDAY.
  FOG
  FOG W/VISIBILITY <= 1/4 MILE


RELATIVE HUMIDITY (PERCENT)
 HIGHEST    93           200 AM
 LOWEST     38           400 PM
 AVERAGE    66

..........................................................


THE ROCHESTER MN CLIMATE NORMALS FOR TODAY
                         NORMAL    RECORD    YEAR
 MAXIMUM TEMPERATURE (F)   79        96      1918
 MINIMUM TEMPERATURE (F)   60        40      1933


SUNRISE AND SUNSET
AUGUST 13 2014........SUNRISE   612 AM CDT   SUNSET   817 PM CDT
AUGUST 14 2014........SUNRISE   613 AM CDT   SUNSET   816 PM CDT


-  INDICATES NEGATIVE NUMBERS.
R  INDICATES RECORD WAS SET OR TIED.
MM INDICATES DATA IS MISSING.
T  INDICATES TRACE AMOUNT.




$$
