000
CDUS43 KARX 090640
CLIRST


CLIMATE REPORT
NATIONAL WEATHER SERVICE LA CROSSE WI
1238 AM CST TUE JAN 9 2018


...................................

...THE ROCHESTER MN CLIMATE SUMMARY FOR JANUARY 8 2018...

CLIMATE NORMAL PERIOD 1981 TO 2010
CLIMATE RECORD PERIOD 1886 TO 2018


WEATHER ITEM   OBSERVED TIME   RECORD YEAR NORMAL DEPARTURE LAST
                VALUE   (LST)  VALUE       VALUE  FROM      YEAR
                                                  NORMAL
..................................................................
TEMPERATURE (F)
 YESTERDAY
  MAXIMUM         36    301 PM  52    2003  23     13       16
  MINIMUM         22   1130 PM -33    1912   8     14      -11
  AVERAGE         29                        16     13        3

PRECIPITATION (IN)
  YESTERDAY        0.00          0.42 1937   0.03  -0.03      T
  MONTH TO DATE    0.01                      0.22  -0.21     0.14
  SINCE DEC 1      0.52                      1.45  -0.93     2.21
  SINCE JAN 1      0.01                      0.22  -0.21     0.14

SNOWFALL (IN)
  YESTERDAY        0.0           4.0  1930   0.4   -0.4       T
  MONTH TO DATE    0.1                       2.7   -2.6      0.3
  SINCE JUL 1     10.6                      22.1  -11.5     21.0
  SNOW DEPTH       2

DEGREE DAYS
 HEATING
  YESTERDAY       36                        49    -13       62
  MONTH TO DATE  493                       392    101      458
  SINCE JUL 1   3523                      3470     53     3029

 COOLING
  YESTERDAY        0                         0      0        0
  MONTH TO DATE    0                         0      0        0
  SINCE JAN 1      0                         0      0        0
..................................................................


WIND (MPH)
  HIGHEST WIND SPEED    22   HIGHEST WIND DIRECTION    NW (300)
  HIGHEST GUST SPEED    26   HIGHEST GUST DIRECTION    NW (310)
  AVERAGE WIND SPEED    10.7


SKY COVER
  POSSIBLE SUNSHINE  MM
  AVERAGE SKY COVER 0.1


WEATHER CONDITIONS
 THE FOLLOWING WEATHER WAS RECORDED YESTERDAY.
  NO SIGNIFICANT WEATHER WAS OBSERVED.


RELATIVE HUMIDITY (PERCENT)
 HIGHEST   100           600 AM
 LOWEST     70           200 PM
 AVERAGE    85

..........................................................


THE ROCHESTER MN CLIMATE NORMALS FOR TODAY
                         NORMAL    RECORD    YEAR
 MAXIMUM TEMPERATURE (F)   23        46      2012
                                             2002
 MINIMUM TEMPERATURE (F)    8       -30      1977


SUNRISE AND SUNSET
JANUARY  9 2018.......SUNRISE   744 AM CST   SUNSET   451 PM CST
JANUARY 10 2018.......SUNRISE   743 AM CST   SUNSET   452 PM CST


-  INDICATES NEGATIVE NUMBERS.
R  INDICATES RECORD WAS SET OR TIED.
MM INDICATES DATA IS MISSING.
T  INDICATES TRACE AMOUNT.




$$
