000
CDUS43 KARX 212140
CLIRST


CLIMATE REPORT
NATIONAL WEATHER SERVICE LA CROSSE WI
440 PM CDT FRI AUG 21 2015


...................................

...THE ROCHESTER MN CLIMATE SUMMARY FOR AUGUST 21 2015...
VALID TODAY AS OF 0400 PM LOCAL TIME.

CLIMATE NORMAL PERIOD 1981 TO 2010
CLIMATE RECORD PERIOD 1886 TO 2015


WEATHER ITEM   OBSERVED TIME   RECORD YEAR NORMAL DEPARTURE LAST
                VALUE   (LST)  VALUE       VALUE  FROM      YEAR
                                                  NORMAL
..................................................................
TEMPERATURE (F)
 TODAY
  MAXIMUM         77    330 PM  97    1947  79     -2       84
  MINIMUM         54    332 AM  39    2004  59     -5       69
  AVERAGE         66                        69     -3       77

PRECIPITATION (IN)
  TODAY            0.00          2.09 1979   0.15  -0.15     0.84
  MONTH TO DATE    2.09                      3.10  -1.01     2.20
  SINCE JUN 1     11.49                     12.33  -0.84    11.70
  SINCE JAN 1     24.10                     22.77   1.33    23.03

SNOWFALL (IN)
  TODAY            0.0           0.0  2012   0.0    0.0      0.0
  MONTH TO DATE    0.0                       0.0    0.0      0.0
  SINCE JUL 1      0.0                       0.0    0.0      0.0
  SNOW DEPTH       0

DEGREE DAYS
 HEATING
  TODAY            0                         1     -1        0
  MONTH TO DATE   12                        18     -6        0
  SINCE JUL 1     29                        29      0       22

 COOLING
  TODAY            1                         5     -4       12
  MONTH TO DATE   86                       115    -29      113
  SINCE JAN 1    363                       486   -123      393
..................................................................


WIND (MPH)
  HIGHEST WIND SPEED    26   HIGHEST WIND DIRECTION     S (200)
  HIGHEST GUST SPEED    34   HIGHEST GUST DIRECTION     S (190)
  AVERAGE WIND SPEED    13.7


SKY COVER
  POSSIBLE SUNSHINE  MM
  AVERAGE SKY COVER 0.5


WEATHER CONDITIONS
 THE FOLLOWING WEATHER WAS RECORDED TODAY.
  NO SIGNIFICANT WEATHER WAS OBSERVED.


RELATIVE HUMIDITY (PERCENT)
 HIGHEST    86          1200 AM
 LOWEST     56           300 PM
 AVERAGE    71

..........................................................


THE ROCHESTER MN CLIMATE NORMALS FOR TOMORROW
                         NORMAL    RECORD    YEAR
 MAXIMUM TEMPERATURE (F)   78        96      1916
 MINIMUM TEMPERATURE (F)   59        38      1920


SUNRISE AND SUNSET
AUGUST 21 2015........SUNRISE   621 AM CDT   SUNSET   805 PM CDT
AUGUST 22 2015........SUNRISE   622 AM CDT   SUNSET   803 PM CDT


-  INDICATES NEGATIVE NUMBERS.
R  INDICATES RECORD WAS SET OR TIED.
MM INDICATES DATA IS MISSING.
T  INDICATES TRACE AMOUNT.




$$
