000
CDUS43 KARX 071006
CLIRST

CLIMATE REPORT
NATIONAL WEATHER SERVICE LA CROSSE WI
506 AM CDT SAT OCT 7 2017

...................................

...THE ROCHESTER MN CLIMATE SUMMARY FOR OCTOBER 6 2017...

CLIMATE NORMAL PERIOD 1981 TO 2010
CLIMATE RECORD PERIOD 1886 TO 2017


WEATHER ITEM   OBSERVED TIME   RECORD YEAR NORMAL DEPARTURE LAST
                VALUE   (LST)  VALUE       VALUE  FROM      YEAR
                                                  NORMAL
..................................................................
TEMPERATURE (F)
 TODAY
  MAXIMUM         56   1159 PM  89    1997  63     -7       65
  MINIMUM         52    122 AM  14    1935  42     10       44
  AVERAGE         54                        52      2       55

PRECIPITATION (IN)
  TODAY            1.44          2.85 1911   0.09   1.35     0.44
  MONTH TO DATE    2.77                      0.57   2.20     0.47
  SINCE SEP 1      4.94                      4.02   0.92     9.57
  SINCE JAN 1     29.44                     28.21   1.23    37.84

SNOWFALL (IN)
  TODAY            0.0           T    2001   0.0    0.0      0.0
                                      2000
                                      1952
  MONTH TO DATE    0.0                       0.0    0.0      0.0
  SINCE JUL 1      0.0                       0.0    0.0      0.0
  SNOW DEPTH       0

..................................................................


WIND (MPH)
  HIGHEST WIND SPEED    21   HIGHEST WIND DIRECTION     NE (70)
  HIGHEST GUST SPEED    24   HIGHEST GUST DIRECTION     NE (70)
  AVERAGE WIND SPEED    9.0


SKY COVER
  POSSIBLE SUNSHINE  MM
  AVERAGE SKY COVER 1.0


WEATHER CONDITIONS
 THE FOLLOWING WEATHER WAS RECORDED TODAY.
  THUNDERSTORM
  HEAVY RAIN
  RAIN
  LIGHT RAIN
  FOG


RELATIVE HUMIDITY (PERCENT)
 HIGHEST   100          1200 AM
 LOWEST     93           300 AM
 AVERAGE    97

..........................................................


THE ROCHESTER MN CLIMATE NORMALS FOR TOMORROW
                         NORMAL    RECORD    YEAR
 MAXIMUM TEMPERATURE (F)   63        84      2011
 MINIMUM TEMPERATURE (F)   41        22      1976


SUNRISE AND SUNSET
OCTOBER  7 2017.......SUNRISE   715 AM CDT   SUNSET   640 PM CDT


-  INDICATES NEGATIVE NUMBERS.
R  INDICATES RECORD WAS SET OR TIED.
MM INDICATES DATA IS MISSING.
T  INDICATES TRACE AMOUNT.




$$
