000
CDUS43 KARX 052134
CLIRST


CLIMATE REPORT
NATIONAL WEATHER SERVICE LA CROSSE WI
433 PM CDT SAT AUG 5 2017


...................................

...THE ROCHESTER MN CLIMATE SUMMARY FOR AUGUST 5 2017...
VALID TODAY AS OF 0430 PM LOCAL TIME.

CLIMATE NORMAL PERIOD 1981 TO 2010
CLIMATE RECORD PERIOD 1886 TO 2017


WEATHER ITEM   OBSERVED TIME   RECORD YEAR NORMAL DEPARTURE LAST
                VALUE   (LST)  VALUE       VALUE  FROM      YEAR
                                                  NORMAL
..................................................................
TEMPERATURE (F)
 TODAY
  MAXIMUM         73    233 PM  99    1947  80     -7       76
  MINIMUM         50    503 AM  42    1948  60    -10       60
  AVERAGE         62                        70     -8       68

PRECIPITATION (IN)
  TODAY            0.00          0.67 2000   0.15  -0.15     0.00
  MONTH TO DATE    2.01                      0.73   1.28     1.22
  SINCE JUN 1      8.07                      9.96  -1.89    12.06
  SINCE JAN 1     22.34                     20.40   1.94    23.75

SNOWFALL (IN)
  TODAY            0.0           0.0  2012   0.0    0.0      0.0
  MONTH TO DATE    0.0                       0.0    0.0      0.0
  SINCE JUL 1      0.0                       0.0    0.0      0.0
  SNOW DEPTH       0

DEGREE DAYS
 HEATING
  TODAY            3                         1      2        0
  MONTH TO DATE   12                         2     10        0
  SINCE JUL 1     13                        13      0        4

 COOLING
  TODAY            0                         6     -6        3
  MONTH TO DATE    9                        30    -21       43
  SINCE JAN 1    370                       401    -31      443
..................................................................


WIND (MPH)
  HIGHEST WIND SPEED    14   HIGHEST WIND DIRECTION    SW (220)
  HIGHEST GUST SPEED    17   HIGHEST GUST DIRECTION    SW (220)
  AVERAGE WIND SPEED     6.3


SKY COVER
  POSSIBLE SUNSHINE  MM
  AVERAGE SKY COVER 0.1


WEATHER CONDITIONS
 THE FOLLOWING WEATHER WAS RECORDED TODAY.
  NO SIGNIFICANT WEATHER WAS OBSERVED.


RELATIVE HUMIDITY (PERCENT)
 HIGHEST    96           400 AM
 LOWEST     57          1200 PM
 AVERAGE    77

..........................................................


THE ROCHESTER MN CLIMATE NORMALS FOR TOMORROW
                         NORMAL    RECORD    YEAR
 MAXIMUM TEMPERATURE (F)   80        94      1909
 MINIMUM TEMPERATURE (F)   60        43      1910


SUNRISE AND SUNSET
AUGUST  5 2017........SUNRISE   603 AM CDT   SUNSET   828 PM CDT
AUGUST  6 2017........SUNRISE   604 AM CDT   SUNSET   827 PM CDT


-  INDICATES NEGATIVE NUMBERS.
R  INDICATES RECORD WAS SET OR TIED.
MM INDICATES DATA IS MISSING.
T  INDICATES TRACE AMOUNT.




$$
