000
CDUS43 KARX 040734
CLIRST


CLIMATE REPORT
NATIONAL WEATHER SERVICE LA CROSSE WI
232 AM CDT FRI APR 4 2014

...THE ROCHESTER MN CLIMATE SUMMARY FOR APRIL 3 2014...

CLIMATE NORMAL PERIOD 1981 TO 2010
CLIMATE RECORD PERIOD 1886 TO 2014

WEATHER ITEM   OBSERVED TIME   RECORD YEAR NORMAL DEPARTURE LAST
                VALUE   (LST)  VALUE       VALUE  FROM      YEAR
                                                  NORMAL
..................................................................
TEMPERATURE (F)
 YESTERDAY
  MAXIMUM         35   1201 AM  74    1893  50    -15       41
  MINIMUM         32   1159 PM   6    1954  31      1       21
  AVERAGE         34                        41     -7       31

PRECIPITATION (IN)
  YESTERDAY        0.37          1.21 1934   0.09   0.28     0.00
  MONTH TO DATE    0.40                      0.25   0.15     0.00
  SINCE MAR 1      1.55                      2.13  -0.58     2.85
  SINCE JAN 1      4.31                      3.82   0.49     4.85

SNOWFALL (IN)
  YESTERDAY        T             8.0  1945   0.2   -0.2      0.0
  MONTH TO DATE    T                         0.5   -0.5      0.0
  SINCE JUL 1     54.0                      49.1    4.9     55.3
  SNOW DEPTH       0

DEGREE DAYS
 HEATING
  YESTERDAY       31                        24      7       34
  MONTH TO DATE   99                        74     25      110
  SINCE JUL 1   8079                      6946   1133     6827

 COOLING
  YESTERDAY        0                         0      0        0
  MONTH TO DATE    0                         0      0        0
  SINCE JAN 1      0                         0      0        0
..................................................................

WIND (MPH)
  HIGHEST WIND SPEED    24   HIGHEST WIND DIRECTION     E (80)
  HIGHEST GUST SPEED    32   HIGHEST GUST DIRECTION    NE (60)
  AVERAGE WIND SPEED    15.3

SKY COVER
  POSSIBLE SUNSHINE  MM
  AVERAGE SKY COVER 0.9

WEATHER CONDITIONS
 THE FOLLOWING WEATHER WAS RECORDED YESTERDAY.
  LIGHT RAIN
  FREEZING RAIN
  LT FREEZING RAIN
  LIGHT SNOW
  FOG
  HAZE

RELATIVE HUMIDITY (PERCENT)
 HIGHEST    89           100 PM
 LOWEST     75           400 AM
 AVERAGE    82

..........................................................

THE ROCHESTER MN CLIMATE NORMALS FOR TODAY
                         NORMAL    RECORD    YEAR
 MAXIMUM TEMPERATURE (F)   51        77      1942
                                             1929
 MINIMUM TEMPERATURE (F)   32         6      1995

SUNRISE AND SUNSET
APRIL  4 2014.........SUNRISE   646 AM CDT   SUNSET   741 PM CDT
APRIL  5 2014.........SUNRISE   644 AM CDT   SUNSET   742 PM CDT

-  INDICATES NEGATIVE NUMBERS.
R  INDICATES RECORD WAS SET OR TIED.
MM INDICATES DATA IS MISSING.
T  INDICATES TRACE AMOUNT.

$$

BOYNE
