000
CDUS43 KARX 060747
CLIRST


CLIMATE REPORT
NATIONAL WEATHER SERVICE LA CROSSE WI
246 AM CDT SUN APR 6 2014

...THE ROCHESTER MN CLIMATE SUMMARY FOR APRIL 5 2014...

CLIMATE NORMAL PERIOD 1981 TO 2010
CLIMATE RECORD PERIOD 1886 TO 2014

WEATHER ITEM   OBSERVED TIME   RECORD YEAR NORMAL DEPARTURE LAST
                VALUE   (LST)  VALUE       VALUE  FROM      YEAR
                                                  NORMAL
..................................................................
TEMPERATURE (F)
 YESTERDAY
  MAXIMUM         47    519 PM  83    1991  52     -5       43
  MINIMUM         24    605 AM   7    1887  32     -8       27
  AVERAGE         36                        42     -6       35

PRECIPITATION (IN)
  YESTERDAY        0.00          1.02 1999   0.10  -0.10     0.10
  MONTH TO DATE    0.61                      0.43   0.18     0.12
  SINCE MAR 1      1.76                      2.31  -0.55     2.97
  SINCE JAN 1      4.52                      4.00   0.52     4.97

SNOWFALL (IN)
  YESTERDAY        0.0           4.5  1979   0.2   -0.2      0.7
  MONTH TO DATE    3.2                       0.8    2.4      0.7
  SINCE JUL 1     57.2                      49.4    7.8     56.0
  SNOW DEPTH       1

DEGREE DAYS
 HEATING
  YESTERDAY       29                        23      6       30
  MONTH TO DATE  161                       121     40      163
  SINCE JUL 1   8141                      6993   1148     6880

 COOLING
  YESTERDAY        0                         0      0        0
  MONTH TO DATE    0                         0      0        0
  SINCE JAN 1      0                         0      0        0
..................................................................


WIND (MPH)
  HIGHEST WIND SPEED    18   HIGHEST WIND DIRECTION    SW (210)
  HIGHEST GUST SPEED    21   HIGHEST GUST DIRECTION    SW (210)
  AVERAGE WIND SPEED    10.7


SKY COVER
  POSSIBLE SUNSHINE  MM
  AVERAGE SKY COVER 0.1


WEATHER CONDITIONS
 THE FOLLOWING WEATHER WAS RECORDED YESTERDAY.
  FOG


RELATIVE HUMIDITY (PERCENT)
 HIGHEST    92           700 AM
 LOWEST     65           400 PM
 AVERAGE    79

..........................................................


THE ROCHESTER MN CLIMATE NORMALS FOR TODAY
                         NORMAL    RECORD    YEAR
 MAXIMUM TEMPERATURE (F)   52        89      1991
 MINIMUM TEMPERATURE (F)   33         5      1982


SUNRISE AND SUNSET
APRIL  6 2014.........SUNRISE   642 AM CDT   SUNSET   743 PM CDT
APRIL  7 2014.........SUNRISE   641 AM CDT   SUNSET   744 PM CDT


-  INDICATES NEGATIVE NUMBERS.
R  INDICATES RECORD WAS SET OR TIED.
MM INDICATES DATA IS MISSING.
T  INDICATES TRACE AMOUNT.

$$

BOYNE
