000
CDUS43 KARX 100632
CLIRST


CLIMATE REPORT
NATIONAL WEATHER SERVICE LA CROSSE WI
131 AM CDT SAT SEP 10 2016


...................................

...THE ROCHESTER MN CLIMATE SUMMARY FOR SEPTEMBER 9 2016...

CLIMATE NORMAL PERIOD 1981 TO 2010
CLIMATE RECORD PERIOD 1886 TO 2016


WEATHER ITEM   OBSERVED TIME   RECORD YEAR NORMAL DEPARTURE LAST
                VALUE   (LST)  VALUE       VALUE  FROM      YEAR
                                                  NORMAL
..................................................................
TEMPERATURE (F)
 YESTERDAY
  MAXIMUM         71    216 PM  97    1955  74     -3       73
  MINIMUM         57    109 AM  37    1969  54      3       49
  AVERAGE         64                        64      0       61

PRECIPITATION (IN)
  YESTERDAY        0.90          1.54 1971   0.13   0.77     0.16
  MONTH TO DATE    3.18                      1.10   2.08     1.27
  SINCE SEP 1      3.18                      1.10   2.08     1.27
  SINCE JAN 1     31.45                     25.29   6.16    26.44

SNOWFALL (IN)
  YESTERDAY        0.0           0.0  2012   0.0    0.0      0.0
  MONTH TO DATE    0.0                       0.0    0.0      0.0
  SINCE JUL 1      0.0                       0.0    0.0      0.0
  SNOW DEPTH       0

DEGREE DAYS
 HEATING
  YESTERDAY        1                         4     -3        4
  MONTH TO DATE    5                        25    -20        4
  SINCE JUL 1     16                        63    -47       63

 COOLING
  YESTERDAY        0                         2     -2        0
  MONTH TO DATE   30                        26      4       82
  SINCE JAN 1    603                       551     52      457
..................................................................


WIND (MPH)
  HIGHEST WIND SPEED    21   HIGHEST WIND DIRECTION     N (360)
  HIGHEST GUST SPEED    26   HIGHEST GUST DIRECTION     N (360)
  AVERAGE WIND SPEED     7.4


SKY COVER
  POSSIBLE SUNSHINE  MM
  AVERAGE SKY COVER 0.8


WEATHER CONDITIONS
 THE FOLLOWING WEATHER WAS RECORDED YESTERDAY.
  THUNDERSTORM
  HEAVY RAIN
  RAIN
  LIGHT RAIN
  FOG


RELATIVE HUMIDITY (PERCENT)
 HIGHEST   100           800 AM
 LOWEST     84           500 AM
 AVERAGE    92

..........................................................


THE ROCHESTER MN CLIMATE NORMALS FOR TODAY
                         NORMAL    RECORD    YEAR
 MAXIMUM TEMPERATURE (F)   74        98      1931
 MINIMUM TEMPERATURE (F)   53        29      1917


SUNRISE AND SUNSET
SEPTEMBER 10 2016.....SUNRISE   644 AM CDT   SUNSET   729 PM CDT
SEPTEMBER 11 2016.....SUNRISE   645 AM CDT   SUNSET   727 PM CDT


-  INDICATES NEGATIVE NUMBERS.
R  INDICATES RECORD WAS SET OR TIED.
MM INDICATES DATA IS MISSING.
T  INDICATES TRACE AMOUNT.




$$
