000
CDUS43 KARX 100639
CLIRST


CLIMATE REPORT
NATIONAL WEATHER SERVICE LA CROSSE WI
139 AM CDT WED AUG 10 2016


...................................

...THE ROCHESTER MN CLIMATE SUMMARY FOR AUGUST 9 2016...

CLIMATE NORMAL PERIOD 1981 TO 2010
CLIMATE RECORD PERIOD 1886 TO 2016


WEATHER ITEM   OBSERVED TIME   RECORD YEAR NORMAL DEPARTURE LAST
                VALUE   (LST)  VALUE       VALUE  FROM      YEAR
                                                  NORMAL
..................................................................
TEMPERATURE (F)
 YESTERDAY
  MAXIMUM         83    423 PM  99    1936  80      3       81
  MINIMUM         63    551 AM  43    1972  60      3       62
  AVERAGE         73                        70      3       72

PRECIPITATION (IN)
  YESTERDAY        T             1.36 1948   0.14  -0.14      T
  MONTH TO DATE    1.22                      1.30  -0.08     0.06
  SINCE JUN 1     12.06                     10.53   1.53     9.46
  SINCE JAN 1     23.75                     20.97   2.78    22.07

SNOWFALL (IN)
  YESTERDAY        0.0           0.0  2012   0.0    0.0      0.0
  MONTH TO DATE    0.0                       0.0    0.0      0.0
  SINCE JUL 1      0.0                       0.0    0.0      0.0
  SNOW DEPTH       0

DEGREE DAYS
 HEATING
  YESTERDAY        0                         1     -1        0
  MONTH TO DATE    0                         6     -6        2
  SINCE JUL 1      4                        17    -13       19

 COOLING
  YESTERDAY        8                         6      2        7
  MONTH TO DATE   61                        54      7       34
  SINCE JAN 1    461                       425     36      311
..................................................................


WIND (MPH)
  HIGHEST WIND SPEED    14   HIGHEST WIND DIRECTION     S (190)
  HIGHEST GUST SPEED    20   HIGHEST GUST DIRECTION     S (190)
  AVERAGE WIND SPEED     7.6


SKY COVER
  POSSIBLE SUNSHINE  MM
  AVERAGE SKY COVER 0.5


WEATHER CONDITIONS
 THE FOLLOWING WEATHER WAS RECORDED YESTERDAY.
  LIGHT RAIN
  FOG


RELATIVE HUMIDITY (PERCENT)
 HIGHEST   100           200 AM
 LOWEST     69           200 PM
 AVERAGE    85

..........................................................


THE ROCHESTER MN CLIMATE NORMALS FOR TODAY
                         NORMAL    RECORD    YEAR
 MAXIMUM TEMPERATURE (F)   80        96      1947
 MINIMUM TEMPERATURE (F)   60        44      1982
                                             1930


SUNRISE AND SUNSET
AUGUST 10 2016........SUNRISE   609 AM CDT   SUNSET   821 PM CDT
AUGUST 11 2016........SUNRISE   610 AM CDT   SUNSET   819 PM CDT


-  INDICATES NEGATIVE NUMBERS.
R  INDICATES RECORD WAS SET OR TIED.
MM INDICATES DATA IS MISSING.
T  INDICATES TRACE AMOUNT.




$$
