000
CDUS43 KARX 052240
CLIRST


CLIMATE REPORT
NATIONAL WEATHER SERVICE LA CROSSE WI
439 PM CST TUE DEC 5 2017


...................................

...THE ROCHESTER MN CLIMATE SUMMARY FOR DECEMBER 5 2017...
VALID TODAY AS OF 0400 PM LOCAL TIME.

CLIMATE NORMAL PERIOD 1981 TO 2010
CLIMATE RECORD PERIOD 1886 TO 2017


WEATHER ITEM   OBSERVED TIME   RECORD YEAR NORMAL DEPARTURE LAST
                VALUE   (LST)  VALUE       VALUE  FROM      YEAR
                                                  NORMAL
..................................................................
TEMPERATURE (F)
 TODAY
  MAXIMUM         26   1239 AM  62    1916  31     -5       34
  MINIMUM         15    836 AM -10    1934  16     -1       25
  AVERAGE         21                        23     -2       30

PRECIPITATION (IN)
  TODAY            T             0.94 1948   0.05  -0.05     0.05
  MONTH TO DATE    0.06                      0.25  -0.19     0.33
  SINCE DEC 1      0.06                      0.25  -0.19     0.33
  SINCE JAN 1     32.24                     32.04   0.20    41.81

SNOWFALL (IN)
  TODAY            T             6.1  1972   0.4   -0.4       T
  MONTH TO DATE    0.2                       2.0   -1.8      2.6
  SINCE JUL 1      3.5                       8.9   -5.4      3.6
  SNOW DEPTH       0

DEGREE DAYS
 HEATING
  TODAY           44                        42      2       35
  MONTH TO DATE  144                       204    -60      167
  SINCE JUL 1   1722                      1876   -154     1302

 COOLING
  TODAY            0                         0      0        0
  MONTH TO DATE    0                         0      0        0
  SINCE JAN 1    494                       585    -91      629
..................................................................


WIND (MPH)
  HIGHEST WIND SPEED    38   HIGHEST WIND DIRECTION     W (290)
  HIGHEST GUST SPEED    49   HIGHEST GUST DIRECTION     W (290)
  AVERAGE WIND SPEED    27.4


SKY COVER
  POSSIBLE SUNSHINE  MM
  AVERAGE SKY COVER 0.7


WEATHER CONDITIONS
 THE FOLLOWING WEATHER WAS RECORDED TODAY.
  LIGHT SNOW
  FOG
  BLOWING SNOW


RELATIVE HUMIDITY (PERCENT)
 HIGHEST    92          1200 AM
 LOWEST     62           300 PM
 AVERAGE    77

..........................................................


THE ROCHESTER MN CLIMATE NORMALS FOR TOMORROW
                         NORMAL    RECORD    YEAR
 MAXIMUM TEMPERATURE (F)   30        48      1911
 MINIMUM TEMPERATURE (F)   15       -28      1972


SUNRISE AND SUNSET
DECEMBER  5 2017......SUNRISE   729 AM CST   SUNSET   432 PM CST
DECEMBER  6 2017......SUNRISE   730 AM CST   SUNSET   432 PM CST


-  INDICATES NEGATIVE NUMBERS.
R  INDICATES RECORD WAS SET OR TIED.
MM INDICATES DATA IS MISSING.
T  INDICATES TRACE AMOUNT.




$$
