000
CDUS43 KARX 010643
CLIRST


CLIMATE REPORT
NATIONAL WEATHER SERVICE LA CROSSE WI
1242 AM CST SUN JAN 1 2017


...................................

...THE ROCHESTER MN CLIMATE SUMMARY FOR DECEMBER 31 2016...

CLIMATE NORMAL PERIOD 1981 TO 2010
CLIMATE RECORD PERIOD 1886 TO 2016


WEATHER ITEM   OBSERVED TIME   RECORD YEAR NORMAL DEPARTURE LAST
                VALUE   (LST)  VALUE       VALUE  FROM      YEAR
                                                  NORMAL
..................................................................
TEMPERATURE (F)
 YESTERDAY
  MAXIMUM         31   1249 AM  49    1965  24      7       20
  MINIMUM         12    831 PM -28    1946   9      3        7
  AVERAGE         22                        16      6       14

PRECIPITATION (IN)
  YESTERDAY        T             0.75 1911   0.03  -0.03      T
  MONTH TO DATE    2.07                      1.23   0.84     3.21
  SINCE DEC 1      2.07                      1.23   0.84     3.21
  SINCE JAN 1     43.55                     33.02  10.53    35.60

SNOWFALL (IN)
  YESTERDAY        T             7.8  1911   0.4   -0.4       T
  MONTH TO DATE   19.7                      12.5    7.2     13.2
  SINCE JUL 1     20.7                      19.4    1.3     15.7
  SNOW DEPTH       5

DEGREE DAYS
 HEATING
  YESTERDAY       43                        49     -6       51
  MONTH TO DATE 1436                      1406     30     1081
  SINCE JUL 1   2571                      3078   -507     2431

 COOLING
  YESTERDAY        0                         0      0        0
  MONTH TO DATE    0                         0      0        0
  SINCE JAN 1    629                       585     44      507
..................................................................


WIND (MPH)
  HIGHEST WIND SPEED    28   HIGHEST WIND DIRECTION    NW (310)
  HIGHEST GUST SPEED    34   HIGHEST GUST DIRECTION    NW (300)
  AVERAGE WIND SPEED    15.8


SKY COVER
  POSSIBLE SUNSHINE  MM
  AVERAGE SKY COVER 0.6


WEATHER CONDITIONS
 THE FOLLOWING WEATHER WAS RECORDED YESTERDAY.
  LIGHT SNOW


RELATIVE HUMIDITY (PERCENT)
 HIGHEST    96           900 PM
 LOWEST     74          1000 AM
 AVERAGE    85

..........................................................


THE ROCHESTER MN CLIMATE NORMALS FOR TODAY
                         NORMAL    RECORD    YEAR
 MAXIMUM TEMPERATURE (F)   24        44      1894
 MINIMUM TEMPERATURE (F)    9       -29      1974


SUNRISE AND SUNSET
JANUARY  1 2017.......SUNRISE   744 AM CST   SUNSET   443 PM CST
JANUARY  2 2017.......SUNRISE   744 AM CST   SUNSET   444 PM CST


-  INDICATES NEGATIVE NUMBERS.
R  INDICATES RECORD WAS SET OR TIED.
MM INDICATES DATA IS MISSING.
T  INDICATES TRACE AMOUNT.




$$
