949
CDUS43 KARX 130635
CLIRST


CLIMATE REPORT
NATIONAL WEATHER SERVICE LA CROSSE WI
1234 AM CST MON FEB 13 2017


...................................

...THE ROCHESTER MN CLIMATE SUMMARY FOR FEBRUARY 12 2017...

CLIMATE NORMAL PERIOD 1981 TO 2010
CLIMATE RECORD PERIOD 1886 TO 2017


WEATHER ITEM   OBSERVED TIME   RECORD YEAR NORMAL DEPARTURE LAST
                VALUE   (LST)  VALUE       VALUE  FROM      YEAR
                                                  NORMAL
..................................................................
TEMPERATURE (F)
 YESTERDAY
  MAXIMUM         36    329 AM  54    1990  27      9       12
  MINIMUM         26   1136 PM -24    1917  11     15       -3
  AVERAGE         31                        19     12        5

PRECIPITATION (IN)
  YESTERDAY        0.04          0.12 1965   0.03   0.01     0.01
                                      1916
  MONTH TO DATE    0.05                      0.32  -0.27     0.57
  SINCE DEC 1      4.24                      2.41   1.83     4.53
  SINCE JAN 1      2.17                      1.18   0.99     1.32

SNOWFALL (IN)
  YESTERDAY        0.0           2.0  1916   0.2   -0.2      0.2
  MONTH TO DATE    0.2                       3.8   -3.6      9.7
  SINCE JUL 1     34.1                      35.2   -1.1     31.1
  SNOW DEPTH       4

DEGREE DAYS
 HEATING
  YESTERDAY       34                        46    -12       60
  MONTH TO DATE  539                       566    -27      594
  SINCE JUL 1   4542                      5174   -632     4571

 COOLING
  YESTERDAY        0                         0      0        0
  MONTH TO DATE    0                         0      0        0
  SINCE JAN 1      0                         0      0        0
..................................................................


WIND (MPH)
  HIGHEST WIND SPEED    31   HIGHEST WIND DIRECTION    NW (310)
  HIGHEST GUST SPEED    38   HIGHEST GUST DIRECTION    NW (320)
  AVERAGE WIND SPEED    17.8


SKY COVER
  POSSIBLE SUNSHINE  MM
  AVERAGE SKY COVER 0.0


WEATHER CONDITIONS
 THE FOLLOWING WEATHER WAS RECORDED YESTERDAY.
  LIGHT RAIN
  FOG


RELATIVE HUMIDITY (PERCENT)
 HIGHEST    89           500 AM
 LOWEST     59           400 PM
 AVERAGE    74

..........................................................


THE ROCHESTER MN CLIMATE NORMALS FOR TODAY
                         NORMAL    RECORD    YEAR
 MAXIMUM TEMPERATURE (F)   27        47      1919
 MINIMUM TEMPERATURE (F)   12       -16      1971
                                             1887


SUNRISE AND SUNSET
FEBRUARY 13 2017......SUNRISE   711 AM CST   SUNSET   538 PM CST
FEBRUARY 14 2017......SUNRISE   710 AM CST   SUNSET   539 PM CST


-  INDICATES NEGATIVE NUMBERS.
R  INDICATES RECORD WAS SET OR TIED.
MM INDICATES DATA IS MISSING.
T  INDICATES TRACE AMOUNT.




$$
