000
CDUS43 KARX 102129
CLIRST


CLIMATE REPORT
NATIONAL WEATHER SERVICE LA CROSSE WI
427 PM CDT TUE MAY 10 2016


...................................

...THE ROCHESTER MN CLIMATE SUMMARY FOR MAY 10 2016...
VALID TODAY AS OF 0400 PM LOCAL TIME.

CLIMATE NORMAL PERIOD 1981 TO 2010
CLIMATE RECORD PERIOD 1886 TO 2016


WEATHER ITEM   OBSERVED TIME   RECORD YEAR NORMAL DEPARTURE LAST
                VALUE   (LST)  VALUE       VALUE  FROM      YEAR
                                                  NORMAL
..................................................................
TEMPERATURE (F)
 TODAY
  MAXIMUM         57    259 PM  89    1887  67    -10       62
  MINIMUM         49    651 AM  23    1966  46      3       51
  AVERAGE         53                        56     -3       57

PRECIPITATION (IN)
  TODAY            0.26          1.14 1962   0.11   0.15     0.13
  MONTH TO DATE    0.98                      1.16  -0.18     2.25
  SINCE MAR 1      6.68                      6.28   0.40     8.25
  SINCE JAN 1      8.08                      7.97   0.11     9.61

SNOWFALL (IN)
  TODAY            0.0           0.0  2012   0.0    0.0      0.0
  MONTH TO DATE    0.0                       0.2   -0.2      0.0
  SINCE JUL 1     47.9                      52.1   -4.2     50.4
  SNOW DEPTH       0

DEGREE DAYS
 HEATING
  TODAY           12                         9      3        8
  MONTH TO DATE   96                       106    -10       58
  SINCE JUL 1   6642                      7531   -889     7870

 COOLING
  TODAY            0                         1     -1        0
  MONTH TO DATE    9                         3      6        7
  SINCE JAN 1     10                         7      3        7
..................................................................


WIND (MPH)
  HIGHEST WIND SPEED    18   HIGHEST WIND DIRECTION     E (100)
  HIGHEST GUST SPEED    25   HIGHEST GUST DIRECTION     E (110)
  AVERAGE WIND SPEED    12.2


SKY COVER
  POSSIBLE SUNSHINE  MM
  AVERAGE SKY COVER 1.0


WEATHER CONDITIONS
 THE FOLLOWING WEATHER WAS RECORDED TODAY.
  RAIN
  LIGHT RAIN
  FOG


RELATIVE HUMIDITY (PERCENT)
 HIGHEST   100          1200 AM
 LOWEST     93           300 AM
 AVERAGE    97

..........................................................


THE ROCHESTER MN CLIMATE NORMALS FOR TOMORROW
                         NORMAL    RECORD    YEAR
 MAXIMUM TEMPERATURE (F)   67        89      1911
 MINIMUM TEMPERATURE (F)   46        26      1946


SUNRISE AND SUNSET
MAY 10 2016...........SUNRISE   549 AM CDT   SUNSET   824 PM CDT
MAY 11 2016...........SUNRISE   548 AM CDT   SUNSET   825 PM CDT


-  INDICATES NEGATIVE NUMBERS.
R  INDICATES RECORD WAS SET OR TIED.
MM INDICATES DATA IS MISSING.
T  INDICATES TRACE AMOUNT.




$$
