000
CDUS43 KARX 150633
CLIRST


CLIMATE REPORT
NATIONAL WEATHER SERVICE LA CROSSE WI
133 AM CDT THU SEP 15 2016


...................................

...THE ROCHESTER MN CLIMATE SUMMARY FOR SEPTEMBER 14 2016...

CLIMATE NORMAL PERIOD 1981 TO 2010
CLIMATE RECORD PERIOD 1886 TO 2016


WEATHER ITEM   OBSERVED TIME   RECORD YEAR NORMAL DEPARTURE LAST
                VALUE   (LST)  VALUE       VALUE  FROM      YEAR
                                                  NORMAL
..................................................................
TEMPERATURE (F)
 YESTERDAY
  MAXIMUM         71    313 PM  95    1939  72     -1       80
  MINIMUM         50    619 AM  33    1929  51     -1       55
  AVERAGE         61                        62     -1       68

PRECIPITATION (IN)
  YESTERDAY        0.00          4.04 2004   0.11  -0.11      T
  MONTH TO DATE    3.37                      1.69   1.68     1.27
  SINCE SEP 1      3.37                      1.69   1.68     1.27
  SINCE JAN 1     31.64                     25.88   5.76    26.44

SNOWFALL (IN)
  YESTERDAY        0.0           0.0  2012   0.0    0.0      0.0
  MONTH TO DATE    0.0                       0.0    0.0      0.0
  SINCE JUL 1      0.0                       0.0    0.0      0.0
  SNOW DEPTH       0

DEGREE DAYS
 HEATING
  YESTERDAY        4                         5     -1        0
  MONTH TO DATE   18                        48    -30       35
  SINCE JUL 1     29                        86    -57       94

 COOLING
  YESTERDAY        0                         2     -2        3
  MONTH TO DATE   34                        36     -2       85
  SINCE JAN 1    607                       561     46      460
..................................................................


WIND (MPH)
  HIGHEST WIND SPEED     8   HIGHEST WIND DIRECTION    SE (150)
  HIGHEST GUST SPEED    14   HIGHEST GUST DIRECTION     E (110)
  AVERAGE WIND SPEED     5.3


SKY COVER
  POSSIBLE SUNSHINE  MM
  AVERAGE SKY COVER 0.2


WEATHER CONDITIONS
 THE FOLLOWING WEATHER WAS RECORDED YESTERDAY.
  NO SIGNIFICANT WEATHER WAS OBSERVED.


RELATIVE HUMIDITY (PERCENT)
 HIGHEST    96           300 AM
 LOWEST     51           300 PM
 AVERAGE    74

..........................................................


THE ROCHESTER MN CLIMATE NORMALS FOR TODAY
                         NORMAL    RECORD    YEAR
 MAXIMUM TEMPERATURE (F)   72        96      1939
 MINIMUM TEMPERATURE (F)   51        31      2011


SUNRISE AND SUNSET
SEPTEMBER 15 2016.....SUNRISE   650 AM CDT   SUNSET   719 PM CDT
SEPTEMBER 16 2016.....SUNRISE   651 AM CDT   SUNSET   717 PM CDT


-  INDICATES NEGATIVE NUMBERS.
R  INDICATES RECORD WAS SET OR TIED.
MM INDICATES DATA IS MISSING.
T  INDICATES TRACE AMOUNT.




$$
