000
CDUS43 KARX 090638
CLIRST


CLIMATE REPORT
NATIONAL WEATHER SERVICE LA CROSSE WI
138 AM CDT TUE SEP 9 2014


...................................

...THE ROCHESTER MN CLIMATE SUMMARY FOR SEPTEMBER 8 2014...

CLIMATE NORMAL PERIOD 1981 TO 2010
CLIMATE RECORD PERIOD 1886 TO 2014


WEATHER ITEM   OBSERVED TIME   RECORD YEAR NORMAL DEPARTURE LAST
                VALUE   (LST)  VALUE       VALUE  FROM      YEAR
                                                  NORMAL
..................................................................
TEMPERATURE (F)
 YESTERDAY
  MAXIMUM         70    406 PM  97    1931  74     -4       76
  MINIMUM         53    602 AM  37    1995  54     -1       67
  AVERAGE         62                        64     -2       72

PRECIPITATION (IN)
  YESTERDAY        0.00          1.09 1985   0.12  -0.12     0.00
  MONTH TO DATE    1.28                      0.97   0.31     0.01
  SINCE SEP 1      1.28                      0.97   0.31     0.01
  SINCE JAN 1     26.70                     25.16   1.54    34.71

SNOWFALL (IN)
  YESTERDAY        0.0           0.0  2012   0.0    0.0      0.0
  MONTH TO DATE    0.0                       0.0    0.0      0.0
  SINCE JUL 1      0.0                       0.0    0.0      0.0
  SNOW DEPTH       0

DEGREE DAYS
 HEATING
  YESTERDAY        3                         3      0        0
  MONTH TO DATE   15                        21     -6       13
  SINCE JUL 1     40                        59    -19       47

 COOLING
  YESTERDAY        0                         3     -3        7
  MONTH TO DATE   20                        24     -4       44
  SINCE JAN 1    480                       549    -69      600
..................................................................


WIND (MPH)
  HIGHEST WIND SPEED    23   HIGHEST WIND DIRECTION     S (170)
  HIGHEST GUST SPEED    30   HIGHEST GUST DIRECTION     S (160)
  AVERAGE WIND SPEED    10.7


SKY COVER
  POSSIBLE SUNSHINE  MM
  AVERAGE SKY COVER 0.3


WEATHER CONDITIONS
 THE FOLLOWING WEATHER WAS RECORDED YESTERDAY.
  NO SIGNIFICANT WEATHER WAS OBSERVED.


RELATIVE HUMIDITY (PERCENT)
 HIGHEST    90          1100 PM
 LOWEST     57           100 PM
 AVERAGE    74

..........................................................


THE ROCHESTER MN CLIMATE NORMALS FOR TODAY
                         NORMAL    RECORD    YEAR
 MAXIMUM TEMPERATURE (F)   74        97      1955
 MINIMUM TEMPERATURE (F)   54        37      1969


SUNRISE AND SUNSET
SEPTEMBER  9 2014.....SUNRISE   642 AM CDT   SUNSET   731 PM CDT
SEPTEMBER 10 2014.....SUNRISE   644 AM CDT   SUNSET   729 PM CDT


-  INDICATES NEGATIVE NUMBERS.
R  INDICATES RECORD WAS SET OR TIED.
MM INDICATES DATA IS MISSING.
T  INDICATES TRACE AMOUNT.




$$
