000
CDUS43 KARX 210651
CLIRST


CLIMATE REPORT
NATIONAL WEATHER SERVICE LA CROSSE WI
1250 AM CST SAT JAN 21 2017


...................................

...THE ROCHESTER MN CLIMATE SUMMARY FOR JANUARY 20 2017...

CLIMATE NORMAL PERIOD 1981 TO 2010
CLIMATE RECORD PERIOD 1886 TO 2017


WEATHER ITEM   OBSERVED TIME   RECORD YEAR NORMAL DEPARTURE LAST
                VALUE   (LST)  VALUE       VALUE  FROM      YEAR
                                                  NORMAL
..................................................................
TEMPERATURE (F)
 YESTERDAY
  MAXIMUM         34    543 PM  47    1944  23     11       18
  MINIMUM         33   1159 PM -26    1970   7     26        7
  AVERAGE         34                        15     19       13

PRECIPITATION (IN)
  YESTERDAY        0.00          0.19 1974   0.03  -0.03     0.02
  MONTH TO DATE    1.06                      0.55   0.51     0.48
  SINCE DEC 1      3.13                      1.78   1.35     3.69
  SINCE JAN 1      1.06                      0.55   0.51     0.48

SNOWFALL (IN)
  YESTERDAY        0.0           2.8  2012   0.4   -0.4      0.6
  MONTH TO DATE    3.7                       7.5   -3.8      4.0
  SINCE JUL 1     24.4                      26.9   -2.5     19.7
  SNOW DEPTH       0

DEGREE DAYS
 HEATING
  YESTERDAY       31                        50    -19       52
  MONTH TO DATE 1008                       991     17     1099
  SINCE JUL 1   3579                      4069   -490     3530

 COOLING
  YESTERDAY        0                         0      0        0
  MONTH TO DATE    0                         0      0        0
  SINCE JAN 1      0                         0      0        0
..................................................................


WIND (MPH)
  HIGHEST WIND SPEED    14   HIGHEST WIND DIRECTION    SE (150)
  HIGHEST GUST SPEED    16   HIGHEST GUST DIRECTION    SE (150)
  AVERAGE WIND SPEED     8.4


SKY COVER
  POSSIBLE SUNSHINE  MM
  AVERAGE SKY COVER 1.0


WEATHER CONDITIONS
 THE FOLLOWING WEATHER WAS RECORDED YESTERDAY.
  FOG
  FOG W/VISIBILITY <= 1/4 MILE


RELATIVE HUMIDITY (PERCENT)
 HIGHEST   100           100 AM
 LOWEST    100           100 AM
 AVERAGE   100

..........................................................


THE ROCHESTER MN CLIMATE NORMALS FOR TODAY
                         NORMAL    RECORD    YEAR
 MAXIMUM TEMPERATURE (F)   24        45      1968
 MINIMUM TEMPERATURE (F)    7       -39      1888


SUNRISE AND SUNSET
JANUARY 21 2017.......SUNRISE   737 AM CST   SUNSET   506 PM CST
JANUARY 22 2017.......SUNRISE   736 AM CST   SUNSET   507 PM CST


-  INDICATES NEGATIVE NUMBERS.
R  INDICATES RECORD WAS SET OR TIED.
MM INDICATES DATA IS MISSING.
T  INDICATES TRACE AMOUNT.




$$
