010
CDUS43 KARX 120745
CLIRST


CLIMATE REPORT
NATIONAL WEATHER SERVICE LA CROSSE WI
145 AM CST SUN NOV 12 2017


...................................

...THE ROCHESTER MN CLIMATE SUMMARY FOR NOVEMBER 11 2017...

CLIMATE NORMAL PERIOD 1981 TO 2010
CLIMATE RECORD PERIOD 1886 TO 2017


WEATHER ITEM   OBSERVED TIME   RECORD YEAR NORMAL DEPARTURE LAST
                VALUE   (LST)  VALUE       VALUE  FROM      YEAR
                                                  NORMAL
..................................................................
TEMPERATURE (F)
 YESTERDAY
  MAXIMUM         35    304 PM  66    2012  44     -9       49
                                      1912
  MINIMUM         28    857 AM  -6    1986  29     -1       29
  AVERAGE         32                        36     -4       39

PRECIPITATION (IN)
  YESTERDAY        T             1.78 1940   0.06  -0.06     0.00
  MONTH TO DATE    0.30                      0.72  -0.42     0.00
  SINCE SEP 1      7.56                      6.41   1.15    11.84
  SINCE JAN 1     32.06                     30.60   1.46    40.11

SNOWFALL (IN)
  YESTERDAY        0.0           2.0  1893   0.2   -0.2      0.0
  MONTH TO DATE    0.7                       1.3   -0.6      0.0
  SINCE JUL 1      3.3                       2.1    1.2      0.0
  SNOW DEPTH       0

DEGREE DAYS
 HEATING
  YESTERDAY       33                        29      4       26
  MONTH TO DATE  379                       284     95      156
  SINCE JUL 1   1001                      1020    -19      631

 COOLING
  YESTERDAY        0                         0      0        0
  MONTH TO DATE    0                         0      0        0
  SINCE JAN 1    494                       585    -91      629
..................................................................


WIND (MPH)
  HIGHEST WIND SPEED    26   HIGHEST WIND DIRECTION     S (170)
  HIGHEST GUST SPEED    33   HIGHEST GUST DIRECTION     S (180)
  AVERAGE WIND SPEED    11.9


SKY COVER
  POSSIBLE SUNSHINE  MM
  AVERAGE SKY COVER 1.0


WEATHER CONDITIONS
 THE FOLLOWING WEATHER WAS RECORDED YESTERDAY.
  LT FREEZING RAIN
  LIGHT SNOW
  FOG


RELATIVE HUMIDITY (PERCENT)
 HIGHEST    92           900 AM
 LOWEST     58          1200 AM
 AVERAGE    75

..........................................................


THE ROCHESTER MN CLIMATE NORMALS FOR TODAY
                         NORMAL    RECORD    YEAR
 MAXIMUM TEMPERATURE (F)   44        62      2001
 MINIMUM TEMPERATURE (F)   28        -1      1986


SUNRISE AND SUNSET
NOVEMBER 12 2017......SUNRISE   701 AM CST   SUNSET   447 PM CST
NOVEMBER 13 2017......SUNRISE   703 AM CST   SUNSET   446 PM CST


-  INDICATES NEGATIVE NUMBERS.
R  INDICATES RECORD WAS SET OR TIED.
MM INDICATES DATA IS MISSING.
T  INDICATES TRACE AMOUNT.




$$
