000
CDUS43 KARX 230639
CLIRST


CLIMATE REPORT
NATIONAL WEATHER SERVICE LA CROSSE WI
1237 AM CST MON FEB 23 2015


...................................

...THE ROCHESTER MN CLIMATE SUMMARY FOR FEBRUARY 22 2015...

CLIMATE NORMAL PERIOD 1981 TO 2010
CLIMATE RECORD PERIOD 1886 TO 2015


WEATHER ITEM   OBSERVED TIME   RECORD YEAR NORMAL DEPARTURE LAST
                VALUE   (LST)  VALUE       VALUE  FROM      YEAR
                                                  NORMAL
..................................................................
TEMPERATURE (F)
 YESTERDAY
  MAXIMUM          2   1224 AM  59    1930  30    -28       13
  MINIMUM        -10   1159 PM -25    1936  15    -25        3
  AVERAGE         -4                        23    -27        8

PRECIPITATION (IN)
  YESTERDAY        0.00          0.52 1913   0.03  -0.03     0.00
  MONTH TO DATE    0.47                      0.61  -0.14     1.65
  SINCE DEC 1      2.20                      2.70  -0.50     3.75
  SINCE JAN 1      1.18                      1.47  -0.29     2.65

SNOWFALL (IN)
  YESTERDAY        0.0           8.0  1913   0.3   -0.3      0.0
  MONTH TO DATE    8.0                       6.7    1.3     17.2
  SINCE JUL 1     35.4                      38.1   -2.7     46.4
  SNOW DEPTH       7

DEGREE DAYS
 HEATING
  YESTERDAY       69                        42     27       57
  MONTH TO DATE 1224                      1006    218     1237
  SINCE JUL 1   5925                      5614    311     6334

 COOLING
  YESTERDAY        0                         0      0        0
  MONTH TO DATE    0                         0      0        0
  SINCE JAN 1      0                         0      0        0
..................................................................


WIND (MPH)
  HIGHEST WIND SPEED    24   HIGHEST WIND DIRECTION    NW (330)
  HIGHEST GUST SPEED    27   HIGHEST GUST DIRECTION    NW (330)
  AVERAGE WIND SPEED    15.4


SKY COVER
  POSSIBLE SUNSHINE  MM
  AVERAGE SKY COVER 0.0


WEATHER CONDITIONS
 THE FOLLOWING WEATHER WAS RECORDED YESTERDAY.
  HAZE


RELATIVE HUMIDITY (PERCENT)
 HIGHEST    75           500 AM
 LOWEST     53           500 PM
 AVERAGE    64

..........................................................


THE ROCHESTER MN CLIMATE NORMALS FOR TODAY
                         NORMAL    RECORD    YEAR
 MAXIMUM TEMPERATURE (F)   31        56      1930
 MINIMUM TEMPERATURE (F)   15       -19      1910


SUNRISE AND SUNSET
FEBRUARY 23 2015......SUNRISE   657 AM CST   SUNSET   550 PM CST
FEBRUARY 24 2015......SUNRISE   655 AM CST   SUNSET   552 PM CST


-  INDICATES NEGATIVE NUMBERS.
R  INDICATES RECORD WAS SET OR TIED.
MM INDICATES DATA IS MISSING.
T  INDICATES TRACE AMOUNT.




$$
