000
CDUS43 KARX 192142
CLIRST


CLIMATE REPORT
NATIONAL WEATHER SERVICE LA CROSSE WI
440 PM CDT THU MAY 19 2016


...................................

...THE ROCHESTER MN CLIMATE SUMMARY FOR MAY 19 2016...
VALID TODAY AS OF 0400 PM LOCAL TIME.

CLIMATE NORMAL PERIOD 1981 TO 2010
CLIMATE RECORD PERIOD 1886 TO 2016


WEATHER ITEM   OBSERVED TIME   RECORD YEAR NORMAL DEPARTURE LAST
                VALUE   (LST)  VALUE       VALUE  FROM      YEAR
                                                  NORMAL
..................................................................
TEMPERATURE (F)
 TODAY
  MAXIMUM         73    257 PM  98    1934  70      3       51
  MINIMUM         44    459 AM  23    1929  48     -4       35
  AVERAGE         59                        59      0       43

PRECIPITATION (IN)
  TODAY            0.00          2.07 2013   0.11  -0.11     0.00
  MONTH TO DATE    1.54                      2.18  -0.64     3.36
  SINCE MAR 1      7.24                      7.30  -0.06     9.36
  SINCE JAN 1      8.64                      8.99  -0.35    10.72

SNOWFALL (IN)
  TODAY            0.0           0.0  2012   0.0    0.0      0.0
  MONTH TO DATE    0.0                       0.2   -0.2      0.0
  SINCE JUL 1     47.9                      52.1   -4.2     50.4
  SNOW DEPTH       0

DEGREE DAYS
 HEATING
  TODAY            6                         7     -1       22
  MONTH TO DATE  225                       179     46      169
  SINCE JUL 1   6771                      7604   -833     7981

 COOLING
  TODAY            0                         1     -1        0
  MONTH TO DATE    9                        12     -3        7
  SINCE JAN 1     10                        16     -6        7
..................................................................


WIND (MPH)
  HIGHEST WIND SPEED    18   HIGHEST WIND DIRECTION     S (170)
  HIGHEST GUST SPEED    23   HIGHEST GUST DIRECTION     S (170)
  AVERAGE WIND SPEED    10.3


SKY COVER
  POSSIBLE SUNSHINE  MM
  AVERAGE SKY COVER 0.1


WEATHER CONDITIONS
 THE FOLLOWING WEATHER WAS RECORDED TODAY.
  NO SIGNIFICANT WEATHER WAS OBSERVED.


RELATIVE HUMIDITY (PERCENT)
 HIGHEST    71           600 AM
 LOWEST     27           300 PM
 AVERAGE    49

..........................................................


THE ROCHESTER MN CLIMATE NORMALS FOR TOMORROW
                         NORMAL    RECORD    YEAR
 MAXIMUM TEMPERATURE (F)   70        96      1934
 MINIMUM TEMPERATURE (F)   49        30      1967
                                             1954
                                             1892


SUNRISE AND SUNSET
MAY 19 2016...........SUNRISE   540 AM CDT   SUNSET   834 PM CDT
MAY 20 2016...........SUNRISE   539 AM CDT   SUNSET   835 PM CDT


-  INDICATES NEGATIVE NUMBERS.
R  INDICATES RECORD WAS SET OR TIED.
MM INDICATES DATA IS MISSING.
T  INDICATES TRACE AMOUNT.




$$
