000
CDUS43 KARX 052132
CLIRST


CLIMATE REPORT
NATIONAL WEATHER SERVICE LA CROSSE WI
432 PM CDT FRI MAY 5 2017


...................................

...THE ROCHESTER MN CLIMATE SUMMARY FOR MAY 5 2017...
VALID TODAY AS OF 0400 PM LOCAL TIME.

CLIMATE NORMAL PERIOD 1981 TO 2010
CLIMATE RECORD PERIOD 1886 TO 2017


WEATHER ITEM   OBSERVED TIME   RECORD YEAR NORMAL DEPARTURE LAST
                VALUE   (LST)  VALUE       VALUE  FROM      YEAR
                                                  NORMAL
..................................................................
TEMPERATURE (F)
 TODAY
  MAXIMUM         71    259 PM  88    1949  65      6       73
  MINIMUM         43    427 AM  26    1968  44     -1       38
                                      1957
  AVERAGE         57                        55      2       56

PRECIPITATION (IN)
  TODAY            0.00          1.28 1991   0.12  -0.12     0.00
  MONTH TO DATE    0.23                      0.59  -0.36     0.01
  SINCE MAR 1      7.65                      5.71   1.94     5.71
  SINCE JAN 1     11.43                      7.40   4.03     7.11

SNOWFALL (IN)
  TODAY            0.0           1.2  1944   0.0    0.0      0.0
  MONTH TO DATE    0.0                       0.2   -0.2      0.0
  SINCE JUL 1     52.7                      52.1    0.6     47.9
  SNOW DEPTH       0

DEGREE DAYS
 HEATING
  TODAY            8                        11     -3        9
  MONTH TO DATE   80                        57     23       59
  SINCE JUL 1   6664                      7482   -818     6605

 COOLING
  TODAY            0                         0      0        0
  MONTH TO DATE    0                         0      0        0
  SINCE JAN 1      0                         4     -4        1
..................................................................


WIND (MPH)
  HIGHEST WIND SPEED    16   HIGHEST WIND DIRECTION     N (360)
  HIGHEST GUST SPEED    20   HIGHEST GUST DIRECTION     N (10)
  AVERAGE WIND SPEED     5.6


SKY COVER
  POSSIBLE SUNSHINE  MM
  AVERAGE SKY COVER 0.0


WEATHER CONDITIONS
 THE FOLLOWING WEATHER WAS RECORDED TODAY.
  NO SIGNIFICANT WEATHER WAS OBSERVED.


RELATIVE HUMIDITY (PERCENT)
 HIGHEST    71           600 AM
 LOWEST     29           300 PM
 AVERAGE    50

..........................................................


THE ROCHESTER MN CLIMATE NORMALS FOR TOMORROW
                         NORMAL    RECORD    YEAR
 MAXIMUM TEMPERATURE (F)   66        94      1934
 MINIMUM TEMPERATURE (F)   44        22      1989


SUNRISE AND SUNSET
MAY  5 2017...........SUNRISE   556 AM CDT   SUNSET   818 PM CDT
MAY  6 2017...........SUNRISE   555 AM CDT   SUNSET   819 PM CDT


-  INDICATES NEGATIVE NUMBERS.
R  INDICATES RECORD WAS SET OR TIED.
MM INDICATES DATA IS MISSING.
T  INDICATES TRACE AMOUNT.




$$
