000
CDUS43 KARX 180641
CLIRST


CLIMATE REPORT
NATIONAL WEATHER SERVICE LA CROSSE WI
1241 AM CST TUE NOV 18 2014


...................................

...THE ROCHESTER MN CLIMATE SUMMARY FOR NOVEMBER 17 2014...

CLIMATE NORMAL PERIOD 1981 TO 2010
CLIMATE RECORD PERIOD 1886 TO 2014


WEATHER ITEM   OBSERVED TIME   RECORD YEAR NORMAL DEPARTURE LAST
                VALUE   (LST)  VALUE       VALUE  FROM      YEAR
                                                  NORMAL
..................................................................
TEMPERATURE (F)
 YESTERDAY
  MAXIMUM         11    331 PM  68    1953  41    -30       42
                                      1917
  MINIMUM          3    716 AM  -4    1959  25    -22       32
  AVERAGE          7                        33    -26       37

PRECIPITATION (IN)
  YESTERDAY        T             0.67 1931   0.07  -0.07     0.13
  MONTH TO DATE    0.46                      1.12  -0.66     1.63
  SINCE SEP 1      6.37                      6.81  -0.44     5.83
  SINCE JAN 1     31.79                     31.00   0.79    40.53

SNOWFALL (IN)
  YESTERDAY        T             4.5  1911   0.2   -0.2      0.0
  MONTH TO DATE    4.5                       2.4    2.1      0.5
  SINCE JUL 1      4.5                       3.2    1.3      0.5
  SNOW DEPTH       5

DEGREE DAYS
 HEATING
  YESTERDAY       58                        32     26       28
  MONTH TO DATE  620                       467    153      486
  SINCE JUL 1   1365                      1203    162     1169

 COOLING
  YESTERDAY        0                         0      0        0
  MONTH TO DATE    0                         0      0        0
  SINCE JAN 1    491                       585    -94      656
..................................................................


WIND (MPH)
  HIGHEST WIND SPEED    28   HIGHEST WIND DIRECTION    NW (300)
  HIGHEST GUST SPEED    34   HIGHEST GUST DIRECTION    NW (320)
  AVERAGE WIND SPEED    18.5


SKY COVER
  POSSIBLE SUNSHINE  MM
  AVERAGE SKY COVER 0.5


WEATHER CONDITIONS
 THE FOLLOWING WEATHER WAS RECORDED YESTERDAY.
  LIGHT SNOW
  FOG
  HAZE
  BLOWING SNOW


RELATIVE HUMIDITY (PERCENT)
 HIGHEST    88           300 AM
 LOWEST     66          1200 PM
 AVERAGE    77

..........................................................


THE ROCHESTER MN CLIMATE NORMALS FOR TODAY
                         NORMAL    RECORD    YEAR
 MAXIMUM TEMPERATURE (F)   40        69      1939
 MINIMUM TEMPERATURE (F)   25        -4      1989


SUNRISE AND SUNSET
NOVEMBER 18 2014......SUNRISE   709 AM CST   SUNSET   441 PM CST
NOVEMBER 19 2014......SUNRISE   710 AM CST   SUNSET   440 PM CST


-  INDICATES NEGATIVE NUMBERS.
R  INDICATES RECORD WAS SET OR TIED.
MM INDICATES DATA IS MISSING.
T  INDICATES TRACE AMOUNT.




$$
