554
CDUS43 KARX 170652
CLIRST


CLIMATE REPORT
NATIONAL WEATHER SERVICE LA CROSSE WI
150 AM CDT SAT SEP 17 2016

...THE ROCHESTER MN CLIMATE SUMMARY FOR SEPTEMBER 16 2016...

CLIMATE NORMAL PERIOD 1981 TO 2010
CLIMATE RECORD PERIOD 1886 TO 2016

WEATHER ITEM   OBSERVED TIME   RECORD YEAR NORMAL DEPARTURE LAST
                VALUE   (LST)  VALUE       VALUE  FROM      YEAR
                                                  NORMAL
..................................................................
TEMPERATURE (F)
 YESTERDAY
  MAXIMUM         76    330 PM  96    1939  71      5       85
  MINIMUM         61    631 AM  28    1937  50     11       64
  AVERAGE         69                        61      8       75

PRECIPITATION (IN)
  YESTERDAY        0.09          1.60 1992   0.11  -0.02     0.00
  MONTH TO DATE    4.65                      1.91   2.74     1.27
  SINCE SEP 1      4.65                      1.91   2.74     1.27
  SINCE JAN 1     32.92                     26.10   6.82    26.44

SNOWFALL (IN)
  YESTERDAY        0.0           0.0  2012   0.0    0.0      0.0
  MONTH TO DATE    0.0                       0.0    0.0      0.0
  SINCE JUL 1      0.0                       0.0    0.0      0.0
  SNOW DEPTH       0

DEGREE DAYS
 HEATING
  YESTERDAY        0                         6     -6        0
  MONTH TO DATE   18                        59    -41       35
  SINCE JUL 1     29                        97    -68       94

 COOLING
  YESTERDAY        4                         2      2       10
  MONTH TO DATE   38                        40     -2      104
  SINCE JAN 1    611                       565     46      479
..................................................................

WIND (MPH)
  HIGHEST WIND SPEED    20   HIGHEST WIND DIRECTION     S (160)
  HIGHEST GUST SPEED    24   HIGHEST GUST DIRECTION    SE (140)
  AVERAGE WIND SPEED     7.5

SKY COVER
  POSSIBLE SUNSHINE  MM
  AVERAGE SKY COVER 0.5

WEATHER CONDITIONS
 THE FOLLOWING WEATHER WAS RECORDED YESTERDAY.
  LIGHT RAIN

RELATIVE HUMIDITY (PERCENT)
 HIGHEST    93           100 AM
 LOWEST     54           300 PM
 AVERAGE    74
..........................................................

THE ROCHESTER MN CLIMATE NORMALS FOR TODAY
                         NORMAL    RECORD    YEAR
 MAXIMUM TEMPERATURE (F)   71        94      1955
 MINIMUM TEMPERATURE (F)   50        29      1916

SUNRISE AND SUNSET
SEPTEMBER 17 2016.....SUNRISE   652 AM CDT   SUNSET   716 PM CDT
SEPTEMBER 18 2016.....SUNRISE   653 AM CDT   SUNSET   714 PM CDT

-  INDICATES NEGATIVE NUMBERS.
R  INDICATES RECORD WAS SET OR TIED.
MM INDICATES DATA IS MISSING.
T  INDICATES TRACE AMOUNT.

$$

Boyne
