000
CDUS43 KARX 040633
CLIRST


CLIMATE REPORT
NATIONAL WEATHER SERVICE LA CROSSE WI
132 AM CDT THU SEP 4 2014


...................................

...THE ROCHESTER MN CLIMATE SUMMARY FOR SEPTEMBER 3 2014...

CLIMATE NORMAL PERIOD 1981 TO 2010
CLIMATE RECORD PERIOD 1886 TO 2014


WEATHER ITEM   OBSERVED TIME   RECORD YEAR NORMAL DEPARTURE LAST
                VALUE   (LST)  VALUE       VALUE  FROM      YEAR
                                                  NORMAL
..................................................................
TEMPERATURE (F)
 YESTERDAY
  MAXIMUM         81    343 PM  94    1937  76      5       76
  MINIMUM         56    435 AM  33    1974  56      0       43
  AVERAGE         69                        66      3       60

PRECIPITATION (IN)
  YESTERDAY        0.00          1.17 1968   0.12  -0.12     0.00
  MONTH TO DATE    1.28                      0.37   0.91      T
  SINCE SEP 1      1.28                      0.37   0.91      T
  SINCE JAN 1     26.70                     24.56   2.14    34.70

SNOWFALL (IN)
  YESTERDAY        0.0           0.0  2012   0.0    0.0      0.0
  MONTH TO DATE    0.0                       0.0    0.0      0.0
  SINCE JUL 1      0.0                       0.0    0.0      0.0
  SNOW DEPTH       0

DEGREE DAYS
 HEATING
  YESTERDAY        0                         2     -2        5
  MONTH TO DATE    0                         6     -6       13
  SINCE JUL 1     25                        44    -19       47

 COOLING
  YESTERDAY        4                         3      1        0
  MONTH TO DATE    8                         9     -1        2
  SINCE JAN 1    468                       534    -66      558
..................................................................


WIND (MPH)
  HIGHEST WIND SPEED    24   HIGHEST WIND DIRECTION     S (180)
  HIGHEST GUST SPEED    31   HIGHEST GUST DIRECTION     S (180)
  AVERAGE WIND SPEED    11.9


SKY COVER
  POSSIBLE SUNSHINE  MM
  AVERAGE SKY COVER 0.2


WEATHER CONDITIONS
 THE FOLLOWING WEATHER WAS RECORDED YESTERDAY.
  NO SIGNIFICANT WEATHER WAS OBSERVED.


RELATIVE HUMIDITY (PERCENT)
 HIGHEST    90           700 AM
 LOWEST     58           100 PM
 AVERAGE    74

..........................................................


THE ROCHESTER MN CLIMATE NORMALS FOR TODAY
                         NORMAL    RECORD    YEAR
 MAXIMUM TEMPERATURE (F)   76        95      1893
 MINIMUM TEMPERATURE (F)   55        36      1974


SUNRISE AND SUNSET
SEPTEMBER  4 2014.....SUNRISE   637 AM CDT   SUNSET   740 PM CDT
SEPTEMBER  5 2014.....SUNRISE   638 AM CDT   SUNSET   739 PM CDT


-  INDICATES NEGATIVE NUMBERS.
R  INDICATES RECORD WAS SET OR TIED.
MM INDICATES DATA IS MISSING.
T  INDICATES TRACE AMOUNT.




$$
