000
CDUS43 KARX 240647
CLIRST


CLIMATE REPORT
NATIONAL WEATHER SERVICE LA CROSSE WI
1247 AM CST TUE FEB 24 2015


...................................

...THE ROCHESTER MN CLIMATE SUMMARY FOR FEBRUARY 23 2015...

CLIMATE NORMAL PERIOD 1981 TO 2010
CLIMATE RECORD PERIOD 1886 TO 2015


WEATHER ITEM   OBSERVED TIME   RECORD YEAR NORMAL DEPARTURE LAST
                VALUE   (LST)  VALUE       VALUE  FROM      YEAR
                                                  NORMAL
..................................................................
TEMPERATURE (F)
 YESTERDAY
  MAXIMUM         15   1159 PM  56    1930  31    -16       12
  MINIMUM        -16    640 AM -19    1910  15    -31       -2
  AVERAGE          0                        23    -23        5

PRECIPITATION (IN)
  YESTERDAY        0.00          0.72 1977   0.04  -0.04     0.00
  MONTH TO DATE    0.47                      0.65  -0.18     1.65
  SINCE DEC 1      2.20                      2.74  -0.54     3.75
  SINCE JAN 1      1.18                      1.51  -0.33     2.65

SNOWFALL (IN)
  YESTERDAY        0.0           4.0  1909   0.3   -0.3      0.0
  MONTH TO DATE    8.0                       7.0    1.0     17.2
  SINCE JUL 1     35.4                      38.4   -3.0     46.4
  SNOW DEPTH       7

DEGREE DAYS
 HEATING
  YESTERDAY       65                        42     23       60
  MONTH TO DATE 1289                      1048    241     1297
  SINCE JUL 1   5990                      5656    334     6394

 COOLING
  YESTERDAY        0                         0      0        0
  MONTH TO DATE    0                         0      0        0
  SINCE JAN 1      0                         0      0        0
..................................................................


WIND (MPH)
  HIGHEST WIND SPEED    32   HIGHEST WIND DIRECTION    SW (210)
  HIGHEST GUST SPEED    39   HIGHEST GUST DIRECTION    SW (220)
  AVERAGE WIND SPEED    15.5


SKY COVER
  POSSIBLE SUNSHINE  MM
  AVERAGE SKY COVER 0.0


WEATHER CONDITIONS
 THE FOLLOWING WEATHER WAS RECORDED YESTERDAY.
  NO SIGNIFICANT WEATHER WAS OBSERVED.


RELATIVE HUMIDITY (PERCENT)
 HIGHEST    79           900 AM
 LOWEST     61          1100 PM
 AVERAGE    70

..........................................................


THE ROCHESTER MN CLIMATE NORMALS FOR TODAY
                         NORMAL    RECORD    YEAR
 MAXIMUM TEMPERATURE (F)   31        60      1931
 MINIMUM TEMPERATURE (F)   16       -24      1913


SUNRISE AND SUNSET
FEBRUARY 24 2015......SUNRISE   655 AM CST   SUNSET   552 PM CST
FEBRUARY 25 2015......SUNRISE   654 AM CST   SUNSET   553 PM CST


-  INDICATES NEGATIVE NUMBERS.
R  INDICATES RECORD WAS SET OR TIED.
MM INDICATES DATA IS MISSING.
T  INDICATES TRACE AMOUNT.




$$
