000
CDUS43 KARX 190640
CLIRST


CLIMATE REPORT
NATIONAL WEATHER SERVICE LA CROSSE WI
138 AM CDT FRI JUN 19 2015


...................................

...THE ROCHESTER MN CLIMATE SUMMARY FOR JUNE 18 2015...

CLIMATE NORMAL PERIOD 1981 TO 2010
CLIMATE RECORD PERIOD 1886 TO 2015


WEATHER ITEM   OBSERVED TIME   RECORD YEAR NORMAL DEPARTURE LAST
                VALUE   (LST)  VALUE       VALUE  FROM      YEAR
                                                  NORMAL
..................................................................
TEMPERATURE (F)
 YESTERDAY
  MAXIMUM         77    458 PM  94    1953  79     -2       79
  MINIMUM         58    449 AM  41    1892  58      0       64
  AVERAGE         68                        69     -1       72

PRECIPITATION (IN)
  YESTERDAY        0.00          1.90 1915   0.16  -0.16     0.78
  MONTH TO DATE    2.80                      2.80   0.00     4.69
  SINCE JUN 1      2.80                      2.80   0.00     4.69
  SINCE JAN 1     15.41                     13.24   2.17    16.02

SNOWFALL (IN)
  YESTERDAY        0.0           0.0  2012   0.0    0.0      0.0
  MONTH TO DATE    0.0                       0.0    0.0      0.0
  SINCE JUL 1     50.4                      51.9   -1.5     60.5
  SNOW DEPTH       0

DEGREE DAYS
 HEATING
  YESTERDAY        0                         1     -1        0
  MONTH TO DATE   20                        44    -24       11
  SINCE JUL 1   8068                      7714    354     8917

 COOLING
  YESTERDAY        3                         5     -2        7
  MONTH TO DATE   50                        60    -10       53
  SINCE JAN 1     66                        94    -28       92
..................................................................


WIND (MPH)
  HIGHEST WIND SPEED    17   HIGHEST WIND DIRECTION     N (350)
  HIGHEST GUST SPEED    23   HIGHEST GUST DIRECTION     N (10)
  AVERAGE WIND SPEED     9.1


SKY COVER
  POSSIBLE SUNSHINE  MM
  AVERAGE SKY COVER 0.2


WEATHER CONDITIONS
 THE FOLLOWING WEATHER WAS RECORDED YESTERDAY.
  FOG


RELATIVE HUMIDITY (PERCENT)
 HIGHEST   100           200 AM
 LOWEST     47           400 PM
 AVERAGE    74

..........................................................


THE ROCHESTER MN CLIMATE NORMALS FOR TODAY
                         NORMAL    RECORD    YEAR
 MAXIMUM TEMPERATURE (F)   79        97      1953
                                             1913
 MINIMUM TEMPERATURE (F)   59        42      1916


SUNRISE AND SUNSET
JUNE 19 2015..........SUNRISE   527 AM CDT   SUNSET   856 PM CDT
JUNE 20 2015..........SUNRISE   527 AM CDT   SUNSET   856 PM CDT


-  INDICATES NEGATIVE NUMBERS.
R  INDICATES RECORD WAS SET OR TIED.
MM INDICATES DATA IS MISSING.
T  INDICATES TRACE AMOUNT.




$$
