000
CDUS43 KARX 072127
CLIRST


CLIMATE REPORT
NATIONAL WEATHER SERVICE LA CROSSE WI
426 PM CDT SAT MAY 7 2016


...................................

...THE ROCHESTER MN CLIMATE SUMMARY FOR MAY 7 2016...
VALID TODAY AS OF 0400 PM LOCAL TIME.

CLIMATE NORMAL PERIOD 1981 TO 2010
CLIMATE RECORD PERIOD 1886 TO 2016


WEATHER ITEM   OBSERVED TIME   RECORD YEAR NORMAL DEPARTURE LAST
                VALUE   (LST)  VALUE       VALUE  FROM      YEAR
                                                  NORMAL
..................................................................
TEMPERATURE (F)
 TODAY
  MAXIMUM         70   1216 AM  86    1934  66      4       75
                                      1916
  MINIMUM         54    727 AM  24    1929  45      9       61
  AVERAGE         62                        55      7       68

PRECIPITATION (IN)
  TODAY            T             1.37 1998   0.11  -0.11     1.05
  MONTH TO DATE    0.01                      0.82  -0.81     2.12
  SINCE MAR 1      5.71                      5.94  -0.23     8.12
  SINCE JAN 1      7.11                      7.63  -0.52     9.48

SNOWFALL (IN)
  TODAY            0.0           0.0  2012   0.0    0.0      0.0
  MONTH TO DATE    0.0                       0.2   -0.2      0.0
  SINCE JUL 1     47.9                      52.1   -4.2     50.4
  SNOW DEPTH       0

DEGREE DAYS
 HEATING
  TODAY            3                        10     -7        0
  MONTH TO DATE   62                        77    -15       32
  SINCE JUL 1   6608                      7502   -894     7844

 COOLING
  TODAY            0                         0      0        3
  MONTH TO DATE    9                         0      9        7
  SINCE JAN 1     10                         4      6        7
..................................................................


WIND (MPH)
  HIGHEST WIND SPEED    29   HIGHEST WIND DIRECTION     N (10)
  HIGHEST GUST SPEED    35   HIGHEST GUST DIRECTION     N (10)
  AVERAGE WIND SPEED    16.4


SKY COVER
  POSSIBLE SUNSHINE  MM
  AVERAGE SKY COVER 0.2


WEATHER CONDITIONS
 THE FOLLOWING WEATHER WAS RECORDED TODAY.
  HAZE


RELATIVE HUMIDITY (PERCENT)
 HIGHEST    58           100 AM
 LOWEST     24           300 PM
 AVERAGE    41

..........................................................


THE ROCHESTER MN CLIMATE NORMALS FOR TOMORROW
                         NORMAL    RECORD    YEAR
 MAXIMUM TEMPERATURE (F)   66        84      1916
 MINIMUM TEMPERATURE (F)   45        29      1955


SUNRISE AND SUNSET
MAY  7 2016...........SUNRISE   553 AM CDT   SUNSET   821 PM CDT
MAY  8 2016...........SUNRISE   552 AM CDT   SUNSET   822 PM CDT


-  INDICATES NEGATIVE NUMBERS.
R  INDICATES RECORD WAS SET OR TIED.
MM INDICATES DATA IS MISSING.
T  INDICATES TRACE AMOUNT.




$$
