000
CDUS43 KARX 170636
CLIRST


CLIMATE REPORT
NATIONAL WEATHER SERVICE LA CROSSE WI
135 AM CDT SUN AUG 17 2014


...................................

...THE ROCHESTER MN CLIMATE SUMMARY FOR AUGUST 16 2014...

CLIMATE NORMAL PERIOD 1981 TO 2010
CLIMATE RECORD PERIOD 1886 TO 2014


WEATHER ITEM   OBSERVED TIME   RECORD YEAR NORMAL DEPARTURE LAST
                VALUE   (LST)  VALUE       VALUE  FROM      YEAR
                                                  NORMAL
..................................................................
TEMPERATURE (F)
 YESTERDAY
  MAXIMUM         82    310 PM  99    1988  79      3       78
                                      1913
  MINIMUM         61    418 AM  39    1933  60      1       52
  AVERAGE         72                        69      3       65

PRECIPITATION (IN)
  YESTERDAY        0.00          2.11 1946   0.15  -0.15     0.00
  MONTH TO DATE    0.26                      2.34  -2.08     1.29
  SINCE JUN 1      8.99                     11.57  -2.58    10.29
  SINCE JAN 1     20.32                     22.01  -1.69    34.19

SNOWFALL (IN)
  YESTERDAY        0.0           0.0  2012   0.0    0.0      0.0
  MONTH TO DATE    0.0                       0.0    0.0      0.0
  SINCE JUL 1      0.0                       0.0    0.0      0.0
  SNOW DEPTH       0

DEGREE DAYS
 HEATING
  YESTERDAY        0                         1     -1        0
  MONTH TO DATE    0                        13    -13       11
  SINCE JUL 1     22                        24     -2       34

 COOLING
  YESTERDAY        7                         5      2        0
  MONTH TO DATE   69                        90    -21       20
  SINCE JAN 1    349                       461   -112      405
..................................................................


WIND (MPH)
  HIGHEST WIND SPEED     9   HIGHEST WIND DIRECTION    SW (220)
  HIGHEST GUST SPEED    13   HIGHEST GUST DIRECTION     S (190)
  AVERAGE WIND SPEED     4.8


SKY COVER
  POSSIBLE SUNSHINE  MM
  AVERAGE SKY COVER 0.6


WEATHER CONDITIONS
 THE FOLLOWING WEATHER WAS RECORDED YESTERDAY.
  FOG
  HAZE


RELATIVE HUMIDITY (PERCENT)
 HIGHEST    97           400 AM
 LOWEST     67           200 PM
 AVERAGE    82

..........................................................


THE ROCHESTER MN CLIMATE NORMALS FOR TODAY
                         NORMAL    RECORD    YEAR
 MAXIMUM TEMPERATURE (F)   79        99      1955
 MINIMUM TEMPERATURE (F)   60        45      1962


SUNRISE AND SUNSET
AUGUST 17 2014........SUNRISE   616 AM CDT   SUNSET   811 PM CDT
AUGUST 18 2014........SUNRISE   617 AM CDT   SUNSET   809 PM CDT


-  INDICATES NEGATIVE NUMBERS.
R  INDICATES RECORD WAS SET OR TIED.
MM INDICATES DATA IS MISSING.
T  INDICATES TRACE AMOUNT.




$$
