175
CDUS43 KARX 160640
CLIRST


CLIMATE REPORT
NATIONAL WEATHER SERVICE LA CROSSE WI
140 AM CDT THU MAR 16 2017


...................................

...THE ROCHESTER MN CLIMATE SUMMARY FOR MARCH 15 2017...

CLIMATE NORMAL PERIOD 1981 TO 2010
CLIMATE RECORD PERIOD 1886 TO 2017


WEATHER ITEM   OBSERVED TIME   RECORD YEAR NORMAL DEPARTURE LAST
                VALUE   (LST)  VALUE       VALUE  FROM      YEAR
                                                  NORMAL
..................................................................
TEMPERATURE (F)
 YESTERDAY
  MAXIMUM         26    250 PM  74    2012  40    -14       53
  MINIMUM          3    624 AM -12    1956  24    -21       45
  AVERAGE         15                        32    -17       49

PRECIPITATION (IN)
  YESTERDAY        0.00          1.19 1945   0.05  -0.05     1.06
  MONTH TO DATE    1.44                      0.75   0.69     1.35
  SINCE MAR 1      1.44                      0.75   0.69     1.35
  SINCE JAN 1      5.22                      2.44   2.78     2.75

SNOWFALL (IN)
  YESTERDAY        0.0           2.1  1998   0.3   -0.3      0.0
  MONTH TO DATE    8.4                       5.0    3.4      2.9
  SINCE JUL 1     52.7                      44.9    7.8     35.4
  SNOW DEPTH       3

DEGREE DAYS
 HEATING
  YESTERDAY       50                        33     17       16
  MONTH TO DATE  596                       545     51      391
  SINCE JUL 1   5640                      6406   -766     5591

 COOLING
  YESTERDAY        0                         0      0        0
  MONTH TO DATE    0                         0      0        0
  SINCE JAN 1      0                         0      0        0
..................................................................


WIND (MPH)
  HIGHEST WIND SPEED    14   HIGHEST WIND DIRECTION    SW (240)
  HIGHEST GUST SPEED    16   HIGHEST GUST DIRECTION    SW (240)
  AVERAGE WIND SPEED     7.9


SKY COVER
  POSSIBLE SUNSHINE  MM
  AVERAGE SKY COVER 0.0


WEATHER CONDITIONS
 THE FOLLOWING WEATHER WAS RECORDED YESTERDAY.
  NO SIGNIFICANT WEATHER WAS OBSERVED.


RELATIVE HUMIDITY (PERCENT)
 HIGHEST    91           400 AM
 LOWEST     50           100 PM
 AVERAGE    71

..........................................................


THE ROCHESTER MN CLIMATE NORMALS FOR TODAY
                         NORMAL    RECORD    YEAR
 MAXIMUM TEMPERATURE (F)   40        78      2012
 MINIMUM TEMPERATURE (F)   24        -9      1956


SUNRISE AND SUNSET
MARCH 16 2017.........SUNRISE   720 AM CDT   SUNSET   718 PM CDT
MARCH 17 2017.........SUNRISE   718 AM CDT   SUNSET   719 PM CDT


-  INDICATES NEGATIVE NUMBERS.
R  INDICATES RECORD WAS SET OR TIED.
MM INDICATES DATA IS MISSING.
T  INDICATES TRACE AMOUNT.




$$
