000
CDUS43 KARX 270644
CLIRST


CLIMATE REPORT
NATIONAL WEATHER SERVICE LA CROSSE WI
142 AM CDT THU MAR 27 2014


...................................

...THE ROCHESTER MN CLIMATE SUMMARY FOR MARCH 26 2014...

CLIMATE NORMAL PERIOD 1981 TO 2010
CLIMATE RECORD PERIOD 1886 TO 2014


WEATHER ITEM   OBSERVED TIME   RECORD YEAR NORMAL DEPARTURE LAST
                VALUE   (LST)  VALUE       VALUE  FROM      YEAR
                                                  NORMAL
..................................................................
TEMPERATURE (F)
 YESTERDAY
  MAXIMUM         39   1159 PM  77    2007  46     -7       35
  MINIMUM         10    349 AM  -4    1996  28    -18       19
                                      1937
  AVERAGE         25                        37    -12       27

PRECIPITATION (IN)
  YESTERDAY        0.00          1.17 1920   0.07  -0.07      T
  MONTH TO DATE    0.68                      1.49  -0.81     2.74
  SINCE MAR 1      0.68                      1.49  -0.81     2.74
  SINCE JAN 1      3.44                      3.18   0.26     4.74

SNOWFALL (IN)
  YESTERDAY        0.0           2.3  1974   0.2   -0.2       T
  MONTH TO DATE    6.1                       7.7   -1.6     23.5
  SINCE JUL 1     53.9                      47.6    6.3     55.3
  SNOW DEPTH       3

DEGREE DAYS
 HEATING
  YESTERDAY       40                        28     12       38
  MONTH TO DATE 1123                       878    245     1105
  SINCE JUL 1   7848                      6739   1109     6556

 COOLING
  YESTERDAY        0                         0      0        0
  MONTH TO DATE    0                         0      0        0
  SINCE JAN 1      0                         0      0        0
..................................................................


WIND (MPH)
  HIGHEST WIND SPEED    33   HIGHEST WIND DIRECTION    SE (150)
  HIGHEST GUST SPEED    45   HIGHEST GUST DIRECTION     S (160)
  AVERAGE WIND SPEED    19.4


SKY COVER
  POSSIBLE SUNSHINE  MM
  AVERAGE SKY COVER 0.4


WEATHER CONDITIONS
 THE FOLLOWING WEATHER WAS RECORDED YESTERDAY.
  NO SIGNIFICANT WEATHER WAS OBSERVED.


RELATIVE HUMIDITY (PERCENT)
 HIGHEST    76          1200 AM
 LOWEST     47          1200 PM
 AVERAGE    62

..........................................................


THE ROCHESTER MN CLIMATE NORMALS FOR TODAY
                         NORMAL    RECORD    YEAR
 MAXIMUM TEMPERATURE (F)   46        74      1946
 MINIMUM TEMPERATURE (F)   29         2      1964


SUNRISE AND SUNSET
MARCH 27 2014.........SUNRISE   700 AM CDT   SUNSET   731 PM CDT
MARCH 28 2014.........SUNRISE   659 AM CDT   SUNSET   732 PM CDT


-  INDICATES NEGATIVE NUMBERS.
R  INDICATES RECORD WAS SET OR TIED.
MM INDICATES DATA IS MISSING.
T  INDICATES TRACE AMOUNT.




$$
