553
CDUS43 KARX 070640
CLIRST


CLIMATE REPORT
NATIONAL WEATHER SERVICE LA CROSSE WI
140 AM CDT MON AUG 7 2017


...................................

...THE ROCHESTER MN CLIMATE SUMMARY FOR AUGUST 6 2017...

CLIMATE NORMAL PERIOD 1981 TO 2010
CLIMATE RECORD PERIOD 1886 TO 2017


WEATHER ITEM   OBSERVED TIME   RECORD YEAR NORMAL DEPARTURE LAST
                VALUE   (LST)  VALUE       VALUE  FROM      YEAR
                                                  NORMAL
..................................................................
TEMPERATURE (F)
 YESTERDAY
  MAXIMUM         73    324 PM  94    1909  80     -7       79
  MINIMUM         58    559 AM  43    1910  60     -2       56
  AVERAGE         66                        70     -4       68

PRECIPITATION (IN)
  YESTERDAY        0.07          2.37 1969   0.14  -0.07     0.00
  MONTH TO DATE    2.08                      0.87   1.21     1.22
  SINCE JUN 1      8.14                     10.10  -1.96    12.06
  SINCE JAN 1     22.41                     20.54   1.87    23.75

SNOWFALL (IN)
  YESTERDAY        0.0           0.0  2012   0.0    0.0      0.0
  MONTH TO DATE    0.0                       0.0    0.0      0.0
  SINCE JUL 1      0.0                       0.0    0.0      0.0
  SNOW DEPTH       0

DEGREE DAYS
 HEATING
  YESTERDAY        0                         1     -1        0
  MONTH TO DATE   12                         3      9        0
  SINCE JUL 1     13                        14     -1        4

 COOLING
  YESTERDAY        1                         6     -5        3
  MONTH TO DATE   10                        36    -26       46
  SINCE JAN 1    371                       407    -36      446
..................................................................


WIND (MPH)
  HIGHEST WIND SPEED    12   HIGHEST WIND DIRECTION     N (20)
  HIGHEST GUST SPEED    16   HIGHEST GUST DIRECTION    NE (30)
  AVERAGE WIND SPEED     4.0


SKY COVER
  POSSIBLE SUNSHINE  MM
  AVERAGE SKY COVER 0.5


WEATHER CONDITIONS
 THE FOLLOWING WEATHER WAS RECORDED YESTERDAY.
  LIGHT RAIN
  FOG


RELATIVE HUMIDITY (PERCENT)
 HIGHEST   100           600 AM
 LOWEST     61           500 PM
 AVERAGE    81

..........................................................


THE ROCHESTER MN CLIMATE NORMALS FOR TODAY
                         NORMAL    RECORD    YEAR
 MAXIMUM TEMPERATURE (F)   80        95      1988
                                             1949
                                             1916
 MINIMUM TEMPERATURE (F)   60        44      1972


SUNRISE AND SUNSET
AUGUST  7 2017........SUNRISE   605 AM CDT   SUNSET   825 PM CDT
AUGUST  8 2017........SUNRISE   606 AM CDT   SUNSET   824 PM CDT


-  INDICATES NEGATIVE NUMBERS.
R  INDICATES RECORD WAS SET OR TIED.
MM INDICATES DATA IS MISSING.
T  INDICATES TRACE AMOUNT.




$$
