221
CDUS43 KARX 050658
CLIRST


CLIMATE REPORT
NATIONAL WEATHER SERVICE LA CROSSE WI
1257 AM CST THU JAN 5 2017


...................................

...THE ROCHESTER MN CLIMATE SUMMARY FOR JANUARY 4 2017...

CLIMATE NORMAL PERIOD 1981 TO 2010
CLIMATE RECORD PERIOD 1886 TO 2017


WEATHER ITEM   OBSERVED TIME   RECORD YEAR NORMAL DEPARTURE LAST
                VALUE   (LST)  VALUE       VALUE  FROM      YEAR
                                                  NORMAL
..................................................................
TEMPERATURE (F)
 YESTERDAY
  MAXIMUM          1    407 PM  43    2007  24    -23       20
  MINIMUM         -6    903 AM -32    1920   8    -14        9
  AVERAGE         -2                        16    -18       15

PRECIPITATION (IN)
  YESTERDAY        0.00          0.70 1997   0.03  -0.03     0.00
  MONTH TO DATE    0.14                      0.11   0.03      T
  SINCE DEC 1      2.21                      1.34   0.87     3.21
  SINCE JAN 1      0.14                      0.11   0.03      T

SNOWFALL (IN)
  YESTERDAY        0.0           4.1  1971   0.3   -0.3      0.0
  MONTH TO DATE    0.3                       1.3   -1.0       T
  SINCE JUL 1     21.0                      20.7    0.3     15.7
  SNOW DEPTH       3

DEGREE DAYS
 HEATING
  YESTERDAY       67                        49     18       50
  MONTH TO DATE  191                       196     -5      186
  SINCE JUL 1   2762                      3274   -512     2617

 COOLING
  YESTERDAY        0                         0      0        0
  MONTH TO DATE    0                         0      0        0
  SINCE JAN 1      0                         0      0        0
..................................................................


WIND (MPH)
  HIGHEST WIND SPEED    30   HIGHEST WIND DIRECTION     W (290)
  HIGHEST GUST SPEED    36   HIGHEST GUST DIRECTION     W (290)
  AVERAGE WIND SPEED    19.1


SKY COVER
  POSSIBLE SUNSHINE  MM
  AVERAGE SKY COVER 0.1


WEATHER CONDITIONS
 THE FOLLOWING WEATHER WAS RECORDED YESTERDAY.
  NO SIGNIFICANT WEATHER WAS OBSERVED.


RELATIVE HUMIDITY (PERCENT)
 HIGHEST    87           500 AM
 LOWEST     71          1100 AM
 AVERAGE    79

..........................................................


THE ROCHESTER MN CLIMATE NORMALS FOR TODAY
                         NORMAL    RECORD    YEAR
 MAXIMUM TEMPERATURE (F)   24        55      2012
 MINIMUM TEMPERATURE (F)    8       -27      1979
                                             1912


SUNRISE AND SUNSET
JANUARY  5 2017.......SUNRISE   744 AM CST   SUNSET   447 PM CST
JANUARY  6 2017.......SUNRISE   744 AM CST   SUNSET   448 PM CST


-  INDICATES NEGATIVE NUMBERS.
R  INDICATES RECORD WAS SET OR TIED.
MM INDICATES DATA IS MISSING.
T  INDICATES TRACE AMOUNT.




$$
