000
CDUS43 KARX 030707
CLIRST


CLIMATE REPORT
NATIONAL WEATHER SERVICE LA CROSSE WI
206 AM CDT THU APR 3 2014


...................................

...THE ROCHESTER MN CLIMATE SUMMARY FOR APRIL 2 2014...

CLIMATE NORMAL PERIOD 1981 TO 2010
CLIMATE RECORD PERIOD 1886 TO 2014


WEATHER ITEM   OBSERVED TIME   RECORD YEAR NORMAL DEPARTURE LAST
                VALUE   (LST)  VALUE       VALUE  FROM      YEAR
                                                  NORMAL
..................................................................
TEMPERATURE (F)
 YESTERDAY
  MAXIMUM         47    250 PM  75    1981  50     -3       35
  MINIMUM         22    536 AM  11    1954  31     -9       20
  AVERAGE         35                        40     -5       28

PRECIPITATION (IN)
  YESTERDAY        0.03          1.38 1967   0.08  -0.05     0.00
  MONTH TO DATE    0.03                      0.16  -0.13     0.00
  SINCE MAR 1      1.18                      2.04  -0.86     2.85
  SINCE JAN 1      3.94                      3.73   0.21     4.85

SNOWFALL (IN)
  YESTERDAY        T             2.9  1979   0.1   -0.1      0.0
  MONTH TO DATE    T                         0.3   -0.3      0.0
  SINCE JUL 1     54.0                      48.9    5.1     55.3
  SNOW DEPTH       0

DEGREE DAYS
 HEATING
  YESTERDAY       30                        25      5       37
  MONTH TO DATE   68                        50     18       76
  SINCE JUL 1   8048                      6922   1126     6793

 COOLING
  YESTERDAY        0                         0      0        0
  MONTH TO DATE    0                         0      0        0
  SINCE JAN 1      0                         0      0        0
..................................................................


WIND (MPH)
  HIGHEST WIND SPEED    18   HIGHEST WIND DIRECTION     E (70)
  HIGHEST GUST SPEED    22   HIGHEST GUST DIRECTION     E (70)
  AVERAGE WIND SPEED    10.8


SKY COVER
  POSSIBLE SUNSHINE  MM
  AVERAGE SKY COVER 0.3


WEATHER CONDITIONS
 THE FOLLOWING WEATHER WAS RECORDED YESTERDAY.
  LIGHT RAIN
  LIGHT SNOW
  FOG
  HAZE


RELATIVE HUMIDITY (PERCENT)
 HIGHEST    88           100 AM
 LOWEST     38           300 PM
 AVERAGE    63

..........................................................


THE ROCHESTER MN CLIMATE NORMALS FOR TODAY
                         NORMAL    RECORD    YEAR
 MAXIMUM TEMPERATURE (F)   50        74      1893
 MINIMUM TEMPERATURE (F)   31         6      1954


SUNRISE AND SUNSET
APRIL  3 2014.........SUNRISE   648 AM CDT   SUNSET   739 PM CDT
APRIL  4 2014.........SUNRISE   646 AM CDT   SUNSET   741 PM CDT


-  INDICATES NEGATIVE NUMBERS.
R  INDICATES RECORD WAS SET OR TIED.
MM INDICATES DATA IS MISSING.
T  INDICATES TRACE AMOUNT.




$$
