000
CDUS43 KARX 170640
CLIRST


CLIMATE REPORT
NATIONAL WEATHER SERVICE LA CROSSE WI
140 AM CDT TUE MAR 17 2015


...................................

...THE ROCHESTER MN CLIMATE SUMMARY FOR MARCH 16 2015...

CLIMATE NORMAL PERIOD 1981 TO 2010
CLIMATE RECORD PERIOD 1886 TO 2015


WEATHER ITEM   OBSERVED TIME   RECORD YEAR NORMAL DEPARTURE LAST
                VALUE   (LST)  VALUE       VALUE  FROM      YEAR
                                                  NORMAL
..................................................................
TEMPERATURE (F)
 YESTERDAY
  MAXIMUM         62    131 PM  78    2012  40     22       24
  MINIMUM         36   1159 PM  -9    1956  24     12        9
  AVERAGE         49                        32     17       17

PRECIPITATION (IN)
  YESTERDAY        0.00          0.82 1942   0.06  -0.06     0.00
  MONTH TO DATE    0.04                      0.81  -0.77     0.64
  SINCE MAR 1      0.04                      0.81  -0.77     0.64
  SINCE JAN 1      1.40                      2.50  -1.10     3.40

SNOWFALL (IN)
  YESTERDAY        0.0           8.2  1942   0.3   -0.3      0.0
  MONTH TO DATE    0.3                       5.3   -5.0      5.5
  SINCE JUL 1     38.3                      45.2   -6.9     53.3
  SNOW DEPTH       0

DEGREE DAYS
 HEATING
  YESTERDAY       16                        33    -17       48
  MONTH TO DATE  541                       578    -37      735
  SINCE JUL 1   6836                      6439    397     7460

 COOLING
  YESTERDAY        0                         0      0        0
  MONTH TO DATE    0                         0      0        0
  SINCE JAN 1      0                         0      0        0
..................................................................


WIND (MPH)
  HIGHEST WIND SPEED    29   HIGHEST WIND DIRECTION     N (350)
  HIGHEST GUST SPEED    37   HIGHEST GUST DIRECTION     N (350)
  AVERAGE WIND SPEED    16.3


SKY COVER
  POSSIBLE SUNSHINE  MM
  AVERAGE SKY COVER 0.1


WEATHER CONDITIONS
 THE FOLLOWING WEATHER WAS RECORDED YESTERDAY.
  NO SIGNIFICANT WEATHER WAS OBSERVED.


RELATIVE HUMIDITY (PERCENT)
 HIGHEST    79           900 PM
 LOWEST     40           500 PM
 AVERAGE    60

..........................................................


THE ROCHESTER MN CLIMATE NORMALS FOR TODAY
                         NORMAL    RECORD    YEAR
 MAXIMUM TEMPERATURE (F)   41        81      2012
 MINIMUM TEMPERATURE (F)   25       -10      1909


SUNRISE AND SUNSET
MARCH 17 2015.........SUNRISE   719 AM CDT   SUNSET   718 PM CDT
MARCH 18 2015.........SUNRISE   717 AM CDT   SUNSET   720 PM CDT


-  INDICATES NEGATIVE NUMBERS.
R  INDICATES RECORD WAS SET OR TIED.
MM INDICATES DATA IS MISSING.
T  INDICATES TRACE AMOUNT.




$$
