000
CDUS43 KARX 300639
CLIRST


CLIMATE REPORT
NATIONAL WEATHER SERVICE LA CROSSE WI
138 AM CDT MON JUN 30 2014


...................................

...THE ROCHESTER MN CLIMATE SUMMARY FOR JUNE 29 2014...

CLIMATE NORMAL PERIOD 1981 TO 2010
CLIMATE RECORD PERIOD 1886 TO 2014


WEATHER ITEM   OBSERVED TIME   RECORD YEAR NORMAL DEPARTURE LAST
                VALUE   (LST)  VALUE       VALUE  FROM      YEAR
                                                  NORMAL
..................................................................
TEMPERATURE (F)
 YESTERDAY
  MAXIMUM         79   1208 PM  99    1931  81     -2       71
  MINIMUM         63    551 AM  44    1911  61      2       60
  AVERAGE         71                        71      0       66

PRECIPITATION (IN)
  YESTERDAY        0.01          1.46 1963   0.15  -0.14     0.31
  MONTH TO DATE    6.43                      4.52   1.91     6.86
  SINCE JUN 1      6.43                      4.52   1.91     6.86
  SINCE JAN 1     17.76                     14.96   2.80    30.76

SNOWFALL (IN)
  YESTERDAY        0.0           0.0  2012   0.0    0.0      0.0
  MONTH TO DATE    0.0                       0.0    0.0      0.0
  SINCE JUL 1     60.5                      51.9    8.6     74.0
  SNOW DEPTH       0

DEGREE DAYS
 HEATING
  YESTERDAY        0                         0      0        0
  MONTH TO DATE   11                        54    -43       60
  SINCE JUL 1   8917                      7724   1193     7825

 COOLING
  YESTERDAY        6                         6      0        1
  MONTH TO DATE  127                       122      5      125
  SINCE JAN 1    166                       156     10      155
..................................................................


WIND (MPH)
  HIGHEST WIND SPEED    36   HIGHEST WIND DIRECTION    SW (220)
  HIGHEST GUST SPEED    45   HIGHEST GUST DIRECTION    SW (220)
  AVERAGE WIND SPEED    13.3


SKY COVER
  POSSIBLE SUNSHINE  MM
  AVERAGE SKY COVER 0.1


WEATHER CONDITIONS
 THE FOLLOWING WEATHER WAS RECORDED YESTERDAY.
  LIGHT RAIN
  FOG


RELATIVE HUMIDITY (PERCENT)
 HIGHEST    93           100 AM
 LOWEST     58          1200 PM
 AVERAGE    76

..........................................................


THE ROCHESTER MN CLIMATE NORMALS FOR TODAY
                         NORMAL    RECORD    YEAR
 MAXIMUM TEMPERATURE (F)   81       100      1931
 MINIMUM TEMPERATURE (F)   61        41      1943


SUNRISE AND SUNSET
JUNE 30 2014..........SUNRISE   531 AM CDT   SUNSET   856 PM CDT
JULY  1 2014..........SUNRISE   531 AM CDT   SUNSET   856 PM CDT


-  INDICATES NEGATIVE NUMBERS.
R  INDICATES RECORD WAS SET OR TIED.
MM INDICATES DATA IS MISSING.
T  INDICATES TRACE AMOUNT.




$$
