000
CDUS43 KARX 140636
CLIRST


CLIMATE REPORT
NATIONAL WEATHER SERVICE LA CROSSE WI
135 AM CDT THU APR 14 2016


...................................

...THE ROCHESTER MN CLIMATE SUMMARY FOR APRIL 13 2016...

CLIMATE NORMAL PERIOD 1981 TO 2010
CLIMATE RECORD PERIOD 1886 TO 2016


WEATHER ITEM   OBSERVED TIME   RECORD YEAR NORMAL DEPARTURE LAST
                VALUE   (LST)  VALUE       VALUE  FROM      YEAR
                                                  NORMAL
..................................................................
TEMPERATURE (F)
 YESTERDAY
  MAXIMUM         70    244 PM  82    2006  56     14       60
  MINIMUM         42    621 AM  13    1962  35      7       42
  AVERAGE         56                        46     10       51

PRECIPITATION (IN)
  YESTERDAY        T             0.85 1952   0.12  -0.12     0.02
  MONTH TO DATE    0.17                      1.25  -1.08     3.14
  SINCE MAR 1      4.15                      3.13   1.02     4.21
  SINCE JAN 1      5.55                      4.82   0.73     5.57

SNOWFALL (IN)
  YESTERDAY        0.0           6.5  1952   0.1   -0.1      0.0
  MONTH TO DATE    0.5                       1.8   -1.3      1.5
  SINCE JUL 1     47.9                      50.4   -2.5     50.4
  SNOW DEPTH       0

DEGREE DAYS
 HEATING
  YESTERDAY        9                        19    -10       14
  MONTH TO DATE  356                       289     67      255
  SINCE JUL 1   6371                      7161   -790     7553

 COOLING
  YESTERDAY        0                         0      0        0
  MONTH TO DATE    0                         0      0        0
  SINCE JAN 1      0                         0      0        0
..................................................................


WIND (MPH)
  HIGHEST WIND SPEED    28   HIGHEST WIND DIRECTION     S (180)
  HIGHEST GUST SPEED    33   HIGHEST GUST DIRECTION     S (170)
  AVERAGE WIND SPEED    18.2


SKY COVER
  POSSIBLE SUNSHINE  MM
  AVERAGE SKY COVER 0.4


WEATHER CONDITIONS
 THE FOLLOWING WEATHER WAS RECORDED YESTERDAY.
  LIGHT RAIN


RELATIVE HUMIDITY (PERCENT)
 HIGHEST    53           600 AM
 LOWEST     24           300 PM
 AVERAGE    39

..........................................................


THE ROCHESTER MN CLIMATE NORMALS FOR TODAY
                         NORMAL    RECORD    YEAR
 MAXIMUM TEMPERATURE (F)   57        87      2003
 MINIMUM TEMPERATURE (F)   36        18      1962


SUNRISE AND SUNSET
APRIL 14 2016.........SUNRISE   628 AM CDT   SUNSET   753 PM CDT
APRIL 15 2016.........SUNRISE   626 AM CDT   SUNSET   755 PM CDT


-  INDICATES NEGATIVE NUMBERS.
R  INDICATES RECORD WAS SET OR TIED.
MM INDICATES DATA IS MISSING.
T  INDICATES TRACE AMOUNT.




$$
