000
CDUS43 KARX 312130
CLIRST


CLIMATE REPORT
NATIONAL WEATHER SERVICE LA CROSSE WI
428 PM CDT MON JUL 31 2017


...................................

...THE ROCHESTER MN CLIMATE SUMMARY FOR JULY 31 2017...
VALID TODAY AS OF 0400 PM LOCAL TIME.

CLIMATE NORMAL PERIOD 1981 TO 2010
CLIMATE RECORD PERIOD 1886 TO 2017


WEATHER ITEM   OBSERVED TIME   RECORD YEAR NORMAL DEPARTURE LAST
                VALUE   (LST)  VALUE       VALUE  FROM      YEAR
                                                  NORMAL
..................................................................
TEMPERATURE (F)
 TODAY
  MAXIMUM         81    137 PM 102    1988  80      1       81
  MINIMUM         61    439 AM  45    1960  61      0       62
  AVERAGE         71                        71      0       72

PRECIPITATION (IN)
  TODAY            0.00          1.67 1938   0.14  -0.14     0.00
  MONTH TO DATE    2.35                      4.55  -2.20     5.60
  SINCE JUN 1      6.06                      9.23  -3.17    10.84
  SINCE JAN 1     20.33                     19.67   0.66    22.53

SNOWFALL (IN)
  TODAY            0.0           0.0  2012   0.0    0.0      0.0
  MONTH TO DATE    0.0                       0.0    0.0      0.0
  SINCE JUL 1      0.0                       0.0    0.0      0.0
  SNOW DEPTH       0

DEGREE DAYS
 HEATING
  TODAY            0                         0      0        0
  MONTH TO DATE    1                         0      1        4
  SINCE JUL 1      1                        11    -10        4

 COOLING
  TODAY            6                         6      0        7
  MONTH TO DATE  194                       207    -13      211
  SINCE JAN 1    361                       371    -10      400
..................................................................


WIND (MPH)
  HIGHEST WIND SPEED    14   HIGHEST WIND DIRECTION    SW (220)
  HIGHEST GUST SPEED    18   HIGHEST GUST DIRECTION    SW (240)
  AVERAGE WIND SPEED     4.8


SKY COVER
  POSSIBLE SUNSHINE  MM
  AVERAGE SKY COVER 0.2


WEATHER CONDITIONS
 THE FOLLOWING WEATHER WAS RECORDED TODAY.
  NO SIGNIFICANT WEATHER WAS OBSERVED.


RELATIVE HUMIDITY (PERCENT)
 HIGHEST   100           400 AM
 LOWEST     62          1200 PM
 AVERAGE    81

..........................................................


THE ROCHESTER MN CLIMATE NORMALS FOR TOMORROW
                         NORMAL    RECORD    YEAR
 MAXIMUM TEMPERATURE (F)   80        99      1988
 MINIMUM TEMPERATURE (F)   61        38      1920


SUNRISE AND SUNSET
JULY 31 2017..........SUNRISE   558 AM CDT   SUNSET   834 PM CDT
AUGUST  1 2017........SUNRISE   559 AM CDT   SUNSET   833 PM CDT


-  INDICATES NEGATIVE NUMBERS.
R  INDICATES RECORD WAS SET OR TIED.
MM INDICATES DATA IS MISSING.
T  INDICATES TRACE AMOUNT.




$$
