000
CDUS43 KARX 012134
CLIRST


CLIMATE REPORT
NATIONAL WEATHER SERVICE LA CROSSE WI
434 PM CDT FRI JUL 1 2016


...................................

...THE ROCHESTER MN CLIMATE SUMMARY FOR JULY 1 2016...
VALID TODAY AS OF 0430 PM LOCAL TIME.

CLIMATE NORMAL PERIOD 1981 TO 2010
CLIMATE RECORD PERIOD 1886 TO 2016


WEATHER ITEM   OBSERVED TIME   RECORD YEAR NORMAL DEPARTURE LAST
                VALUE   (LST)  VALUE       VALUE  FROM      YEAR
                                                  NORMAL
..................................................................
TEMPERATURE (F)
 TODAY
  MAXIMUM         71    205 PM  97    1911  82    -11       65
                                      1910
  MINIMUM         54    417 AM  44    1948  61     -7       53
  AVERAGE         63                        71     -8       59

PRECIPITATION (IN)
  TODAY            0.00          1.31 1961   0.14  -0.14      T
  MONTH TO DATE    0.00                      0.14  -0.14      T
  SINCE JUN 1      5.24                      4.82   0.42     4.46
  SINCE JAN 1     16.93                     15.26   1.67    17.07

SNOWFALL (IN)
  TODAY            0.0           0.0  2012   0.0    0.0      0.0
  MONTH TO DATE    0.0                       0.0    0.0      0.0
  SINCE JUL 1      0.0                       0.0    0.0      0.0
  SNOW DEPTH       0

DEGREE DAYS
 HEATING
  TODAY            2                         0      2        6
  MONTH TO DATE    2                         0      2        6
  SINCE JUL 1      2                         0      2        6

 COOLING
  TODAY            0                         7     -7        0
  MONTH TO DATE    0                         7     -7        0
  SINCE JAN 1    189                       171     18      113
..................................................................


WIND (MPH)
  HIGHEST WIND SPEED    14   HIGHEST WIND DIRECTION     N (10)
  HIGHEST GUST SPEED    18   HIGHEST GUST DIRECTION    NE (50)
  AVERAGE WIND SPEED     7.0


SKY COVER
  POSSIBLE SUNSHINE  MM
  AVERAGE SKY COVER 0.5


WEATHER CONDITIONS
 THE FOLLOWING WEATHER WAS RECORDED TODAY.
  NO SIGNIFICANT WEATHER WAS OBSERVED.


RELATIVE HUMIDITY (PERCENT)
 HIGHEST    93           100 AM
 LOWEST     53           300 PM
 AVERAGE    73

..........................................................


THE ROCHESTER MN CLIMATE NORMALS FOR TOMORROW
                         NORMAL    RECORD    YEAR
 MAXIMUM TEMPERATURE (F)   82        98      1911
 MINIMUM TEMPERATURE (F)   61        44      1929


SUNRISE AND SUNSET
JULY  1 2016..........SUNRISE   532 AM CDT   SUNSET   856 PM CDT
JULY  2 2016..........SUNRISE   532 AM CDT   SUNSET   856 PM CDT


-  INDICATES NEGATIVE NUMBERS.
R  INDICATES RECORD WAS SET OR TIED.
MM INDICATES DATA IS MISSING.
T  INDICATES TRACE AMOUNT.




$$
