000
CDUS43 KARX 262130
CLIRST


CLIMATE REPORT
NATIONAL WEATHER SERVICE LA CROSSE WI
428 PM CDT TUE SEP 26 2017


...................................

...THE ROCHESTER MN CLIMATE SUMMARY FOR SEPTEMBER 26 2017...
VALID TODAY AS OF 0400 PM LOCAL TIME.

CLIMATE NORMAL PERIOD 1981 TO 2010
CLIMATE RECORD PERIOD 1886 TO 2017


WEATHER ITEM   OBSERVED TIME   RECORD YEAR NORMAL DEPARTURE LAST
                VALUE   (LST)  VALUE       VALUE  FROM      YEAR
                                                  NORMAL
..................................................................
TEMPERATURE (F)
 TODAY
  MAXIMUM         64    737 AM  86    1908  67     -3       68
  MINIMUM         59   1126 AM  26    1893  46     13       48
  AVERAGE         62                        56      6       58

PRECIPITATION (IN)
  TODAY            0.18          1.47 1973   0.11   0.07     0.00
  MONTH TO DATE    2.17                      3.04  -0.87     9.08
  SINCE SEP 1      2.17                      3.04  -0.87     9.08
  SINCE JAN 1     26.67                     27.23  -0.56    37.35

SNOWFALL (IN)
  TODAY            0.0           0.3  1942   0.0    0.0      0.0
  MONTH TO DATE    0.0                       0.0    0.0      0.0
  SINCE JUL 1      0.0                       0.0    0.0      0.0
  SNOW DEPTH       0

DEGREE DAYS
 HEATING
  TODAY            3                         9     -6        7
  MONTH TO DATE   70                       135    -65       36
  SINCE JUL 1    111                       173    -62       47

 COOLING
  TODAY            0                         1     -1        0
  MONTH TO DATE   91                        51     40       55
  SINCE JAN 1    493                       576    -83      628
..................................................................


WIND (MPH)
  HIGHEST WIND SPEED    16   HIGHEST WIND DIRECTION    NW (300)
  HIGHEST GUST SPEED    22   HIGHEST GUST DIRECTION     W (280)
  AVERAGE WIND SPEED     7.8


SKY COVER
  POSSIBLE SUNSHINE  MM
  AVERAGE SKY COVER 1.0


WEATHER CONDITIONS
 THE FOLLOWING WEATHER WAS RECORDED TODAY.
  RAIN
  LIGHT RAIN
  FOG
  FOG W/VISIBILITY <= 1/4 MILE


RELATIVE HUMIDITY (PERCENT)
 HIGHEST   100          1200 AM
 LOWEST     72           300 PM
 AVERAGE    86

..........................................................


THE ROCHESTER MN CLIMATE NORMALS FOR TOMORROW
                         NORMAL    RECORD    YEAR
 MAXIMUM TEMPERATURE (F)   67        86      1943
 MINIMUM TEMPERATURE (F)   45        28      1942


SUNRISE AND SUNSET
SEPTEMBER 26 2017.....SUNRISE   702 AM CDT   SUNSET   659 PM CDT
SEPTEMBER 27 2017.....SUNRISE   703 AM CDT   SUNSET   658 PM CDT


-  INDICATES NEGATIVE NUMBERS.
R  INDICATES RECORD WAS SET OR TIED.
MM INDICATES DATA IS MISSING.
T  INDICATES TRACE AMOUNT.




$$
