068
CDUS43 KARX 170646
CLIRST


CLIMATE REPORT
NATIONAL WEATHER SERVICE LA CROSSE WI
146 AM CDT WED AUG 17 2016


...................................

...THE ROCHESTER MN CLIMATE SUMMARY FOR AUGUST 16 2016...

CLIMATE NORMAL PERIOD 1981 TO 2010
CLIMATE RECORD PERIOD 1886 TO 2016


WEATHER ITEM   OBSERVED TIME   RECORD YEAR NORMAL DEPARTURE LAST
                VALUE   (LST)  VALUE       VALUE  FROM      YEAR
                                                  NORMAL
..................................................................
TEMPERATURE (F)
 YESTERDAY
  MAXIMUM         82    249 PM  99    1988  79      3       82
                                      1913
  MINIMUM         62    350 AM  39    1933  60      2       66
  AVERAGE         72                        69      3       74

PRECIPITATION (IN)
  YESTERDAY        0.07          2.11 1946   0.15  -0.08     0.33
  MONTH TO DATE    2.73                      2.34   0.39     0.39
  SINCE JUN 1     13.57                     11.57   2.00     9.79
  SINCE JAN 1     25.26                     22.01   3.25    22.40

SNOWFALL (IN)
  YESTERDAY        0.0           0.0  2012   0.0    0.0      0.0
  MONTH TO DATE    0.0                       0.0    0.0      0.0
  SINCE JUL 1      0.0                       0.0    0.0      0.0
  SNOW DEPTH       0

DEGREE DAYS
 HEATING
  YESTERDAY        0                         1     -1        0
  MONTH TO DATE    0                        13    -13        2
  SINCE JUL 1      4                        24    -20       19

 COOLING
  YESTERDAY        7                         5      2        9
  MONTH TO DATE  112                        90     22       81
  SINCE JAN 1    512                       461     51      358
..................................................................


WIND (MPH)
  HIGHEST WIND SPEED    17   HIGHEST WIND DIRECTION     N (360)
  HIGHEST GUST SPEED    24   HIGHEST GUST DIRECTION     N (340)
  AVERAGE WIND SPEED     6.1


SKY COVER
  POSSIBLE SUNSHINE  MM
  AVERAGE SKY COVER 0.4


WEATHER CONDITIONS
 THE FOLLOWING WEATHER WAS RECORDED YESTERDAY.
  THUNDERSTORM
  LIGHT RAIN
  FOG


RELATIVE HUMIDITY (PERCENT)
 HIGHEST   100           100 AM
 LOWEST     62           100 PM
 AVERAGE    81

..........................................................


THE ROCHESTER MN CLIMATE NORMALS FOR TODAY
                         NORMAL    RECORD    YEAR
 MAXIMUM TEMPERATURE (F)   79        99      1955
 MINIMUM TEMPERATURE (F)   60        45      1962


SUNRISE AND SUNSET
AUGUST 17 2016........SUNRISE   617 AM CDT   SUNSET   810 PM CDT
AUGUST 18 2016........SUNRISE   618 AM CDT   SUNSET   809 PM CDT


-  INDICATES NEGATIVE NUMBERS.
R  INDICATES RECORD WAS SET OR TIED.
MM INDICATES DATA IS MISSING.
T  INDICATES TRACE AMOUNT.




$$
