000
CDUS43 KARX 160633
CLIRST


CLIMATE REPORT
NATIONAL WEATHER SERVICE LA CROSSE WI
132 AM CDT SAT AUG 16 2014


...................................

...THE ROCHESTER MN CLIMATE SUMMARY FOR AUGUST 15 2014...

CLIMATE NORMAL PERIOD 1981 TO 2010
CLIMATE RECORD PERIOD 1886 TO 2014


WEATHER ITEM   OBSERVED TIME   RECORD YEAR NORMAL DEPARTURE LAST
                VALUE   (LST)  VALUE       VALUE  FROM      YEAR
                                                  NORMAL
..................................................................
TEMPERATURE (F)
 YESTERDAY
  MAXIMUM         78    352 PM 100    1936  79     -1       75
  MINIMUM         58    444 AM  39    1933  60     -2       51
                                      1929
  AVERAGE         68                        70     -2       63

PRECIPITATION (IN)
  YESTERDAY        0.00          1.95 1893   0.16  -0.16     0.00
  MONTH TO DATE    0.26                      2.19  -1.93     1.29
  SINCE JUN 1      8.99                     11.42  -2.43    10.29
  SINCE JAN 1     20.32                     21.86  -1.54    34.19

SNOWFALL (IN)
  YESTERDAY        0.0           0.0  2012   0.0    0.0      0.0
  MONTH TO DATE    0.0                       0.0    0.0      0.0
  SINCE JUL 1      0.0                       0.0    0.0      0.0
  SNOW DEPTH       0

DEGREE DAYS
 HEATING
  YESTERDAY        0                         1     -1        2
  MONTH TO DATE    0                        12    -12       11
  SINCE JUL 1     22                        23     -1       34

 COOLING
  YESTERDAY        3                         5     -2        0
  MONTH TO DATE   62                        85    -23       20
  SINCE JAN 1    342                       456   -114      405
..................................................................


WIND (MPH)
  HIGHEST WIND SPEED    15   HIGHEST WIND DIRECTION     S (190)
  HIGHEST GUST SPEED    22   HIGHEST GUST DIRECTION     S (180)
  AVERAGE WIND SPEED     8.1


SKY COVER
  POSSIBLE SUNSHINE  MM
  AVERAGE SKY COVER 0.1


WEATHER CONDITIONS
 THE FOLLOWING WEATHER WAS RECORDED YESTERDAY.
  NO SIGNIFICANT WEATHER WAS OBSERVED.


RELATIVE HUMIDITY (PERCENT)
 HIGHEST    93          1000 PM
 LOWEST     56           400 PM
 AVERAGE    75

..........................................................


THE ROCHESTER MN CLIMATE NORMALS FOR TODAY
                         NORMAL    RECORD    YEAR
 MAXIMUM TEMPERATURE (F)   79        99      1988
                                             1913
 MINIMUM TEMPERATURE (F)   60        39      1933


SUNRISE AND SUNSET
AUGUST 16 2014........SUNRISE   615 AM CDT   SUNSET   812 PM CDT
AUGUST 17 2014........SUNRISE   616 AM CDT   SUNSET   811 PM CDT


-  INDICATES NEGATIVE NUMBERS.
R  INDICATES RECORD WAS SET OR TIED.
MM INDICATES DATA IS MISSING.
T  INDICATES TRACE AMOUNT.




$$
