000
CDUS43 KARX 090641
CLIRST


CLIMATE REPORT
NATIONAL WEATHER SERVICE LA CROSSE WI
1241 AM CST THU NOV 9 2017


...................................

...THE ROCHESTER MN CLIMATE SUMMARY FOR NOVEMBER 8 2017...

CLIMATE NORMAL PERIOD 1981 TO 2010
CLIMATE RECORD PERIOD 1886 TO 2017


WEATHER ITEM   OBSERVED TIME   RECORD YEAR NORMAL DEPARTURE LAST
                VALUE   (LST)  VALUE       VALUE  FROM      YEAR
                                                  NORMAL
..................................................................
TEMPERATURE (F)
 YESTERDAY
  MAXIMUM         42    256 PM  75    1999  46     -4       56
  MINIMUM         22    718 AM   1    1991  30     -8       38
  AVERAGE         32                        38     -6       47

PRECIPITATION (IN)
  YESTERDAY        T             1.85 1916   0.07  -0.07     0.00
  MONTH TO DATE    0.30                      0.53  -0.23     0.00
  SINCE SEP 1      7.56                      6.22   1.34    11.84
  SINCE JAN 1     32.06                     30.41   1.65    40.11

SNOWFALL (IN)
  YESTERDAY        0.0           6.2  1943   0.2   -0.2      0.0
  MONTH TO DATE    0.7                       0.9   -0.2      0.0
  SINCE JUL 1      3.3                       1.7    1.6      0.0
  SNOW DEPTH       0

DEGREE DAYS
 HEATING
  YESTERDAY       33                        27      6       18
  MONTH TO DATE  259                       200     59       98
  SINCE JUL 1    881                       936    -55      573

 COOLING
  YESTERDAY        0                         0      0        0
  MONTH TO DATE    0                         0      0        0
  SINCE JAN 1    494                       585    -91      629
..................................................................


WIND (MPH)
  HIGHEST WIND SPEED    20   HIGHEST WIND DIRECTION    SW (240)
  HIGHEST GUST SPEED    23   HIGHEST GUST DIRECTION    SW (210)
  AVERAGE WIND SPEED    10.7


SKY COVER
  POSSIBLE SUNSHINE  MM
  AVERAGE SKY COVER 0.3


WEATHER CONDITIONS
 THE FOLLOWING WEATHER WAS RECORDED YESTERDAY.
  LIGHT RAIN
  FOG


RELATIVE HUMIDITY (PERCENT)
 HIGHEST    96           300 AM
 LOWEST     62           300 PM
 AVERAGE    79

..........................................................


THE ROCHESTER MN CLIMATE NORMALS FOR TODAY
                         NORMAL    RECORD    YEAR
 MAXIMUM TEMPERATURE (F)   46        71      1999
 MINIMUM TEMPERATURE (F)   30         7      1892


SUNRISE AND SUNSET
NOVEMBER  9 2017......SUNRISE   657 AM CST   SUNSET   450 PM CST
NOVEMBER 10 2017......SUNRISE   659 AM CST   SUNSET   449 PM CST


-  INDICATES NEGATIVE NUMBERS.
R  INDICATES RECORD WAS SET OR TIED.
MM INDICATES DATA IS MISSING.
T  INDICATES TRACE AMOUNT.




$$
