000
CDUS43 KARX 012237
CLIRST


CLIMATE REPORT
NATIONAL WEATHER SERVICE LA CROSSE WI
436 PM CST WED MAR 1 2017


...................................

...THE ROCHESTER MN CLIMATE SUMMARY FOR MARCH 1 2017...
VALID TODAY AS OF 0400 PM LOCAL TIME.

CLIMATE NORMAL PERIOD 1981 TO 2010
CLIMATE RECORD PERIOD 1886 TO 2017


WEATHER ITEM   OBSERVED TIME   RECORD YEAR NORMAL DEPARTURE LAST
                VALUE   (LST)  VALUE       VALUE  FROM      YEAR
                                                  NORMAL
..................................................................
TEMPERATURE (F)
 TODAY
  MAXIMUM         33   1244 AM  56    1992  33      0       21
  MINIMUM         25    819 AM -31    1962  18      7        7
  AVERAGE         29                        26      3       14

PRECIPITATION (IN)
  TODAY            0.12          1.23 1965   0.05   0.07     0.21
  MONTH TO DATE    0.12                      0.05   0.07     0.21
  SINCE MAR 1      0.12                      0.05   0.07     0.21
  SINCE JAN 1      3.90                      1.74   2.16     1.61

SNOWFALL (IN)
  TODAY            1.2           7.2  2007   0.3    0.9      2.1
  MONTH TO DATE    1.2                       0.3    0.9      2.1
  SINCE JUL 1     45.5                      40.2    5.3     34.6
  SNOW DEPTH       7

DEGREE DAYS
 HEATING
  TODAY           36                        39     -3       51
  MONTH TO DATE   36                        39     -3       51
  SINCE JUL 1   5080                      5900   -820     5251

 COOLING
  TODAY            0                         0      0        0
  MONTH TO DATE    0                         0      0        0
  SINCE JAN 1      0                         0      0        0
..................................................................


WIND (MPH)
  HIGHEST WIND SPEED    28   HIGHEST WIND DIRECTION    NW (330)
  HIGHEST GUST SPEED    33   HIGHEST GUST DIRECTION    NW (330)
  AVERAGE WIND SPEED    19.0


SKY COVER
  POSSIBLE SUNSHINE  MM
  AVERAGE SKY COVER 1.0


WEATHER CONDITIONS
 THE FOLLOWING WEATHER WAS RECORDED TODAY.
  LIGHT RAIN
  LT FREEZING RAIN
  SNOW
  LIGHT SNOW
  FOG


RELATIVE HUMIDITY (PERCENT)
 HIGHEST   100          1200 AM
 LOWEST     69           200 PM
 AVERAGE    85

..........................................................


THE ROCHESTER MN CLIMATE NORMALS FOR TOMORROW
                         NORMAL    RECORD    YEAR
 MAXIMUM TEMPERATURE (F)   34        58      1964
 MINIMUM TEMPERATURE (F)   19       -19      1913


SUNRISE AND SUNSET
MARCH  1 2017.........SUNRISE   646 AM CST   SUNSET   559 PM CST
MARCH  2 2017.........SUNRISE   645 AM CST   SUNSET   600 PM CST


-  INDICATES NEGATIVE NUMBERS.
R  INDICATES RECORD WAS SET OR TIED.
MM INDICATES DATA IS MISSING.
T  INDICATES TRACE AMOUNT.




$$
