000
CDUS43 KARX 180639
CLIRST


CLIMATE REPORT
NATIONAL WEATHER SERVICE LA CROSSE WI
1238 AM CST SUN JAN 18 2015


...................................

...THE ROCHESTER MN CLIMATE SUMMARY FOR JANUARY 17 2015...

CLIMATE NORMAL PERIOD 1981 TO 2010
CLIMATE RECORD PERIOD 1886 TO 2015


WEATHER ITEM   OBSERVED TIME   RECORD YEAR NORMAL DEPARTURE LAST
                VALUE   (LST)  VALUE       VALUE  FROM      YEAR
                                                  NORMAL
..................................................................
TEMPERATURE (F)
 YESTERDAY
  MAXIMUM         37    201 PM  49    1894  23     14        9
  MINIMUM         26    754 AM -25    1954   7     19        0
  AVERAGE         32                        15     17        5

PRECIPITATION (IN)
  YESTERDAY        0.00          0.52 1996   0.03  -0.03     0.00
  MONTH TO DATE    0.29                      0.47  -0.18     0.31
  SINCE DEC 1      1.31                      1.70  -0.39     1.41
  SINCE JAN 1      0.29                      0.47  -0.18     0.31

SNOWFALL (IN)
  YESTERDAY        0.0           3.5  1945   0.4   -0.4      0.0
  MONTH TO DATE    6.1                       6.2   -0.1      3.9
  SINCE JUL 1     23.5                      25.6   -2.1     18.3
  SNOW DEPTH       5

DEGREE DAYS
 HEATING
  YESTERDAY       33                        50    -17       60
  MONTH TO DATE  944                       841    103      969
  SINCE JUL 1   4164                      3919    245     4263

 COOLING
  YESTERDAY        0                         0      0        0
  MONTH TO DATE    0                         0      0        0
  SINCE JAN 1      0                         0      0        0
..................................................................


WIND (MPH)
  HIGHEST WIND SPEED    30   HIGHEST WIND DIRECTION     W (280)
  HIGHEST GUST SPEED    37   HIGHEST GUST DIRECTION     W (290)
  AVERAGE WIND SPEED    16.1


SKY COVER
  POSSIBLE SUNSHINE  MM
  AVERAGE SKY COVER 0.5


WEATHER CONDITIONS
 THE FOLLOWING WEATHER WAS RECORDED YESTERDAY.
  FOG


RELATIVE HUMIDITY (PERCENT)
 HIGHEST    92           200 AM
 LOWEST     75          1100 AM
 AVERAGE    84

..........................................................


THE ROCHESTER MN CLIMATE NORMALS FOR TODAY
                         NORMAL    RECORD    YEAR
 MAXIMUM TEMPERATURE (F)   23        46      1919
 MINIMUM TEMPERATURE (F)    7       -31      1967


SUNRISE AND SUNSET
JANUARY 18 2015.......SUNRISE   740 AM CST   SUNSET   502 PM CST
JANUARY 19 2015.......SUNRISE   739 AM CST   SUNSET   503 PM CST


-  INDICATES NEGATIVE NUMBERS.
R  INDICATES RECORD WAS SET OR TIED.
MM INDICATES DATA IS MISSING.
T  INDICATES TRACE AMOUNT.




$$
