000
CDUS43 KARX 300721
CLIRST


CLIMATE REPORT
NATIONAL WEATHER SERVICE LA CROSSE WI
221 AM CDT FRI JUN 30 2017


...................................

...THE ROCHESTER MN CLIMATE SUMMARY FOR JUNE 29 2017...

CLIMATE NORMAL PERIOD 1981 TO 2010
CLIMATE RECORD PERIOD 1886 TO 2017


WEATHER ITEM   OBSERVED TIME   RECORD YEAR NORMAL DEPARTURE LAST
                VALUE   (LST)  VALUE       VALUE  FROM      YEAR
                                                  NORMAL
..................................................................
TEMPERATURE (F)
 YESTERDAY
  MAXIMUM         77    428 PM  99    1931  81     -4       78
  MINIMUM         59   1137 PM  44    1911  61     -2       51
  AVERAGE         68                        71     -3       65

PRECIPITATION (IN)
  YESTERDAY        0.24          1.46 1963   0.15   0.09     0.00
  MONTH TO DATE    3.66                      4.52  -0.86     5.19
  SINCE JUN 1      3.66                      4.52  -0.86     5.19
  SINCE JAN 1     17.93                     14.96   2.97    16.88

SNOWFALL (IN)
  YESTERDAY        0.0           0.0  2012   0.0    0.0      0.0
  MONTH TO DATE    0.0                       0.0    0.0      0.0
  SINCE JUL 1     52.7                      51.9    0.8     47.9
  SNOW DEPTH       0

DEGREE DAYS
 HEATING
  YESTERDAY        0                         0      0        0
  MONTH TO DATE   32                        54    -22       21
  SINCE JUL 1   6900                      7724   -824     6796

 COOLING
  YESTERDAY        3                         6     -3        0
  MONTH TO DATE  146                       122     24      140
  SINCE JAN 1    166                       156     10      188
..................................................................


WIND (MPH)
  HIGHEST WIND SPEED    20   HIGHEST WIND DIRECTION    NW (300)
  HIGHEST GUST SPEED    27   HIGHEST GUST DIRECTION     W (290)
  AVERAGE WIND SPEED     8.5


SKY COVER
  POSSIBLE SUNSHINE  MM
  AVERAGE SKY COVER 0.2


WEATHER CONDITIONS
 THE FOLLOWING WEATHER WAS RECORDED YESTERDAY.
  THUNDERSTORM
  RAIN
  LIGHT RAIN
  FOG


RELATIVE HUMIDITY (PERCENT)
 HIGHEST   100          1200 AM
 LOWEST     64           100 PM
 AVERAGE    82

..........................................................


THE ROCHESTER MN CLIMATE NORMALS FOR TODAY
                         NORMAL    RECORD    YEAR
 MAXIMUM TEMPERATURE (F)   81       100      1931
 MINIMUM TEMPERATURE (F)   61        41      1943


SUNRISE AND SUNSET
JUNE 30 2017..........SUNRISE   531 AM CDT   SUNSET   856 PM CDT
JULY  1 2017..........SUNRISE   531 AM CDT   SUNSET   856 PM CDT


-  INDICATES NEGATIVE NUMBERS.
R  INDICATES RECORD WAS SET OR TIED.
MM INDICATES DATA IS MISSING.
T  INDICATES TRACE AMOUNT.




$$
