000
CDUS43 KARX 080653
CLIRST


CLIMATE REPORT
NATIONAL WEATHER SERVICE LA CROSSE WI
152 AM CDT FRI AUG 8 2014


...................................

...THE ROCHESTER MN CLIMATE SUMMARY FOR AUGUST 7 2014...

CLIMATE NORMAL PERIOD 1981 TO 2010
CLIMATE RECORD PERIOD 1886 TO 2014


WEATHER ITEM   OBSERVED TIME   RECORD YEAR NORMAL DEPARTURE LAST
                VALUE   (LST)  VALUE       VALUE  FROM      YEAR
                                                  NORMAL
..................................................................
TEMPERATURE (F)
 YESTERDAY
  MAXIMUM         79    412 PM  95    1988  80     -1       74
                                      1949
                                      1916
  MINIMUM         58    536 AM  44    1972  60     -2       58
  AVERAGE         69                        70     -1       66

PRECIPITATION (IN)
  YESTERDAY        0.00          2.02 1991   0.15  -0.15      T
  MONTH TO DATE    0.25                      1.02  -0.77     0.54
  SINCE JUN 1      8.98                     10.25  -1.27     9.54
  SINCE JAN 1     20.31                     20.69  -0.38    33.44

SNOWFALL (IN)
  YESTERDAY        0.0           0.0  2012   0.0    0.0      0.0
  MONTH TO DATE    0.0                       0.0    0.0      0.0
  SINCE JUL 1      0.0                       0.0    0.0      0.0
  SNOW DEPTH       0

DEGREE DAYS
 HEATING
  YESTERDAY        0                         1     -1        0
  MONTH TO DATE    0                         4     -4        3
  SINCE JUL 1     22                        15      7       26

 COOLING
  YESTERDAY        4                         6     -2        1
  MONTH TO DATE   38                        42     -4       14
  SINCE JAN 1    318                       413    -95      399
..................................................................


WIND (MPH)
  HIGHEST WIND SPEED    18   HIGHEST WIND DIRECTION    SE (130)
  HIGHEST GUST SPEED    22   HIGHEST GUST DIRECTION    SE (130)
  AVERAGE WIND SPEED     8.6


SKY COVER
  POSSIBLE SUNSHINE  MM
  AVERAGE SKY COVER 0.2


WEATHER CONDITIONS
 THE FOLLOWING WEATHER WAS RECORDED YESTERDAY.
  FOG


RELATIVE HUMIDITY (PERCENT)
 HIGHEST    93           500 AM
 LOWEST     46          1100 AM
 AVERAGE    70

..........................................................


THE ROCHESTER MN CLIMATE NORMALS FOR TODAY
                         NORMAL    RECORD    YEAR
 MAXIMUM TEMPERATURE (F)   80        97      1934
 MINIMUM TEMPERATURE (F)   60        45      1932


SUNRISE AND SUNSET
AUGUST  8 2014........SUNRISE   606 AM CDT   SUNSET   824 PM CDT
AUGUST  9 2014........SUNRISE   607 AM CDT   SUNSET   823 PM CDT


-  INDICATES NEGATIVE NUMBERS.
R  INDICATES RECORD WAS SET OR TIED.
MM INDICATES DATA IS MISSING.
T  INDICATES TRACE AMOUNT.




$$
