000
CDUS43 KARX 070744
CLIRST


CLIMATE REPORT
NATIONAL WEATHER SERVICE LA CROSSE WI
144 AM CST SUN DEC 7 2014


...................................

...THE ROCHESTER MN CLIMATE SUMMARY FOR DECEMBER 6 2014...

CLIMATE NORMAL PERIOD 1981 TO 2010
CLIMATE RECORD PERIOD 1886 TO 2014


WEATHER ITEM   OBSERVED TIME   RECORD YEAR NORMAL DEPARTURE LAST
                VALUE   (LST)  VALUE       VALUE  FROM      YEAR
                                                  NORMAL
..................................................................
TEMPERATURE (F)
 YESTERDAY
  MAXIMUM         33    321 PM  48    1911  30      3        9
  MINIMUM         18    757 AM -28    1972  15      3       -3
  AVERAGE         26                        23      3        3

PRECIPITATION (IN)
  YESTERDAY        0.00          0.38 1950   0.04  -0.04     0.00
  MONTH TO DATE    T                         0.29  -0.29     0.34
  SINCE DEC 1      T                         0.29  -0.29     0.34
  SINCE JAN 1     33.01                     32.08   0.93    41.00

SNOWFALL (IN)
  YESTERDAY        0.0           5.7  1950   0.4   -0.4      0.0
  MONTH TO DATE    T                         2.4   -2.4       T
  SINCE JUL 1      9.2                       9.3   -0.1      1.3
  SNOW DEPTH       1

DEGREE DAYS
 HEATING
  YESTERDAY       39                        42     -3       62
  MONTH TO DATE  271                       246     25      256
  SINCE JUL 1   2218                      1918    300     1949

 COOLING
  YESTERDAY        0                         0      0        0
  MONTH TO DATE    0                         0      0        0
  SINCE JAN 1    491                       585    -94      656
..................................................................


WIND (MPH)
  HIGHEST WIND SPEED    16   HIGHEST WIND DIRECTION    SE (150)
  HIGHEST GUST SPEED    19   HIGHEST GUST DIRECTION    SE (150)
  AVERAGE WIND SPEED     7.4


SKY COVER
  POSSIBLE SUNSHINE  MM
  AVERAGE SKY COVER 0.1


WEATHER CONDITIONS
 THE FOLLOWING WEATHER WAS RECORDED YESTERDAY.
  FOG
  FOG W/VISIBILITY <= 1/4 MILE
  HAZE


RELATIVE HUMIDITY (PERCENT)
 HIGHEST    96           200 AM
 LOWEST     61           300 PM
 AVERAGE    79

..........................................................


THE ROCHESTER MN CLIMATE NORMALS FOR TODAY
                         NORMAL    RECORD    YEAR
 MAXIMUM TEMPERATURE (F)   30        56      1939
 MINIMUM TEMPERATURE (F)   15       -28      1972


SUNRISE AND SUNSET
DECEMBER  7 2014......SUNRISE   731 AM CST   SUNSET   432 PM CST
DECEMBER  8 2014......SUNRISE   732 AM CST   SUNSET   432 PM CST


-  INDICATES NEGATIVE NUMBERS.
R  INDICATES RECORD WAS SET OR TIED.
MM INDICATES DATA IS MISSING.
T  INDICATES TRACE AMOUNT.




$$
