000
CDUS43 KARX 042129
CLIRST


CLIMATE REPORT
NATIONAL WEATHER SERVICE LA CROSSE WI
428 PM CDT FRI JUL 4 2014


...................................

...THE ROCHESTER MN CLIMATE SUMMARY FOR JULY 4 2014...
VALID TODAY AS OF 0400 PM LOCAL TIME.

CLIMATE NORMAL PERIOD 1981 TO 2010
CLIMATE RECORD PERIOD 1886 TO 2014


WEATHER ITEM   OBSERVED TIME   RECORD YEAR NORMAL DEPARTURE LAST
                VALUE   (LST)  VALUE       VALUE  FROM      YEAR
                                                  NORMAL
..................................................................
TEMPERATURE (F)
 TODAY
  MAXIMUM         76    235 PM  98    1949  82     -6       86
  MINIMUM         51    504 AM  43    1972  61    -10       61
                                      1967
  AVERAGE         64                        72     -8       74

PRECIPITATION (IN)
  TODAY            0.00          1.40 1913   0.14  -0.14     0.00
  MONTH TO DATE    0.05                      0.57  -0.52     0.00
  SINCE JUN 1      6.55                      5.25   1.30     6.86
  SINCE JAN 1     17.88                     15.69   2.19    30.76

SNOWFALL (IN)
  TODAY            0.0           0.0  2012   0.0    0.0      0.0
  MONTH TO DATE    0.0                       0.0    0.0      0.0
  SINCE JUL 1      0.0                       0.0    0.0      0.0
  SNOW DEPTH       0

DEGREE DAYS
 HEATING
  TODAY            1                         0      1        0
  MONTH TO DATE    7                         0      7        0
  SINCE JUL 1      7                         0      7        0

 COOLING
  TODAY            0                         7     -7        9
  MONTH TO DATE    0                        28    -28       21
  SINCE JAN 1    170                       192    -22      177
..................................................................


WIND (MPH)
  HIGHEST WIND SPEED    18   HIGHEST WIND DIRECTION     S (180)
  HIGHEST GUST SPEED    23   HIGHEST GUST DIRECTION     S (190)
  AVERAGE WIND SPEED     7.5


SKY COVER
  POSSIBLE SUNSHINE  MM
  AVERAGE SKY COVER 0.0


WEATHER CONDITIONS
 THE FOLLOWING WEATHER WAS RECORDED TODAY.
  NO SIGNIFICANT WEATHER WAS OBSERVED.


RELATIVE HUMIDITY (PERCENT)
 HIGHEST    89           500 AM
 LOWEST     41          1000 AM
 AVERAGE    65

..........................................................


THE ROCHESTER MN CLIMATE NORMALS FOR TOMORROW
                         NORMAL    RECORD    YEAR
 MAXIMUM TEMPERATURE (F)   82       104      1911
 MINIMUM TEMPERATURE (F)   61        42      1967


SUNRISE AND SUNSET
JULY  4 2014..........SUNRISE   533 AM CDT   SUNSET   856 PM CDT
JULY  5 2014..........SUNRISE   534 AM CDT   SUNSET   855 PM CDT


-  INDICATES NEGATIVE NUMBERS.
R  INDICATES RECORD WAS SET OR TIED.
MM INDICATES DATA IS MISSING.
T  INDICATES TRACE AMOUNT.




$$
