000
CDUS43 KARX 290633
CLIRST


CLIMATE REPORT
NATIONAL WEATHER SERVICE LA CROSSE WI
1233 AM CST THU DEC 29 2016


...................................

...THE ROCHESTER MN CLIMATE SUMMARY FOR DECEMBER 28 2016...

CLIMATE NORMAL PERIOD 1981 TO 2010
CLIMATE RECORD PERIOD 1886 TO 2016


WEATHER ITEM   OBSERVED TIME   RECORD YEAR NORMAL DEPARTURE LAST
                VALUE   (LST)  VALUE       VALUE  FROM      YEAR
                                                  NORMAL
..................................................................
TEMPERATURE (F)
 YESTERDAY
  MAXIMUM         33    732 PM  51    1984  24      9       22
  MINIMUM         18   1208 AM -20    1892   9      9       13
  AVERAGE         26                        17      9       18

PRECIPITATION (IN)
  YESTERDAY        0.00          0.50 1966   0.03  -0.03     0.48
                                      1948
  MONTH TO DATE    2.07                      1.14   0.93     3.05
  SINCE DEC 1      2.07                      1.14   0.93     3.05
  SINCE JAN 1     43.55                     32.93  10.62    35.44

SNOWFALL (IN)
  YESTERDAY        0.0           8.1  2000   0.3   -0.3      6.8
  MONTH TO DATE   19.7                      11.4    8.3     11.5
  SINCE JUL 1     20.7                      18.3    2.4     14.0
  SNOW DEPTH       6

DEGREE DAYS
 HEATING
  YESTERDAY       39                        48     -9       47
  MONTH TO DATE 1312                      1259     53      941
  SINCE JUL 1   2447                      2931   -484     2291

 COOLING
  YESTERDAY        0                         0      0        0
  MONTH TO DATE    0                         0      0        0
  SINCE JAN 1    629                       585     44      507
..................................................................


WIND (MPH)
  HIGHEST WIND SPEED    28   HIGHEST WIND DIRECTION     W (270)
  HIGHEST GUST SPEED    36   HIGHEST GUST DIRECTION     W (270)
  AVERAGE WIND SPEED    17.3


SKY COVER
  POSSIBLE SUNSHINE  MM
  AVERAGE SKY COVER 0.2


WEATHER CONDITIONS
 THE FOLLOWING WEATHER WAS RECORDED YESTERDAY.
  NO SIGNIFICANT WEATHER WAS OBSERVED.


RELATIVE HUMIDITY (PERCENT)
 HIGHEST    92          1200 AM
 LOWEST     75           200 PM
 AVERAGE    84

..........................................................


THE ROCHESTER MN CLIMATE NORMALS FOR TODAY
                         NORMAL    RECORD    YEAR
 MAXIMUM TEMPERATURE (F)   24        46      1999
 MINIMUM TEMPERATURE (F)    9       -29      1887


SUNRISE AND SUNSET
DECEMBER 29 2016......SUNRISE   744 AM CST   SUNSET   441 PM CST
DECEMBER 30 2016......SUNRISE   744 AM CST   SUNSET   442 PM CST


-  INDICATES NEGATIVE NUMBERS.
R  INDICATES RECORD WAS SET OR TIED.
MM INDICATES DATA IS MISSING.
T  INDICATES TRACE AMOUNT.




$$
