000
CDUS43 KARX 010644
CLIRST


CLIMATE REPORT
NATIONAL WEATHER SERVICE LA CROSSE WI
143 AM CDT TUE APR 1 2014


...................................

...THE ROCHESTER MN CLIMATE SUMMARY FOR MARCH 31 2014...

CLIMATE NORMAL PERIOD 1981 TO 2010
CLIMATE RECORD PERIOD 1886 TO 2014


WEATHER ITEM   OBSERVED TIME   RECORD YEAR NORMAL DEPARTURE LAST
                VALUE   (LST)  VALUE       VALUE  FROM      YEAR
                                                  NORMAL
..................................................................
TEMPERATURE (F)
 YESTERDAY
  MAXIMUM         60    446 PM  78    1986  49     11       38
                                      1978
  MINIMUM         27   1159 PM  -2    1934  30     -3       25
  AVERAGE         44                        40      4       32

PRECIPITATION (IN)
  YESTERDAY        0.18          1.81 1993   0.08   0.10      T
  MONTH TO DATE    1.15                      1.88  -0.73     2.85
  SINCE MAR 1      1.15                      1.88  -0.73     2.85
  SINCE JAN 1      3.91                      3.57   0.34     4.85

SNOWFALL (IN)
  YESTERDAY        0.0           9.0  1929   0.2   -0.2      0.0
  MONTH TO DATE    6.2                       8.7   -2.5     23.5
  SINCE JUL 1     54.0                      48.6    5.4     55.3
  SNOW DEPTH       0

DEGREE DAYS
 HEATING
  YESTERDAY       21                        26     -5       33
  MONTH TO DATE 1255                      1010    245     1266
  SINCE JUL 1   7980                      6872   1108     6717

 COOLING
  YESTERDAY        0                         0      0        0
  MONTH TO DATE    0                         0      0        0
  SINCE JAN 1      0                         0      0        0
..................................................................


WIND (MPH)
  HIGHEST WIND SPEED    38   HIGHEST WIND DIRECTION    SW (220)
  HIGHEST GUST SPEED    45   HIGHEST GUST DIRECTION    SW (220)
  AVERAGE WIND SPEED    23.0


SKY COVER
  POSSIBLE SUNSHINE  MM
  AVERAGE SKY COVER 0.4


WEATHER CONDITIONS
 THE FOLLOWING WEATHER WAS RECORDED YESTERDAY.
  RAIN
  LIGHT RAIN
  FOG
  HAZE


RELATIVE HUMIDITY (PERCENT)
 HIGHEST    83           800 AM
 LOWEST     56          1200 AM
 AVERAGE    70

..........................................................


THE ROCHESTER MN CLIMATE NORMALS FOR TODAY
                         NORMAL    RECORD    YEAR
 MAXIMUM TEMPERATURE (F)   49        83      2010
 MINIMUM TEMPERATURE (F)   31        10      1975


SUNRISE AND SUNSET
APRIL  1 2014.........SUNRISE   651 AM CDT   SUNSET   737 PM CDT
APRIL  2 2014.........SUNRISE   650 AM CDT   SUNSET   738 PM CDT


-  INDICATES NEGATIVE NUMBERS.
R  INDICATES RECORD WAS SET OR TIED.
MM INDICATES DATA IS MISSING.
T  INDICATES TRACE AMOUNT.




$$
