000
CDUS43 KARX 060755
CLIRST


CLIMATE REPORT
NATIONAL WEATHER SERVICE LA CROSSE WI
255 AM CDT WED JUL 6 2016


...................................

...THE ROCHESTER MN CLIMATE SUMMARY FOR JULY 5 2016...

CLIMATE NORMAL PERIOD 1981 TO 2010
CLIMATE RECORD PERIOD 1886 TO 2016


WEATHER ITEM   OBSERVED TIME   RECORD YEAR NORMAL DEPARTURE LAST
                VALUE   (LST)  VALUE       VALUE  FROM      YEAR
                                                  NORMAL
..................................................................
TEMPERATURE (F)
 YESTERDAY
  MAXIMUM         85    318 PM 104    1911  82      3       84
  MINIMUM         61    436 AM  42    1967  61      0       59
  AVERAGE         73                        72      1       72

PRECIPITATION (IN)
  YESTERDAY        0.70          6.22 1978   0.15   0.55     0.00
  MONTH TO DATE    0.70                      0.72  -0.02      T
  SINCE JUN 1      5.94                      5.40   0.54     4.46
  SINCE JAN 1     17.63                     15.84   1.79    17.07

SNOWFALL (IN)
  YESTERDAY        0.0           0.0  2012   0.0    0.0      0.0
  MONTH TO DATE    0.0                       0.0    0.0      0.0
  SINCE JUL 1      0.0                       0.0    0.0      0.0
  SNOW DEPTH       0

DEGREE DAYS
 HEATING
  YESTERDAY        0                         0      0        0
  MONTH TO DATE    4                         0      4        9
  SINCE JUL 1      4                         0      4        9

 COOLING
  YESTERDAY        8                         7      1        7
  MONTH TO DATE    8                        35    -27       12
  SINCE JAN 1    197                       199     -2      125
..................................................................


WIND (MPH)
  HIGHEST WIND SPEED    43   HIGHEST WIND DIRECTION     N (350)
  HIGHEST GUST SPEED    57   HIGHEST GUST DIRECTION     N (340)
  AVERAGE WIND SPEED    11.5


SKY COVER
  POSSIBLE SUNSHINE  MM
  AVERAGE SKY COVER 0.3


WEATHER CONDITIONS
 THE FOLLOWING WEATHER WAS RECORDED YESTERDAY.
  THUNDERSTORM
  HEAVY RAIN
  RAIN
  LIGHT RAIN
  FOG


RELATIVE HUMIDITY (PERCENT)
 HIGHEST   100           100 AM
 LOWEST     65           200 PM
 AVERAGE    83

..........................................................


THE ROCHESTER MN CLIMATE NORMALS FOR TODAY
                         NORMAL    RECORD    YEAR
 MAXIMUM TEMPERATURE (F)   82       105      1936
 MINIMUM TEMPERATURE (F)   61        46      1972
                                             1958
                                             1950


SUNRISE AND SUNSET
JULY  6 2016..........SUNRISE   535 AM CDT   SUNSET   855 PM CDT
JULY  7 2016..........SUNRISE   535 AM CDT   SUNSET   854 PM CDT


-  INDICATES NEGATIVE NUMBERS.
R  INDICATES RECORD WAS SET OR TIED.
MM INDICATES DATA IS MISSING.
T  INDICATES TRACE AMOUNT.




$$
