000
CDUS43 KARX 270748
CLIRST


CLIMATE REPORT
NATIONAL WEATHER SERVICE LA CROSSE WI
146 AM CST WED DEC 27 2017


...................................

...THE ROCHESTER MN CLIMATE SUMMARY FOR DECEMBER 26 2017...

CLIMATE NORMAL PERIOD 1981 TO 2010
CLIMATE RECORD PERIOD 1886 TO 2017


WEATHER ITEM   OBSERVED TIME   RECORD YEAR NORMAL DEPARTURE LAST
                VALUE   (LST)  VALUE       VALUE  FROM      YEAR
                                                  NORMAL
..................................................................
TEMPERATURE (F)
 YESTERDAY
  MAXIMUM         -3    305 PM  54    1936  25    -28       39
  MINIMUM        -13    810 AM -26    1950   9    -22       17
                                      1914
  AVERAGE         -8                        17    -25       28

PRECIPITATION (IN)
  YESTERDAY        0.00          0.77 1936   0.03  -0.03      T
  MONTH TO DATE    0.40                      1.08  -0.68     2.07
  SINCE DEC 1      0.40                      1.08  -0.68     2.07
  SINCE JAN 1     32.58                     32.87  -0.29    43.55

SNOWFALL (IN)
  YESTERDAY        0.0           4.3  1941   0.3   -0.3       T
  MONTH TO DATE    4.7                      10.7   -6.0     19.7
  SINCE JUL 1      8.0                      17.6   -9.6     20.7
  SNOW DEPTH       2

DEGREE DAYS
 HEATING
  YESTERDAY       73                        48     25       37
  MONTH TO DATE 1109                      1163    -54     1225
  SINCE JUL 1   2687                      2835   -148     2360

 COOLING
  YESTERDAY        0                         0      0        0
  MONTH TO DATE    0                         0      0        0
  SINCE JAN 1    494                       585    -91      629
..................................................................


WIND (MPH)
  HIGHEST WIND SPEED    15   HIGHEST WIND DIRECTION     W (270)
  HIGHEST GUST SPEED    20   HIGHEST GUST DIRECTION     W (260)
  AVERAGE WIND SPEED    10.4


SKY COVER
  POSSIBLE SUNSHINE  MM
  AVERAGE SKY COVER 0.0


WEATHER CONDITIONS
 THE FOLLOWING WEATHER WAS RECORDED YESTERDAY.
  NO SIGNIFICANT WEATHER WAS OBSERVED.


RELATIVE HUMIDITY (PERCENT)
 HIGHEST    92           800 PM
 LOWEST     65           300 PM
 AVERAGE    79

..........................................................


THE ROCHESTER MN CLIMATE NORMALS FOR TODAY
                         NORMAL    RECORD    YEAR
 MAXIMUM TEMPERATURE (F)   24        51      1936
 MINIMUM TEMPERATURE (F)    9       -31      1950


SUNRISE AND SUNSET
DECEMBER 27 2017......SUNRISE   744 AM CST   SUNSET   439 PM CST
DECEMBER 28 2017......SUNRISE   744 AM CST   SUNSET   440 PM CST


-  INDICATES NEGATIVE NUMBERS.
R  INDICATES RECORD WAS SET OR TIED.
MM INDICATES DATA IS MISSING.
T  INDICATES TRACE AMOUNT.




$$
