000
CDUS43 KARX 170643
CLIRST


CLIMATE REPORT
NATIONAL WEATHER SERVICE LA CROSSE WI
142 AM CDT MON AUG 17 2015


...................................

...THE ROCHESTER MN CLIMATE SUMMARY FOR AUGUST 16 2015...

CLIMATE NORMAL PERIOD 1981 TO 2010
CLIMATE RECORD PERIOD 1886 TO 2015


WEATHER ITEM   OBSERVED TIME   RECORD YEAR NORMAL DEPARTURE LAST
                VALUE   (LST)  VALUE       VALUE  FROM      YEAR
                                                  NORMAL
..................................................................
TEMPERATURE (F)
 YESTERDAY
  MAXIMUM         82    220 PM  99    1988  79      3       82
                                      1913
  MINIMUM         66    208 AM  39    1933  60      6       61
  AVERAGE         74                        69      5       72

PRECIPITATION (IN)
  YESTERDAY        0.33          2.11 1946   0.15   0.18     0.00
  MONTH TO DATE    0.39                      2.34  -1.95     0.26
  SINCE JUN 1      9.79                     11.57  -1.78     9.76
  SINCE JAN 1     22.40                     22.01   0.39    21.09

SNOWFALL (IN)
  YESTERDAY        0.0           0.0  2012   0.0    0.0      0.0
  MONTH TO DATE    0.0                       0.0    0.0      0.0
  SINCE JUL 1      0.0                       0.0    0.0      0.0
  SNOW DEPTH       0

DEGREE DAYS
 HEATING
  YESTERDAY        0                         1     -1        0
  MONTH TO DATE    2                        13    -11        0
  SINCE JUL 1     19                        24     -5       22

 COOLING
  YESTERDAY        9                         5      4        7
  MONTH TO DATE   81                        90     -9       69
  SINCE JAN 1    358                       461   -103      349
..................................................................


WIND (MPH)
  HIGHEST WIND SPEED    23   HIGHEST WIND DIRECTION    SW (230)
  HIGHEST GUST SPEED    27   HIGHEST GUST DIRECTION    SW (210)
  AVERAGE WIND SPEED     9.2


SKY COVER
  POSSIBLE SUNSHINE  MM
  AVERAGE SKY COVER 0.4


WEATHER CONDITIONS
 THE FOLLOWING WEATHER WAS RECORDED YESTERDAY.
  THUNDERSTORM
  HEAVY RAIN
  RAIN
  LIGHT RAIN
  FOG


RELATIVE HUMIDITY (PERCENT)
 HIGHEST    93          1200 AM
 LOWEST     69           100 PM
 AVERAGE    81

..........................................................


THE ROCHESTER MN CLIMATE NORMALS FOR TODAY
                         NORMAL    RECORD    YEAR
 MAXIMUM TEMPERATURE (F)   79        99      1955
 MINIMUM TEMPERATURE (F)   60        45      1962


SUNRISE AND SUNSET
AUGUST 17 2015........SUNRISE   616 AM CDT   SUNSET   811 PM CDT
AUGUST 18 2015........SUNRISE   617 AM CDT   SUNSET   810 PM CDT


-  INDICATES NEGATIVE NUMBERS.
R  INDICATES RECORD WAS SET OR TIED.
MM INDICATES DATA IS MISSING.
T  INDICATES TRACE AMOUNT.




$$
