000
CDUS43 KARX 300643
CLIRST


CLIMATE REPORT
NATIONAL WEATHER SERVICE LA CROSSE WI
141 AM CDT FRI SEP 30 2016

...THE ROCHESTER MN CLIMATE SUMMARY FOR SEPTEMBER 29 2016...

CLIMATE NORMAL PERIOD 1981 TO 2010
CLIMATE RECORD PERIOD 1886 TO 2016

WEATHER ITEM   OBSERVED TIME   RECORD YEAR NORMAL DEPARTURE LAST
                VALUE   (LST)  VALUE       VALUE  FROM      YEAR
                                                  NORMAL
..................................................................
TEMPERATURE (F)
 YESTERDAY
  MAXIMUM         70    236 PM  86    1953  66      4       63
  MINIMUM         48    449 AM  23    1967  44      4       43
  AVERAGE         59                        55      4       53

PRECIPITATION (IN)
  YESTERDAY        0.00          1.23 1973   0.10  -0.10     0.00
  MONTH TO DATE    9.10                      3.35   5.75     2.88
  SINCE SEP 1      9.10                      3.35   5.75     2.88
  SINCE JAN 1     37.37                     27.54   9.83    28.05

SNOWFALL (IN)
  YESTERDAY        0.0           0.0  2012   0.0    0.0      0.0
  MONTH TO DATE    0.0                       0.0    0.0      0.0
  SINCE JUL 1      0.0                       0.0    0.0      0.0
  SNOW DEPTH       0

DEGREE DAYS
 HEATING
  YESTERDAY        6                        11     -5       12
  MONTH TO DATE   60                       166   -106       67
  SINCE JUL 1     71                       204   -133      126

 COOLING
  YESTERDAY        0                         1     -1        0
  MONTH TO DATE   55                        54      1      127
  SINCE JAN 1    628                       579     49      502
..................................................................

WIND (MPH)
  HIGHEST WIND SPEED    14   HIGHEST WIND DIRECTION     N (20)
  HIGHEST GUST SPEED    17   HIGHEST GUST DIRECTION     N (10)
  AVERAGE WIND SPEED     8.1

SKY COVER
  POSSIBLE SUNSHINE  MM
  AVERAGE SKY COVER 0.4

WEATHER CONDITIONS
 THE FOLLOWING WEATHER WAS RECORDED YESTERDAY.
  FOG
  FOG W/VISIBILITY <= 1/4 MILE

RELATIVE HUMIDITY (PERCENT)
 HIGHEST   100           300 AM
 LOWEST     53           300 PM
 AVERAGE    77
..........................................................

THE ROCHESTER MN CLIMATE NORMALS FOR TODAY
                         NORMAL    RECORD    YEAR
 MAXIMUM TEMPERATURE (F)   66        86      2002
                                             1952
 MINIMUM TEMPERATURE (F)   44        24      1939

SUNRISE AND SUNSET
SEPTEMBER 30 2016.....SUNRISE   707 AM CDT   SUNSET   652 PM CDT
OCTOBER  1 2016.......SUNRISE   708 AM CDT   SUNSET   650 PM CDT

-  INDICATES NEGATIVE NUMBERS.
R  INDICATES RECORD WAS SET OR TIED.
MM INDICATES DATA IS MISSING.
T  INDICATES TRACE AMOUNT.

$$

BOYNE
