000
CDUS43 KARX 230633
CLIRST


CLIMATE REPORT
NATIONAL WEATHER SERVICE LA CROSSE WI
133 AM CDT SUN APR 23 2017


...................................

...THE ROCHESTER MN CLIMATE SUMMARY FOR APRIL 22 2017...

CLIMATE NORMAL PERIOD 1981 TO 2010
CLIMATE RECORD PERIOD 1886 TO 2017


WEATHER ITEM   OBSERVED TIME   RECORD YEAR NORMAL DEPARTURE LAST
                VALUE   (LST)  VALUE       VALUE  FROM      YEAR
                                                  NORMAL
..................................................................
TEMPERATURE (F)
 YESTERDAY
  MAXIMUM         65    531 PM  91    1980  60      5       59
  MINIMUM         39    500 AM  20    1936  39      0       42
  AVERAGE         52                        50      2       51

PRECIPITATION (IN)
  YESTERDAY        0.00          1.50 1999   0.12  -0.12     0.00
  MONTH TO DATE    3.49                      2.26   1.23     0.55
  SINCE MAR 1      6.36                      4.14   2.22     4.53
  SINCE JAN 1     10.14                      5.83   4.31     5.93

SNOWFALL (IN)
  YESTERDAY        0.0           2.2  1963   0.1   -0.1      0.0
  MONTH TO DATE    T                         2.8   -2.8      0.5
  SINCE JUL 1     52.7                      51.4    1.3     47.9
  SNOW DEPTH       0

DEGREE DAYS
 HEATING
  YESTERDAY       13                        15     -2       14
  MONTH TO DATE  355                       444    -89      410
  SINCE JUL 1   6436                      7316   -880     6425

 COOLING
  YESTERDAY        0                         0      0        0
  MONTH TO DATE    0                         0      0        1
  SINCE JAN 1      0                         0      0        1
..................................................................


WIND (MPH)
  HIGHEST WIND SPEED    12   HIGHEST WIND DIRECTION    NW (320)
  HIGHEST GUST SPEED    15   HIGHEST GUST DIRECTION    NW (310)
  AVERAGE WIND SPEED     5.2


SKY COVER
  POSSIBLE SUNSHINE  MM
  AVERAGE SKY COVER 0.0


WEATHER CONDITIONS
 THE FOLLOWING WEATHER WAS RECORDED YESTERDAY.
  NO SIGNIFICANT WEATHER WAS OBSERVED.


RELATIVE HUMIDITY (PERCENT)
 HIGHEST    71          1100 PM
 LOWEST     28           500 PM
 AVERAGE    50

..........................................................


THE ROCHESTER MN CLIMATE NORMALS FOR TODAY
                         NORMAL    RECORD    YEAR
 MAXIMUM TEMPERATURE (F)   61        84      1960
 MINIMUM TEMPERATURE (F)   39        20      1956
                                             1930
                                             1910


SUNRISE AND SUNSET
APRIL 23 2017.........SUNRISE   613 AM CDT   SUNSET   804 PM CDT
APRIL 24 2017.........SUNRISE   612 AM CDT   SUNSET   805 PM CDT


-  INDICATES NEGATIVE NUMBERS.
R  INDICATES RECORD WAS SET OR TIED.
MM INDICATES DATA IS MISSING.
T  INDICATES TRACE AMOUNT.




$$
