000
CDUS43 KARX 250641
CLIRST


CLIMATE REPORT
NATIONAL WEATHER SERVICE LA CROSSE WI
140 AM CDT MON JUL 25 2016


...................................

...THE ROCHESTER MN CLIMATE SUMMARY FOR JULY 24 2016...

CLIMATE NORMAL PERIOD 1981 TO 2010
CLIMATE RECORD PERIOD 1886 TO 2016


WEATHER ITEM   OBSERVED TIME   RECORD YEAR NORMAL DEPARTURE LAST
                VALUE   (LST)  VALUE       VALUE  FROM      YEAR
                                                  NORMAL
..................................................................
TEMPERATURE (F)
 YESTERDAY
  MAXIMUM         83    119 PM  99    1941  81      2       83
                                      1934
  MINIMUM         65   1159 PM  45    1887  61      4       64
  AVERAGE         74                        71      3       74

PRECIPITATION (IN)
  YESTERDAY        0.00          1.85 1985   0.15  -0.15     0.34
  MONTH TO DATE    5.41                      3.56   1.85     3.11
  SINCE JUN 1     10.65                      8.24   2.41     7.57
  SINCE JAN 1     22.34                     18.68   3.66    20.18

SNOWFALL (IN)
  YESTERDAY        0.0           0.0  2012   0.0    0.0      0.0
  MONTH TO DATE    0.0                       0.0    0.0      0.0
  SINCE JUL 1      0.0                       0.0    0.0      0.0
  SNOW DEPTH       0

DEGREE DAYS
 HEATING
  YESTERDAY        0                         0      0        0
  MONTH TO DATE    4                         0      4       17
  SINCE JUL 1      4                         0      4       17

 COOLING
  YESTERDAY        9                         6      3        9
  MONTH TO DATE  164                       167     -3      112
  SINCE JAN 1    353                       331     22      225
..................................................................


WIND (MPH)
  HIGHEST WIND SPEED    21   HIGHEST WIND DIRECTION     W (280)
  HIGHEST GUST SPEED    27   HIGHEST GUST DIRECTION     W (290)
  AVERAGE WIND SPEED     9.5


SKY COVER
  POSSIBLE SUNSHINE  MM
  AVERAGE SKY COVER 0.3


WEATHER CONDITIONS
 THE FOLLOWING WEATHER WAS RECORDED YESTERDAY.
  FOG


RELATIVE HUMIDITY (PERCENT)
 HIGHEST   100           100 AM
 LOWEST     55           100 PM
 AVERAGE    78

..........................................................


THE ROCHESTER MN CLIMATE NORMALS FOR TODAY
                         NORMAL    RECORD    YEAR
 MAXIMUM TEMPERATURE (F)   81        97      1931
 MINIMUM TEMPERATURE (F)   61        48      1920


SUNRISE AND SUNSET
JULY 25 2016..........SUNRISE   552 AM CDT   SUNSET   841 PM CDT
JULY 26 2016..........SUNRISE   553 AM CDT   SUNSET   840 PM CDT


-  INDICATES NEGATIVE NUMBERS.
R  INDICATES RECORD WAS SET OR TIED.
MM INDICATES DATA IS MISSING.
T  INDICATES TRACE AMOUNT.




$$
