000
CDUS43 KARX 112128
CLIRST


CLIMATE REPORT
NATIONAL WEATHER SERVICE LA CROSSE WI
426 PM CDT MON APR 11 2016


...................................

...THE ROCHESTER MN CLIMATE SUMMARY FOR APRIL 11 2016...
VALID TODAY AS OF 0400 PM LOCAL TIME.

CLIMATE NORMAL PERIOD 1981 TO 2010
CLIMATE RECORD PERIOD 1886 TO 2016


WEATHER ITEM   OBSERVED TIME   RECORD YEAR NORMAL DEPARTURE LAST
                VALUE   (LST)  VALUE       VALUE  FROM      YEAR
                                                  NORMAL
..................................................................
TEMPERATURE (F)
 TODAY
  MAXIMUM         44    205 PM  82    1977  55    -11       63
  MINIMUM         28    610 AM  12    1973  35     -7       35
  AVERAGE         36                        45     -9       49

PRECIPITATION (IN)
  TODAY            0.00          3.75 2001   0.10  -0.10     0.00
  MONTH TO DATE    0.17                      1.02  -0.85     3.11
  SINCE MAR 1      4.15                      2.90   1.25     4.18
  SINCE JAN 1      5.55                      4.59   0.96     5.54

SNOWFALL (IN)
  TODAY            0.0           5.7  2007   0.2   -0.2      0.0
  MONTH TO DATE    0.5                       1.6   -1.1      1.5
  SINCE JUL 1     47.9                      50.2   -2.3     50.4
  SNOW DEPTH       0

DEGREE DAYS
 HEATING
  TODAY           29                        20      9       16
  MONTH TO DATE  318                       250     68      234
  SINCE JUL 1   6333                      7122   -789     7532

 COOLING
  TODAY            0                         0      0        0
  MONTH TO DATE    0                         0      0        0
  SINCE JAN 1      0                         0      0        0
..................................................................


WIND (MPH)
  HIGHEST WIND SPEED    32   HIGHEST WIND DIRECTION    NW (310)
  HIGHEST GUST SPEED    39   HIGHEST GUST DIRECTION    NW (310)
  AVERAGE WIND SPEED    20.5


SKY COVER
  POSSIBLE SUNSHINE  MM
  AVERAGE SKY COVER 0.2


WEATHER CONDITIONS
 THE FOLLOWING WEATHER WAS RECORDED TODAY.
  NO SIGNIFICANT WEATHER WAS OBSERVED.


RELATIVE HUMIDITY (PERCENT)
 HIGHEST    69           400 AM
 LOWEST     36           100 PM
 AVERAGE    53

..........................................................


THE ROCHESTER MN CLIMATE NORMALS FOR TOMORROW
                         NORMAL    RECORD    YEAR
 MAXIMUM TEMPERATURE (F)   56        81      1931
 MINIMUM TEMPERATURE (F)   35        14      1940
                                             1939


SUNRISE AND SUNSET
APRIL 11 2016.........SUNRISE   633 AM CDT   SUNSET   750 PM CDT
APRIL 12 2016.........SUNRISE   631 AM CDT   SUNSET   751 PM CDT


-  INDICATES NEGATIVE NUMBERS.
R  INDICATES RECORD WAS SET OR TIED.
MM INDICATES DATA IS MISSING.
T  INDICATES TRACE AMOUNT.




$$
