000
CDUS43 KARX 100655
CLIRST


CLIMATE REPORT
NATIONAL WEATHER SERVICE LA CROSSE WI
1254 AM CST MON NOV 10 2014


...................................

...THE ROCHESTER MN CLIMATE SUMMARY FOR NOVEMBER 9 2014...

CLIMATE NORMAL PERIOD 1981 TO 2010
CLIMATE RECORD PERIOD 1886 TO 2014


WEATHER ITEM   OBSERVED TIME   RECORD YEAR NORMAL DEPARTURE LAST
                VALUE   (LST)  VALUE       VALUE  FROM      YEAR
                                                  NORMAL
..................................................................
TEMPERATURE (F)
 YESTERDAY
  MAXIMUM         44   1248 PM  71    1999  46     -2       46
  MINIMUM         32   1159 PM   7    1892  30      2       31
  AVERAGE         38                        38      0       39

PRECIPITATION (IN)
  YESTERDAY        0.02          2.05 1975   0.06  -0.04     0.00
  MONTH TO DATE    0.11                      0.59  -0.48     1.30
  SINCE SEP 1      6.02                      6.28  -0.26     5.50
  SINCE JAN 1     31.44                     30.47   0.97    40.20

SNOWFALL (IN)
  YESTERDAY        T             3.7  1985   0.1   -0.1      0.0
  MONTH TO DATE    T                         1.0   -1.0       T
  SINCE JUL 1      T                         1.8   -1.8       T
  SNOW DEPTH       0

DEGREE DAYS
 HEATING
  YESTERDAY       27                        27      0       26
  MONTH TO DATE  233                       227      6      241
  SINCE JUL 1    978                       963     15      924

 COOLING
  YESTERDAY        0                         0      0        0
  MONTH TO DATE    0                         0      0        0
  SINCE JAN 1    491                       585    -94      656
..................................................................


WIND (MPH)
  HIGHEST WIND SPEED    16   HIGHEST WIND DIRECTION    NW (330)
  HIGHEST GUST SPEED    18   HIGHEST GUST DIRECTION    SW (220)
  AVERAGE WIND SPEED     8.8


SKY COVER
  POSSIBLE SUNSHINE  MM
  AVERAGE SKY COVER 0.8


WEATHER CONDITIONS
 THE FOLLOWING WEATHER WAS RECORDED YESTERDAY.
  LIGHT RAIN
  LIGHT SNOW
  FOG


RELATIVE HUMIDITY (PERCENT)
 HIGHEST    85           500 PM
 LOWEST     52           900 PM
 AVERAGE    69

..........................................................


THE ROCHESTER MN CLIMATE NORMALS FOR TODAY
                         NORMAL    RECORD    YEAR
 MAXIMUM TEMPERATURE (F)   45        75      2012
 MINIMUM TEMPERATURE (F)   29         1      1986


SUNRISE AND SUNSET
NOVEMBER 10 2014......SUNRISE   658 AM CST   SUNSET   449 PM CST
NOVEMBER 11 2014......SUNRISE   700 AM CST   SUNSET   448 PM CST


-  INDICATES NEGATIVE NUMBERS.
R  INDICATES RECORD WAS SET OR TIED.
MM INDICATES DATA IS MISSING.
T  INDICATES TRACE AMOUNT.




$$
