000
CDUS43 KARX 152229
CLIRST


CLIMATE REPORT
NATIONAL WEATHER SERVICE LA CROSSE WI
427 PM CST FRI DEC 15 2017


...................................

...THE ROCHESTER MN CLIMATE SUMMARY FOR DECEMBER 15 2017...
VALID TODAY AS OF 0400 PM LOCAL TIME.

CLIMATE NORMAL PERIOD 1981 TO 2010
CLIMATE RECORD PERIOD 1886 TO 2017


WEATHER ITEM   OBSERVED TIME   RECORD YEAR NORMAL DEPARTURE LAST
                VALUE   (LST)  VALUE       VALUE  FROM      YEAR
                                                  NORMAL
..................................................................
TEMPERATURE (F)
 TODAY
  MAXIMUM         31    355 PM  52    1910  27      4        4
  MINIMUM         22    643 AM -30    1919  12     10      -12
  AVERAGE         27                        19      8       -4

PRECIPITATION (IN)
  TODAY            0.03          1.12 1940   0.04  -0.01     0.04
  MONTH TO DATE    0.28                      0.69  -0.41     0.95
  SINCE DEC 1      0.28                      0.69  -0.41     0.95
  SINCE JAN 1     32.46                     32.48  -0.02    42.43

SNOWFALL (IN)
  TODAY            0.3           4.2  1940   0.5   -0.2      0.1
  MONTH TO DATE    2.3                       6.4   -4.1     11.7
  SINCE JUL 1      5.6                      13.3   -7.7     12.7
  SNOW DEPTH       T

DEGREE DAYS
 HEATING
  TODAY           38                        46     -8       69
  MONTH TO DATE  584                       645    -61      717
  SINCE JUL 1   2162                      2317   -155     1852

 COOLING
  TODAY            0                         0      0        0
  MONTH TO DATE    0                         0      0        0
  SINCE JAN 1    494                       585    -91      629
..................................................................


WIND (MPH)
  HIGHEST WIND SPEED    18   HIGHEST WIND DIRECTION     W (290)
  HIGHEST GUST SPEED    24   HIGHEST GUST DIRECTION     W (290)
  AVERAGE WIND SPEED     9.5


SKY COVER
  POSSIBLE SUNSHINE  MM
  AVERAGE SKY COVER 1.0


WEATHER CONDITIONS
 THE FOLLOWING WEATHER WAS RECORDED TODAY.
  LIGHT SNOW
  FOG


RELATIVE HUMIDITY (PERCENT)
 HIGHEST   100           900 AM
 LOWEST     84          1200 AM
 AVERAGE    92

..........................................................


THE ROCHESTER MN CLIMATE NORMALS FOR TOMORROW
                         NORMAL    RECORD    YEAR
 MAXIMUM TEMPERATURE (F)   27        52      1959
                                             1939
                                             1913
 MINIMUM TEMPERATURE (F)   12       -26      1932


SUNRISE AND SUNSET
DECEMBER 15 2017......SUNRISE   738 AM CST   SUNSET   433 PM CST
DECEMBER 16 2017......SUNRISE   738 AM CST   SUNSET   433 PM CST


-  INDICATES NEGATIVE NUMBERS.
R  INDICATES RECORD WAS SET OR TIED.
MM INDICATES DATA IS MISSING.
T  INDICATES TRACE AMOUNT.




$$
