000
CDUS43 KARX 160635
CLIRST


CLIMATE REPORT
NATIONAL WEATHER SERVICE LA CROSSE WI
1235 AM CST MON JAN 16 2017


...................................

...THE ROCHESTER MN CLIMATE SUMMARY FOR JANUARY 15 2017...

CLIMATE NORMAL PERIOD 1981 TO 2010
CLIMATE RECORD PERIOD 1886 TO 2017


WEATHER ITEM   OBSERVED TIME   RECORD YEAR NORMAL DEPARTURE LAST
                VALUE   (LST)  VALUE       VALUE  FROM      YEAR
                                                  NORMAL
..................................................................
TEMPERATURE (F)
 YESTERDAY
  MAXIMUM         24    415 PM  50    1914  23      1       23
  MINIMUM          0    743 AM -36    1888   7     -7       12
  AVERAGE         12                        15     -3       18

PRECIPITATION (IN)
  YESTERDAY        0.00          0.77 1953   0.02  -0.02      T
  MONTH TO DATE    0.53                      0.41   0.12     0.46
  SINCE DEC 1      2.60                      1.64   0.96     3.67
  SINCE JAN 1      0.53                      0.41   0.12     0.46

SNOWFALL (IN)
  YESTERDAY        0.0           2.6  1976   0.4   -0.4       T
  MONTH TO DATE    3.7                       5.4   -1.7      3.4
  SINCE JUL 1     24.4                      24.8   -0.4     19.1
  SNOW DEPTH       5

DEGREE DAYS
 HEATING
  YESTERDAY       53                        50      3       47
  MONTH TO DATE  832                       741     91      758
  SINCE JUL 1   3403                      3819   -416     3189

 COOLING
  YESTERDAY        0                         0      0        0
  MONTH TO DATE    0                         0      0        0
  SINCE JAN 1      0                         0      0        0
..................................................................


WIND (MPH)
  HIGHEST WIND SPEED    16   HIGHEST WIND DIRECTION     S (190)
  HIGHEST GUST SPEED    17   HIGHEST GUST DIRECTION     S (190)
  AVERAGE WIND SPEED     7.4


SKY COVER
  POSSIBLE SUNSHINE  MM
  AVERAGE SKY COVER 0.0


WEATHER CONDITIONS
 THE FOLLOWING WEATHER WAS RECORDED YESTERDAY.
  FOG
  HAZE


RELATIVE HUMIDITY (PERCENT)
 HIGHEST   100           400 AM
 LOWEST     74           400 PM
 AVERAGE    87

..........................................................


THE ROCHESTER MN CLIMATE NORMALS FOR TODAY
                         NORMAL    RECORD    YEAR
 MAXIMUM TEMPERATURE (F)   23        48      1914
 MINIMUM TEMPERATURE (F)    7       -29      1977


SUNRISE AND SUNSET
JANUARY 16 2017.......SUNRISE   740 AM CST   SUNSET   500 PM CST
JANUARY 17 2017.......SUNRISE   740 AM CST   SUNSET   501 PM CST


-  INDICATES NEGATIVE NUMBERS.
R  INDICATES RECORD WAS SET OR TIED.
MM INDICATES DATA IS MISSING.
T  INDICATES TRACE AMOUNT.




$$
