000
CDUS43 KARX 240642
CLIRST


CLIMATE REPORT
NATIONAL WEATHER SERVICE LA CROSSE WI
1241 AM CST MON NOV 24 2014


...................................

...THE ROCHESTER MN CLIMATE SUMMARY FOR NOVEMBER 23 2014...

CLIMATE NORMAL PERIOD 1981 TO 2010
CLIMATE RECORD PERIOD 1886 TO 2014


WEATHER ITEM   OBSERVED TIME   RECORD YEAR NORMAL DEPARTURE LAST
                VALUE   (LST)  VALUE       VALUE  FROM      YEAR
                                                  NORMAL
..................................................................
TEMPERATURE (F)
 YESTERDAY
  MAXIMUM         50   1212 PM  57    2006  37     13       17
                                      1931
  MINIMUM         33   1159 PM -11    1893  22     11        3
  AVERAGE         42                        29     13       10

PRECIPITATION (IN)
  YESTERDAY        0.13          0.83 1931   0.06   0.07     0.00
  MONTH TO DATE    0.61                      1.50  -0.89     1.76
  SINCE SEP 1      6.52                      7.19  -0.67     5.96
  SINCE JAN 1     32.71                     31.38   1.33    40.66

SNOWFALL (IN)
  YESTERDAY        0.0           7.8  1991   0.2   -0.2      0.0
  MONTH TO DATE    4.8                       3.9    0.9      1.3
  SINCE JUL 1      4.8                       4.7    0.1      1.3
  SNOW DEPTH       0

DEGREE DAYS
 HEATING
  YESTERDAY       23                        36    -13       55
  MONTH TO DATE  877                       672    205      717
  SINCE JUL 1   1622                      1408    214     1400

 COOLING
  YESTERDAY        0                         0      0        0
  MONTH TO DATE    0                         0      0        0
  SINCE JAN 1    491                       585    -94      656
..................................................................


WIND (MPH)
  HIGHEST WIND SPEED    28   HIGHEST WIND DIRECTION    NW (320)
  HIGHEST GUST SPEED    33   HIGHEST GUST DIRECTION    NW (320)
  AVERAGE WIND SPEED    15.3


SKY COVER
  POSSIBLE SUNSHINE  MM
  AVERAGE SKY COVER 1.0


WEATHER CONDITIONS
 THE FOLLOWING WEATHER WAS RECORDED YESTERDAY.
  LIGHT RAIN
  FOG
  FOG W/VISIBILITY <= 1/4 MILE


RELATIVE HUMIDITY (PERCENT)
 HIGHEST   100          1200 AM
 LOWEST     92           800 PM
 AVERAGE    96

..........................................................


THE ROCHESTER MN CLIMATE NORMALS FOR TODAY
                         NORMAL    RECORD    YEAR
 MAXIMUM TEMPERATURE (F)   36        60      2011
 MINIMUM TEMPERATURE (F)   21       -11      1893


SUNRISE AND SUNSET
NOVEMBER 24 2014......SUNRISE   716 AM CST   SUNSET   437 PM CST
NOVEMBER 25 2014......SUNRISE   717 AM CST   SUNSET   436 PM CST


-  INDICATES NEGATIVE NUMBERS.
R  INDICATES RECORD WAS SET OR TIED.
MM INDICATES DATA IS MISSING.
T  INDICATES TRACE AMOUNT.




$$
