000
CDUS43 KARX 190638
CLIRST


CLIMATE REPORT
NATIONAL WEATHER SERVICE LA CROSSE WI
138 AM CDT TUE SEP 19 2017


...................................

...THE ROCHESTER MN CLIMATE SUMMARY FOR SEPTEMBER 18 2017...

CLIMATE NORMAL PERIOD 1981 TO 2010
CLIMATE RECORD PERIOD 1886 TO 2017


WEATHER ITEM   OBSERVED TIME   RECORD YEAR NORMAL DEPARTURE LAST
                VALUE   (LST)  VALUE       VALUE  FROM      YEAR
                                                  NORMAL
..................................................................
TEMPERATURE (F)
 YESTERDAY
  MAXIMUM         59    454 PM  93    1955  71    -12       83
  MINIMUM         51    528 AM  26    1929  49      2       52
  AVERAGE         55                        60     -5       68

PRECIPITATION (IN)
  YESTERDAY        0.41          1.26 2003   0.12   0.29     0.00
  MONTH TO DATE    1.47                      2.14  -0.67     4.65
  SINCE SEP 1      1.47                      2.14  -0.67     4.65
  SINCE JAN 1     25.97                     26.33  -0.36    32.92

SNOWFALL (IN)
  YESTERDAY        0.0           0.0  2012   0.0    0.0      0.0
  MONTH TO DATE    0.0                       0.0    0.0      0.0
  SINCE JUL 1      0.0                       0.0    0.0      0.0
  SNOW DEPTH       0

DEGREE DAYS
 HEATING
  YESTERDAY       10                         6      4        0
  MONTH TO DATE   67                        71     -4       23
  SINCE JUL 1    108                       109     -1       34

 COOLING
  YESTERDAY        0                         1     -1        3
  MONTH TO DATE   35                        43     -8       41
  SINCE JAN 1    437                       568   -131      614
..................................................................


WIND (MPH)
  HIGHEST WIND SPEED    15   HIGHEST WIND DIRECTION    SE (140)
  HIGHEST GUST SPEED    18   HIGHEST GUST DIRECTION     E (110)
  AVERAGE WIND SPEED     7.8


SKY COVER
  POSSIBLE SUNSHINE  MM
  AVERAGE SKY COVER 0.9


WEATHER CONDITIONS
 THE FOLLOWING WEATHER WAS RECORDED YESTERDAY.
  HEAVY RAIN
  RAIN
  LIGHT RAIN
  FOG


RELATIVE HUMIDITY (PERCENT)
 HIGHEST    96           300 AM
 LOWEST     83           700 AM
 AVERAGE    90

..........................................................


THE ROCHESTER MN CLIMATE NORMALS FOR TODAY
                         NORMAL    RECORD    YEAR
 MAXIMUM TEMPERATURE (F)   70        92      1908
 MINIMUM TEMPERATURE (F)   49        30      1991
                                             1929


SUNRISE AND SUNSET
SEPTEMBER 19 2017.....SUNRISE   654 AM CDT   SUNSET   712 PM CDT
SEPTEMBER 20 2017.....SUNRISE   655 AM CDT   SUNSET   711 PM CDT


-  INDICATES NEGATIVE NUMBERS.
R  INDICATES RECORD WAS SET OR TIED.
MM INDICATES DATA IS MISSING.
T  INDICATES TRACE AMOUNT.




$$
