000
CDUS43 KARX 180646
CLIRST


CLIMATE REPORT
NATIONAL WEATHER SERVICE LA CROSSE WI
143 AM CDT FRI AUG 18 2017

...THE ROCHESTER MN CLIMATE SUMMARY FOR AUGUST 17 2017...

CLIMATE NORMAL PERIOD 1981 TO 2010
CLIMATE RECORD PERIOD 1886 TO 2017

WEATHER ITEM   OBSERVED TIME   RECORD YEAR NORMAL DEPARTURE LAST
                VALUE   (LST)  VALUE       VALUE  FROM      YEAR
                                                  NORMAL
..................................................................
TEMPERATURE (F)
 YESTERDAY
  MAXIMUM         73    339 PM  99    1955  79     -6       84
  MINIMUM         61   1159 PM  45    1962  60      1       61
  AVERAGE         67                        69     -2       73

PRECIPITATION (IN)
  YESTERDAY        0.08          0.87 1940   0.16  -0.08      T
  MONTH TO DATE    3.56                      2.50   1.06     2.73
  SINCE JUN 1      9.62                     11.73  -2.11    13.57
  SINCE JAN 1     23.89                     22.17   1.72    25.26

SNOWFALL (IN)
  YESTERDAY        0.0           0.0  2012   0.0    0.0      0.0
  MONTH TO DATE    0.0                       0.0    0.0      0.0
  SINCE JUL 1      0.0                       0.0    0.0      0.0
  SNOW DEPTH       0

DEGREE DAYS
 HEATING
  YESTERDAY        0                         1     -1        0
  MONTH TO DATE   17                        14      3        0
  SINCE JUL 1     18                        25     -7        4

 COOLING
  YESTERDAY        2                         5     -3        8
  MONTH TO DATE   23                        95    -72      120
  SINCE JAN 1    384                       466    -82      520
..................................................................

WIND (MPH)
  HIGHEST WIND SPEED    28   HIGHEST WIND DIRECTION    NW (300)
  HIGHEST GUST SPEED    36   HIGHEST GUST DIRECTION    NW (300)
  AVERAGE WIND SPEED    16.5

SKY COVER
  POSSIBLE SUNSHINE  MM
  AVERAGE SKY COVER 0.9

WEATHER CONDITIONS
 THE FOLLOWING WEATHER WAS RECORDED YESTERDAY.
  LIGHT RAIN
  FOG

RELATIVE HUMIDITY (PERCENT)
 HIGHEST   100           400 AM
 LOWEST     79           400 PM
 AVERAGE    90
..........................................................

THE ROCHESTER MN CLIMATE NORMALS FOR TODAY
                         NORMAL    RECORD    YEAR
 MAXIMUM TEMPERATURE (F)   79        99      1936
 MINIMUM TEMPERATURE (F)   59        42      1915

SUNRISE AND SUNSET
AUGUST 18 2017........SUNRISE   618 AM CDT   SUNSET   809 PM CDT
AUGUST 19 2017........SUNRISE   619 AM CDT   SUNSET   807 PM CDT

-  INDICATES NEGATIVE NUMBERS.
R  INDICATES RECORD WAS SET OR TIED.
MM INDICATES DATA IS MISSING.
T  INDICATES TRACE AMOUNT.

$$

Boyne
