000
CDUS43 KARX 210758
CLIRST


CLIMATE REPORT
NATIONAL WEATHER SERVICE LA CROSSE WI
155 AM CST FRI NOV 21 2014


...................................

...THE ROCHESTER MN CLIMATE SUMMARY FOR NOVEMBER 20 2014...

CLIMATE NORMAL PERIOD 1981 TO 2010
CLIMATE RECORD PERIOD 1886 TO 2014


WEATHER ITEM   OBSERVED TIME   RECORD YEAR NORMAL DEPARTURE LAST
                VALUE   (LST)  VALUE       VALUE  FROM      YEAR
                                                  NORMAL
..................................................................
TEMPERATURE (F)
 YESTERDAY
  MAXIMUM         16    327 PM  65    1930  39    -23       39
  MINIMUM          0R  1159 PM   2    1985  24    -24       34
                                      1914
  AVERAGE          8                        31    -23       37

PRECIPITATION (IN)
  YESTERDAY        0.00          1.40 1973   0.06  -0.06     0.04
  MONTH TO DATE    0.47                      1.31  -0.84     1.67
  SINCE SEP 1      6.38                      7.00  -0.62     5.87
  SINCE JAN 1     32.57                     31.19   1.38    40.57

SNOWFALL (IN)
  YESTERDAY        0.0           5.2  1996   0.2   -0.2       T
  MONTH TO DATE    4.8                       3.1    1.7      0.5
  SINCE JUL 1      4.8                       3.9    0.9      0.5
  SNOW DEPTH       5

DEGREE DAYS
 HEATING
  YESTERDAY       57                        34     23       28
  MONTH TO DATE  779                       567    212      583
  SINCE JUL 1   1524                      1303    221     1266

 COOLING
  YESTERDAY        0                         0      0        0
  MONTH TO DATE    0                         0      0        0
  SINCE JAN 1    491                       585    -94      656
..................................................................


WIND (MPH)
  HIGHEST WIND SPEED    23   HIGHEST WIND DIRECTION    NW (300)
  HIGHEST GUST SPEED    28   HIGHEST GUST DIRECTION    NW (310)
  AVERAGE WIND SPEED    12.9


SKY COVER
  POSSIBLE SUNSHINE  MM
  AVERAGE SKY COVER 0.0


WEATHER CONDITIONS
 THE FOLLOWING WEATHER WAS RECORDED YESTERDAY.
  NO SIGNIFICANT WEATHER WAS OBSERVED.


RELATIVE HUMIDITY (PERCENT)
 HIGHEST    88           600 AM
 LOWEST     58          1100 AM
 AVERAGE    73

..........................................................


THE ROCHESTER MN CLIMATE NORMALS FOR TODAY
                         NORMAL    RECORD    YEAR
 MAXIMUM TEMPERATURE (F)   38        70      2012
 MINIMUM TEMPERATURE (F)   23        -8      1964
                                             1937


SUNRISE AND SUNSET
NOVEMBER 21 2014......SUNRISE   712 AM CST   SUNSET   439 PM CST
NOVEMBER 22 2014......SUNRISE   714 AM CST   SUNSET   438 PM CST


-  INDICATES NEGATIVE NUMBERS.
R  INDICATES RECORD WAS SET OR TIED.
MM INDICATES DATA IS MISSING.
T  INDICATES TRACE AMOUNT.




$$
