000
CDUS43 KARX 080646
CLIRST


CLIMATE REPORT
NATIONAL WEATHER SERVICE LA CROSSE WI
1246 AM CST THU DEC 8 2016


...................................

...THE ROCHESTER MN CLIMATE SUMMARY FOR DECEMBER 7 2016...

CLIMATE NORMAL PERIOD 1981 TO 2010
CLIMATE RECORD PERIOD 1886 TO 2016


WEATHER ITEM   OBSERVED TIME   RECORD YEAR NORMAL DEPARTURE LAST
                VALUE   (LST)  VALUE       VALUE  FROM      YEAR
                                                  NORMAL
..................................................................
TEMPERATURE (F)
 YESTERDAY
  MAXIMUM         19    527 PM  56    1939  30    -11       43
  MINIMUM         12   1159 PM -28    1972  15     -3       32
  AVERAGE         16                        22     -6       38

PRECIPITATION (IN)
  YESTERDAY        T             0.89 1947   0.05  -0.05     0.00
  MONTH TO DATE    0.40                      0.34   0.06     0.03
  SINCE DEC 1      0.40                      0.34   0.06     0.03
  SINCE JAN 1     41.88                     32.13   9.75    32.42

SNOWFALL (IN)
  YESTERDAY        T             7.7  1947   0.5   -0.5      0.0
  MONTH TO DATE    3.3                       2.9    0.4       T
  SINCE JUL 1      4.3                       9.8   -5.5      2.5
  SNOW DEPTH       1

DEGREE DAYS
 HEATING
  YESTERDAY       49                        43      6       27
  MONTH TO DATE  256                       289    -33      222
  SINCE JUL 1   1391                      1961   -570     1572

 COOLING
  YESTERDAY        0                         0      0        0
  MONTH TO DATE    0                         0      0        0
  SINCE JAN 1    629                       585     44      507
..................................................................


WIND (MPH)
  HIGHEST WIND SPEED    29   HIGHEST WIND DIRECTION     W (290)
  HIGHEST GUST SPEED    36   HIGHEST GUST DIRECTION     W (290)
  AVERAGE WIND SPEED    21.5


SKY COVER
  POSSIBLE SUNSHINE  MM
  AVERAGE SKY COVER 1.0


WEATHER CONDITIONS
 THE FOLLOWING WEATHER WAS RECORDED YESTERDAY.
  LIGHT SNOW
  FOG


RELATIVE HUMIDITY (PERCENT)
 HIGHEST    84           800 AM
 LOWEST     73           800 PM
 AVERAGE    79

..........................................................


THE ROCHESTER MN CLIMATE NORMALS FOR TODAY
                         NORMAL    RECORD    YEAR
 MAXIMUM TEMPERATURE (F)   29        58      1946
 MINIMUM TEMPERATURE (F)   15       -18      1947


SUNRISE AND SUNSET
DECEMBER  8 2016......SUNRISE   732 AM CST   SUNSET   432 PM CST
DECEMBER  9 2016......SUNRISE   733 AM CST   SUNSET   432 PM CST


-  INDICATES NEGATIVE NUMBERS.
R  INDICATES RECORD WAS SET OR TIED.
MM INDICATES DATA IS MISSING.
T  INDICATES TRACE AMOUNT.




$$
