000
CDUS43 KARX 260759
CLIRST


CLIMATE REPORT
NATIONAL WEATHER SERVICE LA CROSSE WI
254 AM CDT SAT JUL 26 2014

...THE ROCHESTER MN CLIMATE SUMMARY FOR JULY 25 2014...

CLIMATE NORMAL PERIOD 1981 TO 2010
CLIMATE RECORD PERIOD 1886 TO 2014

WEATHER ITEM   OBSERVED TIME   RECORD YEAR NORMAL DEPARTURE LAST
                VALUE   (LST)  VALUE       VALUE  FROM      YEAR
                                                  NORMAL
..................................................................
TEMPERATURE (F)
 YESTERDAY
  MAXIMUM         80    439 PM  97    1931  81     -1       81
  MINIMUM         62    631 AM  48    1920  61      1       59
  AVERAGE         71                        71      0       70

PRECIPITATION (IN)
  YESTERDAY        0.44          3.48 2005   0.15   0.29     0.41
  MONTH TO DATE    2.02                      3.71  -1.69     2.08
  SINCE JUN 1      8.52                      8.39   0.13     8.94
  SINCE JAN 1     19.85                     18.83   1.02    32.84

SNOWFALL (IN)
  YESTERDAY        0.0           0.0  2012   0.0    0.0      0.0
  MONTH TO DATE    0.0                       0.0    0.0      0.0
  SINCE JUL 1      0.0                       0.0    0.0      0.0
  SNOW DEPTH       0

DEGREE DAYS
 HEATING
  YESTERDAY        0                         0      0        0
  MONTH TO DATE   22                         0     22        0
  SINCE JUL 1     22                         0     22        0

 COOLING
  YESTERDAY        6                         6      0        5
  MONTH TO DATE   90                       173    -83      223
  SINCE JAN 1    260                       337    -77      379
..................................................................

WIND (MPH)
  HIGHEST WIND SPEED    21   HIGHEST WIND DIRECTION     S (180)
  HIGHEST GUST SPEED    30   HIGHEST GUST DIRECTION     S (170)
  AVERAGE WIND SPEED    11.8

SKY COVER
  POSSIBLE SUNSHINE  MM
  AVERAGE SKY COVER 0.8

WEATHER CONDITIONS
 THE FOLLOWING WEATHER WAS RECORDED YESTERDAY.
  THUNDERSTORM
  RAIN
  LIGHT RAIN
  FOG

RELATIVE HUMIDITY (PERCENT)
 HIGHEST    90          1200 AM
 LOWEST     67           400 PM
 AVERAGE    79
..........................................................

THE ROCHESTER MN CLIMATE NORMALS FOR TODAY
                         NORMAL    RECORD    YEAR
 MAXIMUM TEMPERATURE (F)   81        99      1955
 MINIMUM TEMPERATURE (F)   61        43      1911

SUNRISE AND SUNSET
JULY 26 2014..........SUNRISE   552 AM CDT   SUNSET   840 PM CDT
JULY 27 2014..........SUNRISE   553 AM CDT   SUNSET   839 PM CDT

-  INDICATES NEGATIVE NUMBERS.
R  INDICATES RECORD WAS SET OR TIED.
MM INDICATES DATA IS MISSING.
T  INDICATES TRACE AMOUNT.

$$

BOYNE
