000
CDUS43 KARX 200640
CLIRST


CLIMATE REPORT
NATIONAL WEATHER SERVICE LA CROSSE WI
140 AM CDT FRI OCT 20 2017


...................................

...THE ROCHESTER MN CLIMATE SUMMARY FOR OCTOBER 19 2017...

CLIMATE NORMAL PERIOD 1981 TO 2010
CLIMATE RECORD PERIOD 1886 TO 2017


WEATHER ITEM   OBSERVED TIME   RECORD YEAR NORMAL DEPARTURE LAST
                VALUE   (LST)  VALUE       VALUE  FROM      YEAR
                                                  NORMAL
..................................................................
TEMPERATURE (F)
 YESTERDAY
  MAXIMUM         71    325 PM  79    2003  57     14       63
                                      2000
                                      1953
  MINIMUM         37    644 AM  13    1972  38     -1       40
  AVERAGE         54                        47      7       52

PRECIPITATION (IN)
  YESTERDAY        0.00          1.45 1982   0.07  -0.07     0.00
  MONTH TO DATE    4.42                      1.49   2.93     0.72
  SINCE SEP 1      6.59                      4.94   1.65     9.82
  SINCE JAN 1     31.09                     29.13   1.96    38.09

SNOWFALL (IN)
  YESTERDAY        0.0           0.8  1992   0.0    0.0      0.0
  MONTH TO DATE    0.0                       0.2   -0.2      0.0
  SINCE JUL 1      0.0                       0.2   -0.2      0.0
  SNOW DEPTH       0

DEGREE DAYS
 HEATING
  YESTERDAY       11                        18     -7       13
  MONTH TO DATE  203                       277    -74      181
  SINCE JUL 1    355                       492   -137      258

 COOLING
  YESTERDAY        0                         0      0        0
  MONTH TO DATE    1                         4     -3        1
  SINCE JAN 1    494                       583    -89      629
..................................................................


WIND (MPH)
  HIGHEST WIND SPEED    22   HIGHEST WIND DIRECTION     S (190)
  HIGHEST GUST SPEED    26   HIGHEST GUST DIRECTION     S (190)
  AVERAGE WIND SPEED    10.8


SKY COVER
  POSSIBLE SUNSHINE  MM
  AVERAGE SKY COVER 0.0


WEATHER CONDITIONS
 THE FOLLOWING WEATHER WAS RECORDED YESTERDAY.
  NO SIGNIFICANT WEATHER WAS OBSERVED.


RELATIVE HUMIDITY (PERCENT)
 HIGHEST    85           600 AM
 LOWEST     27           200 PM
 AVERAGE    56

..........................................................


THE ROCHESTER MN CLIMATE NORMALS FOR TODAY
                         NORMAL    RECORD    YEAR
 MAXIMUM TEMPERATURE (F)   57        82      1953
 MINIMUM TEMPERATURE (F)   37        12      1952


SUNRISE AND SUNSET
OCTOBER 20 2017.......SUNRISE   731 AM CDT   SUNSET   618 PM CDT
OCTOBER 21 2017.......SUNRISE   732 AM CDT   SUNSET   616 PM CDT


-  INDICATES NEGATIVE NUMBERS.
R  INDICATES RECORD WAS SET OR TIED.
MM INDICATES DATA IS MISSING.
T  INDICATES TRACE AMOUNT.




$$
