000
CXUS53 KARX 010645
CLMRST


CLIMATE REPORT
NATIONAL WEATHER SERVICE LA CROSSE WI
145 AM CDT MON JUL 1 2013

...................................

...THE ROCHESTER CLIMATE SUMMARY FOR THE MONTH OF JUNE 2013...

CLIMATE NORMAL PERIOD 1981 TO 2010
CLIMATE RECORD PERIOD 1886 TO 2013

WEATHER         OBSERVED          NORMAL  DEPART  LAST YEAR`S
                 VALUE   DATE(S)  VALUE   FROM    VALUE  DATE(S)
                                          NORMAL
................................................................
TEMPERATURE (F)
RECORD
 HIGH             105   06/27/1934
 LOW               31   06/09/1937
HIGHEST            89   06/20        MM      MM       94  06/27
LOWEST             43   06/03        MM      MM       46  06/01
AVG. MAXIMUM     75.7              78.0    -2.3     81.8
AVG. MINIMUM     58.2              57.2     1.0     60.2
MEAN             66.9              67.6    -0.7     71.0
DAYS MAX >= 90      0               1.5    -1.5        4
DAYS MAX <= 32      0               0.0     0.0        0
DAYS MIN <= 32      0               0.0     0.0        0
DAYS MIN <= 0       0               0.0     0.0        0

PRECIPITATION (INCHES)
RECORD
 MAXIMUM        12.52   2000
 MINIMUM            T   1910
TOTALS           6.86              4.68    2.18     3.25
DAILY AVG.       0.23              0.16    0.07     0.11
DAYS >= .01        15              11.7     3.3        9
DAYS >= .10        13               7.1     5.9        4
DAYS >= .50         3               3.4    -0.4        1
DAYS >= 1.00        3               1.2     1.8        1
GREATEST
 24 HR. TOTAL    2.76   06/21 TO 06/22

SNOWFALL (INCHES)
RECORDS
 TOTAL             MM   MM
TOTALS            0.0               0.0     0.0      0.0
SINCE 7/1        74.0              51.9    22.1     20.6
SNOWDEPTH AVG.      0                MM      MM        0
DAYS >= 1.0         0               0.0     0.0        0
GREATEST
 SNOW DEPTH         0   MM                             0  MM
 24 HR TOTAL      0.0   06/30 TO 06/30

DEGREE_DAYS
HEATING TOTAL      60                52       8
 SINCE 7/1       7825              7722     103
COOLING TOTAL     126               130      -4
 SINCE 1/1        156               164      -8
.................................................................

WIND (MPH)
AVERAGE WIND SPEED              9.9
HIGHEST WIND SPEED/DIRECTION    43/290    DATE  06/22
HIGHEST GUST SPEED/DIRECTION    53/310    DATE  06/22

SKY COVER
POSSIBLE SUNSHINE (PERCENT)   MM
AVERAGE SKY COVER           0.50
NUMBER OF DAYS FAIR           11
NUMBER OF DAYS PC             13
NUMBER OF DAYS CLOUDY          6

AVERAGE RH (PERCENT)     74

WEATHER CONDITIONS. NUMBER OF DAYS WITH
THUNDERSTORM              0     MIXED PRECIP               0
HEAVY RAIN               11     RAIN                      10
LIGHT RAIN               20     FREEZING RAIN              0
LT FREEZING RAIN          0     HAIL                       1
HEAVY SNOW                0     SNOW                       0
LIGHT SNOW                0     SLEET                      0
FOG                      21     FOG W/VIS <= 1/4 MILE      3
HAZE                      7

-  INDICATES NEGATIVE NUMBERS.
R  INDICATES RECORD WAS SET OR TIED.
MM INDICATES DATA IS MISSING.
T  INDICATES TRACE AMOUNT.

$$
