000
CXUS53 KARX 010922
CLMRST


CLIMATE REPORT
NATIONAL WEATHER SERVICE LA CROSSE WI
421 AM CDT MON AUG 1 2016

...................................

...THE ROCHESTER MN CLIMATE SUMMARY FOR THE MONTH OF JULY 2016...

CLIMATE NORMAL PERIOD 1981 TO 2010
CLIMATE RECORD PERIOD 1886 TO 2016

WEATHER         OBSERVED          NORMAL  DEPART  LAST YEAR`S
                 VALUE   DATE(S)  VALUE   FROM    VALUE  DATE(S)
                                          NORMAL
................................................................
TEMPERATURE (F)
RECORD
 HIGH             108   07/14/1936
 LOW               40   07/17/1911
HIGHEST            90   07/22        MM      MM       89  07/13
                        07/21
LOWEST             52   07/03        MM      MM       50  07/02
                        07/02
AVG. MAXIMUM     80.3              81.4    -1.1     79.4
AVG. MINIMUM     62.6              61.3     1.3     59.6
MEAN             71.5              71.4     0.1     69.5
DAYS MAX >= 90      2               2.5    -0.5        0
DAYS MAX <= 32      0               0.0     0.0        0
DAYS MIN <= 32      0               0.0     0.0        0
DAYS MIN <= 0       0               0.0     0.0        0

PRECIPITATION (INCHES)
RECORD
 MAXIMUM        12.33   1978
 MINIMUM         0.41   1946
TOTALS           5.60              4.55    1.05     4.94
DAILY AVG.       0.18              0.15    0.03     0.16
DAYS >= .01        15              10.5     4.5        8
DAYS >= .10         8               6.8     1.2        6
DAYS >= .50         5               3.1     1.9        3
DAYS >= 1.00        2               1.2     0.8        2
GREATEST
 24 HR. TOTAL    1.97   07/16 TO 07/17           07/27 TO 07/28
                                                          07/28 TO 07/28
                                                          07/28 TO 07/29

SNOWFALL (INCHES)
RECORDS
 TOTAL             MM   MM
 24 HR TOTAL       MM
TOTALS            0.0               0.0     0.0      0.0
SINCE 7/1         0.0               0.0     0.0      0.0
SNOWDEPTH AVG.      0                MM      MM        0
DAYS >= TRACE       0               0.0     0.0        0
DAYS >= 1.0         0               0.0     0.0        0
GREATEST
 SNOW DEPTH         0   MM                             0
 24 HR TOTAL      0.0   MM                           0.0

DEGREE_DAYS
HEATING TOTAL       4                11      -7       17
 SINCE 7/1          4                11      -7       17
COOLING TOTAL     211               207       4      164
 SINCE 1/1        400               371      29      277
..........................................................

WIND (MPH)
AVERAGE WIND SPEED              8.6
HIGHEST WIND SPEED/DIRECTION    43/350    DATE  07/05
HIGHEST GUST SPEED/DIRECTION    57/340    DATE  07/05

SKY COVER
POSSIBLE SUNSHINE (PERCENT)   MM
AVERAGE SKY COVER           0.30
NUMBER OF DAYS FAIR           22
NUMBER OF DAYS PC              7
NUMBER OF DAYS CLOUDY          2

AVERAGE RH (PERCENT)     80

WEATHER CONDITIONS. NUMBER OF DAYS WITH
THUNDERSTORM              0     MIXED PRECIP               0
HEAVY RAIN                7     RAIN                       8
LIGHT RAIN               17     FREEZING RAIN              0
LT FREEZING RAIN          0     HAIL                       0
HEAVY SNOW                0     SNOW                       0
LIGHT SNOW                0     SLEET                      0
FOG                      21     FOG W/VIS <= 1/4 MILE      1
HAZE                      0

-  INDICATES NEGATIVE NUMBERS.
R  INDICATES RECORD WAS SET OR TIED.
MM INDICATES DATA IS MISSING.
T  INDICATES TRACE AMOUNT.

$$
