000
CXUS53 KARX 012058 RRA
CLMRST

CLIMATE REPORT
NATIONAL WEATHER SERVICE LA CROSSE WI
333 AM CST TUE MAR 1 2016

...FEBRUARY IN ROCHESTER BROUGHT ABOVE NORMAL TEMPERATURES AND BELOW
NORMAL PRECIPITATION...

THE AVERAGE TEMPERATURE IN ROCHESTER WAS 22.6 DEGREES. THIS WAS 2.3
DEGREES ABOVE NORMAL. THE AVERAGE HIGH WAS 29.0 WHILE THE AVERAGE LOW
WAS 16.2 DEGREES. THE HIGHEST TEMPERATURE FOR THE MONTH WAS 52
DEGREES ON THE 27TH. THE LOWEST TEMPERATURE IN FEBRUARY WAS
11 DEGREES BELOW ZERO WHICH OCCURRED ON THE 13.

A TOTAL OF 0.65 INCHES OF LIQUID PRECIPITATION WAS MEASURED DURING
THE MONTH OF FEBRUARY. THIS AMOUNT WAS 0.18 INCHES BELOW NORMAL. THE
GREATEST 24-HOUR PRECIPITATION TOTAL WAS 0.43 INCHES WHICH OCCURRED
ON THE 2ND AND 3RD. THERE WAS A TOTAL OF 11.1 INCHES OF SNOW DURING
THE MONTH OF FEBRUARY. THE GREATEST ONE-DAY SNOWFALL TOTAL WAS 6.7
INCHES WHICH OCCURRED ON THE 2ND OF THE MONTH.

...RECORDS...

NO RECORDS SET OR TIED.

...DISCUSSION...

DURING 11 OF THE FIRST 17 DAYS OF FEBRUARY...TEMPERATURES WERE BELOW
NORMAL.  THE COLDEST PERIOD WAS FROM THE 9TH THROUGH 14TH... WHEN
TEMPERATURES AVERAGED JUST 5.4 DEGREES.  THIS WAS 13.3 DEGREES BELOW
NORMAL.  DURING THE REMAINING 12 DAYS OF THE MONTH...TEMPERATURES
WERE ABOVE NORMAL. THE AVERAGE DURING THIS TIME PERIOD WAS 10
DEGREES ABOVE NORMAL.  FOR THE ENTIRE MONTH...TEMPERATURES AVERAGED
22.6 DEGREES.  THIS WAS 2.3 DEGREES ABOVE NORMAL.  THIS WAS THE 21ST
WARMEST FEBRUARY AND THE WARMEST SINCE 2012 WHEN THE AVERAGE WAS
27.7 DEGREES.

MOST OF THE PRECIPITATION AND SNOW FELL ON THE 2ND AND 3RD WHEN A
WINTER STORM MOVED NORTHEAST THROUGH THE REGION.  THIS STORM
PRODUCED 9.9 INCHES OF SNOW WITH A WATER EQUIVALENT OF 0.63 INCHES.
THIS WAS THE 5TH LARGEST FEBRUARY SNOWFALL AND THE LARGEST SINCE
FEBRUARY 25 2007.  THE LARGEST FEBRUARY SNOWFALL WAS 14.5 INCHES ON
FEBRUARY 27-28 1893.

...................................

...THE ROCHESTER MN CLIMATE SUMMARY FOR THE MONTH OF FEBRUARY 2016...

CLIMATE NORMAL PERIOD 1981 TO 2010
CLIMATE RECORD PERIOD 1886 TO 2016

WEATHER         OBSERVED          NORMAL  DEPART  LAST YEAR`S
                 VALUE   DATE(S)  VALUE   FROM    VALUE  DATE(S)
                                          NORMAL
................................................................
TEMPERATURE (F)
RECORD
 HIGH              63   02/17/1981
 LOW              -35   02/02/1996
HIGHEST            52   02/27        MM      MM       36  02/07
LOWEST            -11   02/13        MM      MM      -17  02/05
AVG. MAXIMUM     29.0              28.1     0.9     17.1
AVG. MINIMUM     16.2              12.4     3.8     -1.6
MEAN             22.6              20.3     2.3      7.8
DAYS MAX >= 90      0               0.0     0.0        0
DAYS MAX <= 32     16              16.3    -0.3       25
DAYS MIN <= 32     28              26.3     1.7       28
DAYS MIN <= 0       5               6.0    -1.0       16

PRECIPITATION (INCHES)
RECORD
 MAXIMUM         2.30   1915
 MINIMUM         0.04   1964
TOTALS           0.65              0.83   -0.18     0.65
DAILY AVG.       0.02                MM      MM     0.02
DAYS >= .01         8               7.9     0.1        7
DAYS >= .10         2               2.3    -0.3        3
DAYS >= .50         0               0.3    -0.3        0
DAYS >= 1.00        0               0.0     0.0        0
GREATEST
 24 HR. TOTAL    0.43   02/02 TO 02/03           01/31 TO 02/01
                                                          02/01 TO 02/01
                                                          02/01 TO 02/01

SNOWFALL (INCHES)
RECORDS
 TOTAL           20.1   2007
 24 HR TOTAL       MM
TOTALS           11.1               8.5     2.6     10.6
SINCE 7/1        32.5              39.9    -7.4     38.0
SNOWDEPTH AVG.      7                MM      MM        8
DAYS >= TRACE      15               7.5     7.5       12
DAYS >= 1.0         3               2.7     0.3        4
GREATEST
 SNOW DEPTH        13   02/04                         10
                        02/03
 24 HR TOTAL      6.7   MM                           3.9

DEGREE_DAYS
HEATING TOTAL    1223              1253     -30     1594
 SINCE 7/1       5200              5901    -701     6295
COOLING TOTAL       0                 0       0        0
 SINCE 1/1          0                 0       0        0
..................................................

WIND (MPH)
AVERAGE WIND SPEED              13.4
HIGHEST WIND SPEED/DIRECTION    40/270    DATE  02/19
HIGHEST GUST SPEED/DIRECTION    50/260    DATE  02/19

SKY COVER
POSSIBLE SUNSHINE (PERCENT)   MM
AVERAGE SKY COVER           0.60
NUMBER OF DAYS FAIR            6
NUMBER OF DAYS PC             13
NUMBER OF DAYS CLOUDY         10

AVERAGE RH (PERCENT)     79

WEATHER CONDITIONS. NUMBER OF DAYS WITH
THUNDERSTORM              0     MIXED PRECIP               0
HEAVY RAIN                0     RAIN                       0
LIGHT RAIN                3     FREEZING RAIN              0
LT FREEZING RAIN          3     HAIL                       0
HEAVY SNOW                2     SNOW                       3
LIGHT SNOW               15     SLEET                      0
FOG                      20     FOG W/VIS <= 1/4 MILE      4
HAZE                      8

-  INDICATES NEGATIVE NUMBERS.
R  INDICATES RECORD WAS SET OR TIED.
MM INDICATES DATA IS MISSING.
T  INDICATES TRACE AMOUNT.

$$

BOYNE
